{"id":100,"date":"2022-03-23T18:21:26","date_gmt":"2022-03-23T18:21:26","guid":{"rendered":"http:\/\/calafat.cat\/?page_id=100"},"modified":"2022-05-10T12:46:44","modified_gmt":"2022-05-10T12:46:44","slug":"prolegs-i-propostes-didactiques","status":"publish","type":"page","link":"https:\/\/calafat.cat\/index.php\/per-generes\/prolegs-i-propostes-didactiques\/","title":{"rendered":"Pr\u00f2legs i propostes did\u00e0ctiques"},"content":{"rendered":"\t\t<div data-elementor-type=\"wp-page\" data-elementor-id=\"100\" class=\"elementor elementor-100\">\n\t\t\t\t\t\t\t\t\t<section class=\"elementor-section elementor-top-section elementor-element elementor-element-565c988 elementor-section-boxed elementor-section-height-default elementor-section-height-default\" data-id=\"565c988\" data-element_type=\"section\">\n\t\t\t\t\t\t<div class=\"elementor-container elementor-column-gap-default\">\n\t\t\t\t\t<div class=\"elementor-column elementor-col-100 elementor-top-column elementor-element elementor-element-7390fb5e\" data-id=\"7390fb5e\" data-element_type=\"column\">\n\t\t\t<div class=\"elementor-widget-wrap elementor-element-populated\">\n\t\t\t\t\t\t\t\t<div class=\"elementor-element elementor-element-7127bf20 elementor-widget elementor-widget-text-editor\" data-id=\"7127bf20\" data-element_type=\"widget\" data-widget_type=\"text-editor.default\">\n\t\t\t\t<div class=\"elementor-widget-container\">\n\t\t\t<style>\/*! elementor - v3.12.2 - 23-04-2023 *\/\n.elementor-widget-text-editor.elementor-drop-cap-view-stacked .elementor-drop-cap{background-color:#69727d;color:#fff}.elementor-widget-text-editor.elementor-drop-cap-view-framed .elementor-drop-cap{color:#69727d;border:3px solid;background-color:transparent}.elementor-widget-text-editor:not(.elementor-drop-cap-view-default) .elementor-drop-cap{margin-top:8px}.elementor-widget-text-editor:not(.elementor-drop-cap-view-default) .elementor-drop-cap-letter{width:1em;height:1em}.elementor-widget-text-editor .elementor-drop-cap{float:left;text-align:center;line-height:1;font-size:50px}.elementor-widget-text-editor .elementor-drop-cap-letter{display:inline-block}<\/style>\t\t\t\t<!-- wp:paragraph -->\n<p><a href=\"http:\/\/calafat.cat\/index.php\/actes-del-primer-simposi-internacional-de-narrativa-breu\/\">Actes del primer simposi internacional de narrativa breu<\/a><\/p>\n<!-- \/wp:paragraph --><!-- wp:image {\"id\":494,\"sizeSlug\":\"full\",\"linkDestination\":\"none\"} -->\n<figure class=\"wp-block-image size-full\"><img loading=\"lazy\" decoding=\"async\" width=\"50\" height=\"50\" class=\"wp-image-494\" src=\"http:\/\/calafat.cat\/wp-content\/uploads\/2022\/03\/500.jpeg\" alt=\"\" \/><\/figure>\n<!-- \/wp:image --><!-- wp:paragraph -->\n<p>La literatura catalana moderna compta amb una hist\u00f2ria de narrativa breu molt estimable. Aquest inter\u00e8s dels narradors no sempre ha tingut el mateix inter\u00e8s per la cr\u00edtica.<\/p>\n<!-- \/wp:paragraph --><!-- wp:paragraph -->\n<p><a href=\"http:\/\/calafat.cat\/index.php\/dotze-poetes-joves-valencians\/\">Dotze poetes joves valencians<\/a><\/p>\n<!-- \/wp:paragraph --><!-- wp:image {\"id\":496,\"sizeSlug\":\"full\",\"linkDestination\":\"none\"} -->\n<figure class=\"wp-block-image size-full\"><img loading=\"lazy\" decoding=\"async\" width=\"50\" height=\"50\" class=\"wp-image-496\" src=\"http:\/\/calafat.cat\/wp-content\/uploads\/2022\/03\/501.jpeg\" alt=\"\" \/><\/figure>\n<!-- \/wp:image --><!-- wp:paragraph -->\n<p>Sempre n\u2019hi hagut, sempre n\u2019hi haur\u00e0, d\u2019antologies. La poesia \u00e9s un g\u00e8nere que es presta molt b\u00e9 a aquesta mena de jocs editorials. Perqu\u00e8 encara que puga ser considerat un error, \u00e9s un error necessari.<\/p>\n<!-- \/wp:paragraph --><!-- wp:paragraph -->\n<p><a href=\"http:\/\/calafat.cat\/index.php\/el-conte-a-valencia\/\">El conte a Val\u00e8ncia<\/a><\/p>\n<!-- \/wp:paragraph --><!-- wp:image {\"id\":497,\"sizeSlug\":\"full\",\"linkDestination\":\"none\"} -->\n<figure class=\"wp-block-image size-full\"><img loading=\"lazy\" decoding=\"async\" width=\"50\" height=\"50\" class=\"wp-image-497\" src=\"http:\/\/calafat.cat\/wp-content\/uploads\/2022\/03\/502.jpeg\" alt=\"\" \/><\/figure>\n<!-- \/wp:image --><!-- wp:paragraph -->\n<p>1. El conte com a g\u00e8nere aut\u00f2nom<sup>1<\/sup>. Als estudiants se&#8217;ls demana sovint la definici\u00f3 de conceptes literaris, com ara qu\u00e8 \u00e9s la literatura, qu\u00e8 \u00e9s la novel\u00b7la, la poesia o el conte. I alguns professors s&#8217;obstinen a cercar-ne una definici\u00f3 il\u00b7luminadora, definitiva.<\/p>\n<!-- \/wp:paragraph --><!-- wp:paragraph -->\n<p><a href=\"http:\/\/calafat.cat\/index.php\/guia-de-lectura-de-lilla-amb-llunes-2\/\">Guia de lectura de L&#8217;Illa amb llunes<\/a><\/p>\n<!-- \/wp:paragraph --><!-- wp:image {\"id\":498,\"sizeSlug\":\"full\",\"linkDestination\":\"none\"} -->\n<figure class=\"wp-block-image size-full\"><img loading=\"lazy\" decoding=\"async\" width=\"50\" height=\"50\" class=\"wp-image-498\" src=\"http:\/\/calafat.cat\/wp-content\/uploads\/2022\/03\/503.jpeg\" alt=\"\" \/><\/figure>\n<!-- \/wp:image --><!-- wp:paragraph -->\n<p>L&#8217;AUTOR. Marc Granell va n\u00e0ixer a Val\u00e8ncia en la d\u00e8cada dels cinquanta, temps en qu\u00e8 es consolidava el r\u00e8gim franquista.<\/p>\n<!-- \/wp:paragraph --><!-- wp:paragraph -->\n<p><a href=\"http:\/\/calafat.cat\/index.php\/ntroduccio-a-olga-de-chiara-zocchi\/\">Introducci\u00f3 a \u00abOlga\u00bb de Chiara Zocchi<\/a><\/p>\n<!-- \/wp:paragraph --><!-- wp:image {\"id\":499,\"sizeSlug\":\"full\",\"linkDestination\":\"none\"} -->\n<figure class=\"wp-block-image size-full\"><img loading=\"lazy\" decoding=\"async\" width=\"50\" height=\"50\" class=\"wp-image-499\" src=\"http:\/\/calafat.cat\/wp-content\/uploads\/2022\/03\/504.jpeg\" alt=\"\" \/><\/figure>\n<!-- \/wp:image --><!-- wp:paragraph -->\n<p>La infantesa i l&#8217;adolesc\u00e8ncia han sigut sempre una permanent font d&#8217;inspiraci\u00f3 per als escriptors. En la novel\u00b7la cl\u00e0ssica es presentaven amb un cert distanciament; normalment, corresponia a un protagonista adult evocar els seus records d&#8217;infantesa.<\/p>\n<!-- \/wp:paragraph --><!-- wp:paragraph -->\n<p><a href=\"http:\/\/calafat.cat\/index.php\/presentacio-de-el-conte-a-valencia-2\/\">Presentaci\u00f3 de \u00abEl conte a Val\u00e8ncia\u00bb<\/a><\/p>\n<!-- \/wp:paragraph --><!-- wp:image {\"id\":500,\"sizeSlug\":\"full\",\"linkDestination\":\"none\"} -->\n<figure class=\"wp-block-image size-full\"><img loading=\"lazy\" decoding=\"async\" width=\"50\" height=\"50\" class=\"wp-image-500\" src=\"http:\/\/calafat.cat\/wp-content\/uploads\/2022\/03\/505.jpeg\" alt=\"\" \/><\/figure>\n<!-- \/wp:image --><!-- wp:paragraph -->\n<p>Es publiquen prou antologies. Sobretot po\u00e8tiques. De contes n\u2019hi ha menys, si m\u00e9s no entre nosaltres. Les antologies tenen els seus inconvenients i les seues bondats.<\/p>\n<!-- \/wp:paragraph --><!-- wp:paragraph -->\n<p><a href=\"http:\/\/calafat.cat\/index.php\/proleg-a-gargots-antologia-de-textos\/\">Pr\u00f2leg a &#8216;Gargots. Antologia de textos&#8217;<\/a><\/p>\n<!-- \/wp:paragraph --><!-- wp:image {\"id\":501,\"sizeSlug\":\"full\",\"linkDestination\":\"none\"} -->\n<figure class=\"wp-block-image size-full\"><img loading=\"lazy\" decoding=\"async\" width=\"50\" height=\"33\" class=\"wp-image-501\" src=\"http:\/\/calafat.cat\/wp-content\/uploads\/2022\/03\/506.jpg\" alt=\"\" \/><\/figure>\n<!-- \/wp:image --><!-- wp:paragraph -->\n<p>Les p\u00e0gines que segueixen arrepleguen setze textos de setze escriptors joves apareguts en la revista digital <em>Gargots<\/em>, tota una sorpresa en el panorama literari valenci\u00e0, perqu\u00e8 des de feia anys i panys no apareixia en els corredors de la Facultat de Filologia, Comunicaci\u00f3 i Traducci\u00f3 de Va<\/p>\n<!-- \/wp:paragraph --><!-- wp:paragraph -->\n<p><a href=\"http:\/\/calafat.cat\/index.php\/propostes-didactiques-per-a-ombres-en-la-nit\/\">Propostes did\u00e0ctiques per a \u00abOmbres en la nit\u00bb<\/a><\/p>\n<!-- \/wp:paragraph --><!-- wp:image {\"id\":502,\"sizeSlug\":\"full\",\"linkDestination\":\"none\"} -->\n<figure class=\"wp-block-image size-full\"><img loading=\"lazy\" decoding=\"async\" width=\"50\" height=\"50\" class=\"wp-image-502\" src=\"http:\/\/calafat.cat\/wp-content\/uploads\/2022\/03\/507.jpeg\" alt=\"\" \/><\/figure>\n<!-- \/wp:image --><!-- wp:paragraph -->\n<p>INTRODUCCI\u00d3<br \/>Per a aprofundir en l\u2019obra i que la lectura resulte m\u00e9s suggeridora et plantegem tot un seguit de propostes obertes, canviables i modificables segons els nivells educatius, els<\/p>\n<!-- \/wp:paragraph -->\t\t\t\t\t\t<\/div>\n\t\t\t\t<\/div>\n\t\t\t\t\t<\/div>\n\t\t<\/div>\n\t\t\t\t\t\t\t<\/div>\n\t\t<\/section>\n\t\t\t\t\t\t\t<\/div>\n\t\t","protected":false},"excerpt":{"rendered":"<p>Actes del primer simposi internacional de narrativa breu La literatura catalana moderna compta amb una hist\u00f2ria de narrativa breu molt estimable. Aquest inter\u00e8s dels narradors no sempre ha tingut el mateix inter\u00e8s per la cr\u00edtica. Dotze poetes joves valencians Sempre n\u2019hi hagut, sempre n\u2019hi haur\u00e0, d\u2019antologies. La poesia \u00e9s un g\u00e8nere que es presta molt &#8230; <a title=\"Pr\u00f2legs i propostes did\u00e0ctiques\" class=\"read-more\" href=\"https:\/\/calafat.cat\/index.php\/per-generes\/prolegs-i-propostes-didactiques\/\" aria-label=\"M\u00e1s en Pr\u00f2legs i propostes did\u00e0ctiques\">Leer m\u00e1s<\/a><\/p>\n","protected":false},"author":1,"featured_media":0,"parent":85,"menu_order":0,"comment_status":"closed","ping_status":"closed","template":"","meta":{"footnotes":""},"class_list":["post-100","page","type-page","status-publish"],"_links":{"self":[{"href":"https:\/\/calafat.cat\/index.php\/wp-json\/wp\/v2\/pages\/100","targetHints":{"allow":["GET"]}}],"collection":[{"href":"https:\/\/calafat.cat\/index.php\/wp-json\/wp\/v2\/pages"}],"about":[{"href":"https:\/\/calafat.cat\/index.php\/wp-json\/wp\/v2\/types\/page"}],"author":[{"embeddable":true,"href":"https:\/\/calafat.cat\/index.php\/wp-json\/wp\/v2\/users\/1"}],"replies":[{"embeddable":true,"href":"https:\/\/calafat.cat\/index.php\/wp-json\/wp\/v2\/comments?post=100"}],"version-history":[{"count":6,"href":"https:\/\/calafat.cat\/index.php\/wp-json\/wp\/v2\/pages\/100\/revisions"}],"predecessor-version":[{"id":2552,"href":"https:\/\/calafat.cat\/index.php\/wp-json\/wp\/v2\/pages\/100\/revisions\/2552"}],"up":[{"embeddable":true,"href":"https:\/\/calafat.cat\/index.php\/wp-json\/wp\/v2\/pages\/85"}],"wp:attachment":[{"href":"https:\/\/calafat.cat\/index.php\/wp-json\/wp\/v2\/media?parent=100"}],"curies":[{"name":"wp","href":"https:\/\/api.w.org\/{rel}","templated":true}]}}