{"id":1067,"date":"2022-04-13T08:00:48","date_gmt":"2022-04-13T08:00:48","guid":{"rendered":"http:\/\/calafat.cat\/?page_id=1067"},"modified":"2022-05-17T09:04:49","modified_gmt":"2022-05-17T09:04:49","slug":"renaixer-de-les-cendres","status":"publish","type":"page","link":"https:\/\/calafat.cat\/index.php\/renaixer-de-les-cendres\/","title":{"rendered":"Ren\u00e0ixer de les cendres"},"content":{"rendered":"\n<div class=\"wp-block-columns alignwide is-layout-flex wp-container-core-columns-is-layout-9d6595d7 wp-block-columns-is-layout-flex\">\n<div class=\"wp-block-column is-layout-flow wp-block-column-is-layout-flow\" style=\"flex-basis:50%\">\n<p>Manel Rodr\u00edguez-Castell\u00f3, des del 1978, any en qu\u00e8 va guanyar el premi Vicent Andr\u00e9s Estell\u00e9s amb <em>La ciutat del tr\u00e0ngol<\/em>, amb la publicaci\u00f3 de vuit llibres ha elaborat una veu ben personal. La seua obra es va dirigir progressivament, amb un fort nervi vital, cap a l\u2019exuber\u00e0ncia verbal, l\u2019obertura sem\u00e0ntica del vers i l\u2019exploraci\u00f3 formal, com es pot veure en <em>De foc i danses<\/em> (1987), <em>L\u2019acr\u00f2bata dels pont<\/em>s (1989) \u2013segurament un dels seus t\u00edtols m\u00e9s emblem\u00e0tics\u2013, i Erosions (1994). La combinaci\u00f3 i alternan\u00e7a de la tend\u00e8ncia a l\u2019abstracci\u00f3 amb el gust per les coses concretes arriba a punts de maduresa l\u00edrica en <em>Humus<\/em> (2003), on l\u2019autor obri la seua mirada a la barb\u00e0rie humana a trav\u00e9s d\u2019una cantata sobre l\u2019horror dels diversos conflictes b\u00e8l\u00b7lics produ\u00efts a Europa al llarg del segle XX. La consci\u00e8ncia de les cat\u00e0strofes i la urg\u00e8ncia d\u2019una actitud critica davant la realitat i un present erosionat i devastat \u00e9s constant des de llavors en els seus versos, unes vegades d\u2019una manera directa, unes altres de manera impl\u00edcita. En <em>Lletra per a un \u00e0lbum<\/em> (2005) el poeta se centra en bona part en la mem\u00f2ria de les etapes vitals de la infantesa i de la joventut i en l\u2019\u00e0mbit dels afectes familiars amb l\u2019objectiu d\u2019indagar en el m\u00f3n interior i en la identitat personal. En aquesta introspecci\u00f3 l\u00edrica, l\u2019autor depura el seu estil, amb un vers m\u00e9s equilibrat aconseguit sovint a trav\u00e9s d\u2019un aprofundiment en l\u2019\u00e0mbit reflexiu i de l\u2019elaboraci\u00f3 d\u2019una sensualitat a partir de la mat\u00e8ria i d\u2019escenes quotidianes.<\/p>\n\n\n\n<p>En <em>Estranyament<\/em>, poemari guanyador del premi Ausi\u00e0s March de Gandia, el lector trobar\u00e0 concentrades les virtuts de la poesia de Manuel Rodr\u00edguez-Castell\u00f3. Tot i que no \u00e9s un llibre unitari, ja que reuneix materials dels darrers anys, est\u00e0 ordenat en un conjunt ben coherent i, com acabem d\u2019apuntar fa un instant, hi podem llegir poemes i versos d\u2019altura notable. El t\u00edtol, d\u2019entrada, \u00e9s ben suggestiu, perqu\u00e8 indica, entre altres coses, estranyesa, sorpresa, allunyament\u2026 Colp vital i distanciament, agafats de la m\u00e0, condueixen a reflexionar i a bastir el propi univers po\u00e8tic i una visi\u00f3 sobre les coses. En una obra d\u2019intenci\u00f3 variada, els al\u00b7licients s\u00f3n m\u00faltiples. Veurem poemes dedicats a moments concrets, una <em>suite<\/em> que gira al voltant dels lligams amb els fills, amb la consci\u00e8ncia que la vida amb la mort dels familiars i l\u2019arribada dels fills es topeta amb vida com una carretera de doble sentit: un d\u2019arribada i altre de comiat. Per\u00f2 podrem observar que els poemes de l\u2019escriptor d\u2019Alcoi s\u00f3n travessats per la viv\u00e8ncia de \u201cla mat\u00e8ria amarga del temps\u201d, \u201cper l\u2019infern quotidi\u00e0 dels malsons\u201d personals i socials. Amb tot, aquesta comprovaci\u00f3 no paralitza l\u2019autor i ni el du a recrear-se en la lamentaci\u00f3 permanent ni en el ploriqueig; m\u00e9s aviat tracta de fer-los servir com a est\u00edmuls d\u2019un nou impuls. Aix\u00ed, en l\u2019esfera social, cal el crit i l\u2019acci\u00f3 cr\u00edtica: \u201cno temeu ser flor d\u2019un dia \/ mentre sembreu els vents de llavor insurrecta\u201d. En el cercle personal, els homes s\u2019adonen dels fracassos, de la \u201cinanitat dels dies\u201d, de les desesperances, per\u00f2 \u201ccom cada dia comen\u00e7a\u201d un \u201cviatge\u201d diferent, trauen forces de les mis\u00e8ries acumulades, de les ferides patides. Per aquest motiu, \u201cl\u2019amor naix en el llot de les paraules\u201d. La vida es perpetua i renaix en cada batec pel fet que els humans pouen \u201cnous ecos\u201d en l\u2019obsessi\u00f3 de pensar els errors comesos i els abismes entrevistos, perqu\u00e8 entre el viscut i el pensat, entre l\u2019espera i el desig \u201chi ha el par\u00e8ntesi que \u00e9s el p\u00e0lpit de l\u2019\u00e9sser\u201d. En l\u2019aventura dels dies, el record i el somni s\u00f3n els exercicis constants que enforteixen l\u2019\u201c\u00e0nsia\u201d i neutralitzen la malenconia i la recan\u00e7a. En el bastiment de l\u2019horitz\u00f3 personal, t\u00e9 un pes clau el llenguatge, la literatura, que ajuda la persona a dibuixar el seu perfil, ja que li permet \u201cforjar la forma del sentit \/ amb el sentit de la forma\u201d.<\/p>\n\n\n\n<p>En <em>Estranyament<\/em> descobrirem m\u00e9s matisos del que hem apuntat, per\u00f2 confiem que les paraules dites puguen servir d\u2019orientaci\u00f3 per a acostar-se a un llibre de versos ben modulats, d\u2019una musicalitat orquestrada amb naturalitat que cerca colpir el lector amb emocions i intensitats.<\/p>\n\n\n\n<p>EL PA\u00cdS, QUADERN, 19\/02\/2014 <\/p>\n\n\n\n<p>Descarrega&#8217;t l&#8217;original:\u00a0<img decoding=\"async\" src=\"http:\/\/calafat.cat\/modules\/file\/icons\/application-pdf.png\" alt=\"PDF icon\"><a href=\"http:\/\/calafat.cat\/sites\/default\/files\/renaixer-de-les-cendres.pdf\">renaixer-de-les-cendres.pdf<\/a><\/p>\n\n\n\n<p><a rel=\"noreferrer noopener\" href=\"http:\/\/calafat.cat\/#facebook\" target=\"_blank\">Facebook<\/a><a rel=\"noreferrer noopener\" href=\"http:\/\/calafat.cat\/#twitter\" target=\"_blank\"><\/a><a rel=\"noreferrer noopener\" href=\"http:\/\/calafat.cat\/#twitter\" target=\"_blank\">Twitter<\/a><a href=\"https:\/\/www.addtoany.com\/share#url=http%3A%2F%2Fcalafat.cat%2Farticles%2Frenaixer-de-les-cendres&amp;title=Ren%C3%A0ixer%20de%20les%20cendres\"><\/a><a href=\"https:\/\/www.addtoany.com\/share#url=http%3A%2F%2Fcalafat.cat%2Farticles%2Frenaixer-de-les-cendres&amp;title=Ren%C3%A0ixer%20de%20les%20cendres\">Comparteix a<\/a><\/p>\n\n\n\n<p>Articles recents:\u00a0<\/p>\n\n\n\n<p><a href=\"http:\/\/calafat.cat\/index.php\/els-fulgors-del-vertigen\/\" data-type=\"page\" data-id=\"1056\">Els fulgors del vertigen<\/a><\/p>\n\n\n\n<p><a href=\"http:\/\/calafat.cat\/index.php\/viure-es-cremar-anar-cremant-se\/\" data-type=\"page\" data-id=\"1038\">Viure \u00e9s cremar, anar cremant-se<\/a><\/p>\n\n\n\n<p><a href=\"http:\/\/calafat.cat\/index.php\/un-ambit-dambits-literaris\/\" data-type=\"page\" data-id=\"1040\">Un \u00e0mbit d\u2019\u00e0mbits literaris<\/a><\/p>\n<\/div>\n\n\n\n<div class=\"wp-block-column is-layout-flow wp-block-column-is-layout-flow\" style=\"flex-basis:50%\">\n<figure class=\"wp-block-image size-full\"><img loading=\"lazy\" decoding=\"async\" width=\"379\" height=\"379\" src=\"http:\/\/calafat.cat\/wp-content\/uploads\/2022\/05\/renaixer-de-les-cendres.jpg\" alt=\"\" class=\"wp-image-3607\" srcset=\"https:\/\/calafat.cat\/wp-content\/uploads\/2022\/05\/renaixer-de-les-cendres.jpg 379w, https:\/\/calafat.cat\/wp-content\/uploads\/2022\/05\/renaixer-de-les-cendres-300x300.jpg 300w, https:\/\/calafat.cat\/wp-content\/uploads\/2022\/05\/renaixer-de-les-cendres-150x150.jpg 150w\" sizes=\"auto, (max-width: 379px) 100vw, 379px\" \/><figcaption>Portada del llibre<br><br>Estranyament. Manel Rodr\u00edguez-Castell\u00f3. Edicions 62, Barcelona, 2013. 104 p\u00e0gs.<br><br>Etiquetes:\u00a0<a href=\"http:\/\/calafat.cat\/index.php\/2014-2\/\" data-type=\"page\" data-id=\"2177\">2014<\/a> <a href=\"http:\/\/calafat.cat\/index.php\/publicat-a\/el-pais\/\" data-type=\"page\" data-id=\"108\">El Pa\u00eds<\/a> <a href=\"http:\/\/calafat.cat\/index.php\/per-generes\/poesia\/\" data-type=\"page\" data-id=\"98\">Poesia<\/a><\/figcaption><\/figure>\n<\/div>\n<\/div>\n","protected":false},"excerpt":{"rendered":"<p>Manel Rodr\u00edguez-Castell\u00f3, des del 1978, any en qu\u00e8 va guanyar el premi Vicent Andr\u00e9s Estell\u00e9s amb La ciutat del tr\u00e0ngol, amb la publicaci\u00f3 de vuit llibres ha elaborat una veu ben personal. La seua obra es va dirigir progressivament, amb un fort nervi vital, cap a l\u2019exuber\u00e0ncia verbal, l\u2019obertura sem\u00e0ntica del vers i l\u2019exploraci\u00f3 formal, &#8230; <a title=\"Ren\u00e0ixer de les cendres\" class=\"read-more\" href=\"https:\/\/calafat.cat\/index.php\/renaixer-de-les-cendres\/\" aria-label=\"M\u00e1s en Ren\u00e0ixer de les cendres\">Leer m\u00e1s<\/a><\/p>\n","protected":false},"author":1,"featured_media":0,"parent":0,"menu_order":0,"comment_status":"closed","ping_status":"closed","template":"","meta":{"footnotes":""},"class_list":["post-1067","page","type-page","status-publish"],"_links":{"self":[{"href":"https:\/\/calafat.cat\/index.php\/wp-json\/wp\/v2\/pages\/1067","targetHints":{"allow":["GET"]}}],"collection":[{"href":"https:\/\/calafat.cat\/index.php\/wp-json\/wp\/v2\/pages"}],"about":[{"href":"https:\/\/calafat.cat\/index.php\/wp-json\/wp\/v2\/types\/page"}],"author":[{"embeddable":true,"href":"https:\/\/calafat.cat\/index.php\/wp-json\/wp\/v2\/users\/1"}],"replies":[{"embeddable":true,"href":"https:\/\/calafat.cat\/index.php\/wp-json\/wp\/v2\/comments?post=1067"}],"version-history":[{"count":2,"href":"https:\/\/calafat.cat\/index.php\/wp-json\/wp\/v2\/pages\/1067\/revisions"}],"predecessor-version":[{"id":3608,"href":"https:\/\/calafat.cat\/index.php\/wp-json\/wp\/v2\/pages\/1067\/revisions\/3608"}],"wp:attachment":[{"href":"https:\/\/calafat.cat\/index.php\/wp-json\/wp\/v2\/media?parent=1067"}],"curies":[{"name":"wp","href":"https:\/\/api.w.org\/{rel}","templated":true}]}}