{"id":1136,"date":"2022-04-13T12:28:53","date_gmt":"2022-04-13T12:28:53","guid":{"rendered":"http:\/\/calafat.cat\/?page_id=1136"},"modified":"2022-05-11T13:46:07","modified_gmt":"2022-05-11T13:46:07","slug":"lexaltacio-meditada-dun-artista-2","status":"publish","type":"page","link":"https:\/\/calafat.cat\/index.php\/lexaltacio-meditada-dun-artista-2\/","title":{"rendered":"L&#8217;exaltaci\u00f3 meditada d&#8217;un artista"},"content":{"rendered":"\n<div class=\"wp-block-columns alignwide is-layout-flex wp-container-core-columns-is-layout-9d6595d7 wp-block-columns-is-layout-flex\">\n<div class=\"wp-block-column is-layout-flow wp-block-column-is-layout-flow\" style=\"flex-basis:50%\">\n<p>Del vendaval que va significar l&#8217;informalisme en els anys de la postguerra, que va obrir nous camins en la pintura, potser en queda poca cosa. En tot cas, pertany a la hist\u00f2ria de la pintura. Per\u00f2, com sempre, hi ha excepcions que sobreviuen al moviment en qu\u00e8 sorgiren per estar els seus conreadors tan avesats que la seua imaginaci\u00f3 queda protegida de l&#8217;erosi\u00f3 del temps. R\u00e0fols-Casamada, al meu modest entendre, \u00e9s un d&#8217;aquests artistes.<\/p>\n\n\n\n<p>Als seus setanta-un anys es podria suposar que el pintor va entrant en una etapa en qu\u00e8 es pot viure dels llorers de la seua obra passada, per\u00f2 la seua activitat pl\u00e0stica i liter\u00e0ria constant evidencia que la paraula jubilaci\u00f3, aplicada als vertaders artistes, \u00e9s si m\u00e9s no una impertin\u00e8ncia. Una bona ra\u00f3 perqu\u00e8 se li dedique un magn\u00edfic llibre &#8211;<em>Veure \u00e9s sentir<\/em>&#8211; on es valora la personalitat i la traject\u00f2ria d&#8217;un artista proteic, capa\u00e7 de fer conviure en la seua creaci\u00f3 l&#8217;her\u00e8ncia avantguardista i l&#8217;anhel cl\u00e0ssic. A l&#8217;igual d&#8217;altres pintors del segle vint, la seua sensibilitat creativa no s&#8217;ha limitat a la pintura i ha conreat la poesia i la prosa. El llibre mostra la imatge d&#8217;un creador discret i pulcre, d&#8217;una immensa curiositat; d&#8217;una obra que \u00e9s el resultat d&#8217;una imperiosa necessitat de crear i de convertir en art les impressions produ\u00efdes per l&#8217;observaci\u00f3 de la realitat.<\/p>\n\n\n\n<p>D&#8217;altra banda,&nbsp;<em>D&#8217;un mateix tra\u00e7<\/em>, dietari corresponent a 1978-1982, \u00e9s una prova m\u00e9s de l&#8217;energia vital que abans coment\u00e0vem, i obliga a recon\u00e8ixer que l&#8217;art R\u00e0fols-Casamada s&#8217;origina en les interseccions entre la paraula i la imatge. En les seues paraules -essencialment en la seua poesia- veiem sorgir, de sobte, les imatges. Altrament: en veure els colors dels llen\u00e7os els escoltem com si foren remors d&#8217;un llengua imperceptible. Els colors, els espais i els versos s&#8217;enlla\u00e7en i s&#8217;allunyen, regits pel ritme po\u00e8tic, il\u00b7luminant la tela i omplint el full, com si foren reflectors de les emocions evocades per l&#8217;artista. D&#8217;aquesta manera, l&#8217;obra pict\u00f2rica i l&#8217;obra escrita no corresponen a impulsos diferents; sorgeixen d&#8217;un mateix tra\u00e7 creatiu: unes vegades en pintura i d&#8217;altres en escriptura.<\/p>\n\n\n\n<p>El dietari recull moments fuga\u00e7os de la vida quotidiana, idees molt diverses, breus apunts \u00edntims, intel\u00b7ligents aforismes, impressions de viatges a Europa Central, M\u00e8xic i Estats Units. Les reflexions a cop calent sobre la pintura i la poesia constitueixen la part m\u00e9s voluminosa i atractiva del llibre: les temptatives per dilucidar les motiva-cions art\u00edstiques, les intu\u00efcions que originen les obres, els dubtes, el q\u00fcestionament constant dels problemes formals. Observem com moltes obres s\u00f3n una condensaci\u00f3 de la realitat, condu\u00efda pels espais i els colors. I permet de comprendre l&#8217;abstracci\u00f3 com una forma de generalitzaci\u00f3, de plasmar de manera sint\u00e8tica i senzilla les emocions essencials que la percepci\u00f3 motiva, el lirisme crom\u00e0tic de la descripci\u00f3 del paisatge.<\/p>\n\n\n\n<p>Si en alguna cosa es diferencia R\u00e0fols-Casamada d&#8217;altres pintors que parlen de pintura moderna \u00e9s perqu\u00e8 defuig les elucubracions transcendentals i l&#8217;espessor conceptual. Les seues explicacions s\u00f3n precises i sovint es concentra a analitzar detalls i obres concretes; ben notables resulten aix\u00ed els comentaris aguts sobre l&#8217;obra de pintors com ara Matisse o Picasso, per posar nom\u00e9s dos exemples.<\/p>\n\n\n\n<p>L&#8217;inter\u00e8s del dietari rau en la sensibilitat i el bon gust de R\u00e0fols-Casamada, producte d&#8217;un refinada cultura projectada en una prosa ajustada, elegant i plena d&#8217;est\u00edmuls per al lector; en el fet de ser l&#8217;itinerari d&#8217;un personatge sobri i receptiu a les palpitacions de la vida, d&#8217;un home que observa, interioritza i persegueix l&#8217;harmonia de les tensions en una obra d&#8217;intensa simplicitat: d&#8217;un artista que paga la pena llegir i contemplar.<\/p>\n\n\n\n<p>Descarrega&#8217;t l&#8217;original:\u00a0<img decoding=\"async\" src=\"http:\/\/calafat.cat\/modules\/file\/icons\/application-pdf.png\" alt=\"PDF icon\"><a href=\"http:\/\/calafat.cat\/sites\/default\/files\/lexaltacio-meditada-dun-artista.pdf\">lexaltacio-meditada-dun-artista.pdf<\/a><\/p>\n\n\n\n<p><a rel=\"noreferrer noopener\" href=\"http:\/\/calafat.cat\/#facebook\" target=\"_blank\">Facebook<\/a>\u00a0<a rel=\"noreferrer noopener\" href=\"http:\/\/calafat.cat\/#twitter\" target=\"_blank\">Twitter<\/a>\u00a0<a href=\"https:\/\/www.addtoany.com\/share#url=http%3A%2F%2Fcalafat.cat%2Fautors%2Flexaltacio-meditada-dun-artista&amp;title=L%27exaltaci%C3%B3%20meditada%20d%27un%20artista%20\">\u00a0Comparteix a<\/a><\/p>\n\n\n\n<p>Articles recents:\u00a0<\/p>\n\n\n\n<p><a href=\"http:\/\/calafat.cat\/articles\/quan-la-realitat-dansa-en-la-ficcio\">Quan la realitat dansa en la ficci\u00f3<\/a><\/p>\n\n\n\n<p><a href=\"http:\/\/calafat.cat\/articles\/l-univers-dens-de-l-alfabet\">L\u2019univers dens de l\u2019alfabet<\/a><\/p>\n\n\n\n<p><a href=\"http:\/\/calafat.cat\/articles\/cezanne-poesia-i-pensament-fet-pintura\">C\u00e9zanne: poesia i pensament fets pintura<\/a><\/p>\n<\/div>\n\n\n\n<div class=\"wp-block-column is-layout-flow wp-block-column-is-layout-flow\" style=\"flex-basis:50%\">\n<figure class=\"wp-block-image size-full\"><img loading=\"lazy\" decoding=\"async\" width=\"379\" height=\"210\" src=\"http:\/\/calafat.cat\/wp-content\/uploads\/2022\/05\/albert-rafols-casamada.jpeg\" alt=\"\" class=\"wp-image-2891\" srcset=\"https:\/\/calafat.cat\/wp-content\/uploads\/2022\/05\/albert-rafols-casamada.jpeg 379w, https:\/\/calafat.cat\/wp-content\/uploads\/2022\/05\/albert-rafols-casamada-300x166.jpeg 300w\" sizes=\"auto, (max-width: 379px) 100vw, 379px\" \/><figcaption>Albert R\u00e0fols-Casamada, en el seu estudi l&#8217;any 2003.<br>Fotografia: Carles Ribas. Font: ccaa.elpais.com<br>D&#8217;un mateix tra\u00e7. Albert R\u00e0fols-Casamada. Fulls de dietari (1978-1982). Ed. 62. Barcelona, 1994. 172 p\u00e0gs.<br>\u00c0lbums R\u00e0fols-Casamada. Veure \u00e9s sentir. A cura de S. Abrams. Quaderns Crema\/Fundaci\u00f3 Eina. Barcelona, 1994. 492 p\u00e0gs<br>Etiquetes:\u00a0 <a href=\"http:\/\/calafat.cat\/index.php\/1994-2\/\" data-type=\"page\" data-id=\"2112\">1994<\/a> <a href=\"http:\/\/calafat.cat\/index.php\/publicat-a\/el-temps\/\" data-type=\"page\" data-id=\"110\">El Temps<\/a> <a href=\"http:\/\/calafat.cat\/index.php\/assaig\/\" data-type=\"page\" data-id=\"1677\">Assaig<\/a><\/figcaption><\/figure>\n<\/div>\n<\/div>\n","protected":false},"excerpt":{"rendered":"<p>Del vendaval que va significar l&#8217;informalisme en els anys de la postguerra, que va obrir nous camins en la pintura, potser en queda poca cosa. En tot cas, pertany a la hist\u00f2ria de la pintura. Per\u00f2, com sempre, hi ha excepcions que sobreviuen al moviment en qu\u00e8 sorgiren per estar els seus conreadors tan avesats &#8230; <a title=\"L&#8217;exaltaci\u00f3 meditada d&#8217;un artista\" class=\"read-more\" href=\"https:\/\/calafat.cat\/index.php\/lexaltacio-meditada-dun-artista-2\/\" aria-label=\"M\u00e1s en L&#8217;exaltaci\u00f3 meditada d&#8217;un artista\">Leer m\u00e1s<\/a><\/p>\n","protected":false},"author":1,"featured_media":0,"parent":0,"menu_order":0,"comment_status":"closed","ping_status":"closed","template":"","meta":{"footnotes":""},"class_list":["post-1136","page","type-page","status-publish"],"_links":{"self":[{"href":"https:\/\/calafat.cat\/index.php\/wp-json\/wp\/v2\/pages\/1136","targetHints":{"allow":["GET"]}}],"collection":[{"href":"https:\/\/calafat.cat\/index.php\/wp-json\/wp\/v2\/pages"}],"about":[{"href":"https:\/\/calafat.cat\/index.php\/wp-json\/wp\/v2\/types\/page"}],"author":[{"embeddable":true,"href":"https:\/\/calafat.cat\/index.php\/wp-json\/wp\/v2\/users\/1"}],"replies":[{"embeddable":true,"href":"https:\/\/calafat.cat\/index.php\/wp-json\/wp\/v2\/comments?post=1136"}],"version-history":[{"count":2,"href":"https:\/\/calafat.cat\/index.php\/wp-json\/wp\/v2\/pages\/1136\/revisions"}],"predecessor-version":[{"id":2892,"href":"https:\/\/calafat.cat\/index.php\/wp-json\/wp\/v2\/pages\/1136\/revisions\/2892"}],"wp:attachment":[{"href":"https:\/\/calafat.cat\/index.php\/wp-json\/wp\/v2\/media?parent=1136"}],"curies":[{"name":"wp","href":"https:\/\/api.w.org\/{rel}","templated":true}]}}