{"id":1140,"date":"2022-04-26T06:51:22","date_gmt":"2022-04-26T06:51:22","guid":{"rendered":"http:\/\/calafat.cat\/?page_id=1140"},"modified":"2022-05-23T10:14:59","modified_gmt":"2022-05-23T10:14:59","slug":"1991-2","status":"publish","type":"page","link":"https:\/\/calafat.cat\/index.php\/1991-2\/","title":{"rendered":"1991"},"content":{"rendered":"\n<p><a href=\"http:\/\/calafat.cat\/index.php\/aina-tertulies-de-poesia\/\" data-type=\"page\" data-id=\"1088\">Aina. Tert\u00falies de poesia<\/a><\/p>\n\n\n\n<figure class=\"wp-block-image size-full\"><img loading=\"lazy\" decoding=\"async\" width=\"50\" height=\"50\" src=\"http:\/\/calafat.cat\/wp-content\/uploads\/2022\/05\/a.jpeg\" alt=\"\" class=\"wp-image-2098\"\/><\/figure>\n\n\n\n<p>He d&#8217;expressar abans de res la satisfacci\u00f3 que em produeix el que AINA m&#8217;haja convidat a escriure aquestes l\u00ednies, i no per mi, sin\u00f3 perqu\u00e8 pensen que a trav\u00e9s de&nbsp;<em>Camp de mines<\/em>&nbsp;\u00e9s a deu poetes, i a la poesia com a tal, que ha volgut acollir, per a recordar la seua exist\u00e8ncia i eventual efi<\/p>\n\n\n\n<p><a href=\"http:\/\/calafat.cat\/index.php\/literatura-catalana-a-valencia\/\" data-type=\"page\" data-id=\"1092\">Literatura catalana a Val\u00e8ncia<\/a><\/p>\n\n\n\n<figure class=\"wp-block-image size-full\"><img loading=\"lazy\" decoding=\"async\" width=\"50\" height=\"50\" src=\"http:\/\/calafat.cat\/wp-content\/uploads\/2022\/05\/aa.jpeg\" alt=\"\" class=\"wp-image-2099\"\/><\/figure>\n\n\n\n<p>A Val\u00e8ncia ara s&#8217;escriu i es publica m\u00e9s que mai: noves editorials, revistes liter\u00e0ries i d&#8217;informaci\u00f3 general, un munt de premis de primera i segona fila configuren un panorama cultural potencialment esperan\u00e7ador, per\u00f2 que a hores d&#8217;ara est\u00e0 b\u00e0sicament dirigit a satisfer les necessitats d&#8217;un p\u00fab<\/p>\n\n\n\n<p><a href=\"http:\/\/calafat.cat\/index.php\/un-silenci-sec-un-llibre-recomanable-de-puigdevall-2\/\" data-type=\"page\" data-id=\"1918\">Un silenci sec: un llibre recomanable de Puigdevall<\/a><\/p>\n\n\n\n<figure class=\"wp-block-image size-full\"><img loading=\"lazy\" decoding=\"async\" width=\"50\" height=\"50\" src=\"http:\/\/calafat.cat\/wp-content\/uploads\/2022\/05\/aaa.jpeg\" alt=\"\" class=\"wp-image-2100\"\/><\/figure>\n\n\n\n<p>Els premis Octubre han passat l&#8217;\u00faltima prova amb bon peu. La qualitat de les obres ho confirma.<\/p>\n\n\n\n<p><a href=\"http:\/\/calafat.cat\/index.php\/una-novela-ambiciosa\/\" data-type=\"page\" data-id=\"2676\">Una novel\u00b7la ambiciosa<\/a><\/p>\n\n\n\n<figure class=\"wp-block-image size-full\"><img loading=\"lazy\" decoding=\"async\" width=\"50\" height=\"33\" src=\"http:\/\/calafat.cat\/wp-content\/uploads\/2022\/05\/aaaa.jpeg\" alt=\"\" class=\"wp-image-2101\"\/><\/figure>\n\n\n\n<p><em>Els treballs perduts<\/em>&nbsp;consolida J. F. Mira com un novel\u00b7lista s\u00f2lid d&#8217;una obra ben personal, que reclama un lloc destacat -i una major atenci\u00f3 en la narrativa catalana.<\/p>\n","protected":false},"excerpt":{"rendered":"<p>Aina. Tert\u00falies de poesia He d&#8217;expressar abans de res la satisfacci\u00f3 que em produeix el que AINA m&#8217;haja convidat a escriure aquestes l\u00ednies, i no per mi, sin\u00f3 perqu\u00e8 pensen que a trav\u00e9s de&nbsp;Camp de mines&nbsp;\u00e9s a deu poetes, i a la poesia com a tal, que ha volgut acollir, per a recordar la seua &#8230; <a title=\"1991\" class=\"read-more\" href=\"https:\/\/calafat.cat\/index.php\/1991-2\/\" aria-label=\"M\u00e1s en 1991\">Leer m\u00e1s<\/a><\/p>\n","protected":false},"author":1,"featured_media":0,"parent":0,"menu_order":0,"comment_status":"closed","ping_status":"closed","template":"","meta":{"footnotes":""},"class_list":["post-1140","page","type-page","status-publish"],"_links":{"self":[{"href":"https:\/\/calafat.cat\/index.php\/wp-json\/wp\/v2\/pages\/1140","targetHints":{"allow":["GET"]}}],"collection":[{"href":"https:\/\/calafat.cat\/index.php\/wp-json\/wp\/v2\/pages"}],"about":[{"href":"https:\/\/calafat.cat\/index.php\/wp-json\/wp\/v2\/types\/page"}],"author":[{"embeddable":true,"href":"https:\/\/calafat.cat\/index.php\/wp-json\/wp\/v2\/users\/1"}],"replies":[{"embeddable":true,"href":"https:\/\/calafat.cat\/index.php\/wp-json\/wp\/v2\/comments?post=1140"}],"version-history":[{"count":7,"href":"https:\/\/calafat.cat\/index.php\/wp-json\/wp\/v2\/pages\/1140\/revisions"}],"predecessor-version":[{"id":4376,"href":"https:\/\/calafat.cat\/index.php\/wp-json\/wp\/v2\/pages\/1140\/revisions\/4376"}],"wp:attachment":[{"href":"https:\/\/calafat.cat\/index.php\/wp-json\/wp\/v2\/media?parent=1140"}],"curies":[{"name":"wp","href":"https:\/\/api.w.org\/{rel}","templated":true}]}}