{"id":1240,"date":"2022-04-26T11:09:49","date_gmt":"2022-04-26T11:09:49","guid":{"rendered":"http:\/\/calafat.cat\/?page_id=1240"},"modified":"2022-05-19T16:02:26","modified_gmt":"2022-05-19T16:02:26","slug":"les-travessies-nocturnes","status":"publish","type":"page","link":"https:\/\/calafat.cat\/index.php\/les-travessies-nocturnes\/","title":{"rendered":"Les travessies nocturnes"},"content":{"rendered":"\n<div class=\"wp-block-columns alignwide is-layout-flex wp-container-core-columns-is-layout-9d6595d7 wp-block-columns-is-layout-flex\">\n<div class=\"wp-block-column is-layout-flow wp-block-column-is-layout-flow\" style=\"flex-basis:50%\">\n<p>Tabucchi presenta en el seu \u00faltim llibre&nbsp;<em>Somnis de somnis. Els tres \u00faltims dies de Fernando Pessoa<\/em>, uns relats plens de m\u00e0gia i passi\u00f3 per la literatura.<\/p>\n\n\n\n<p>Els seguidors de Tabucchi trobaran concentrats en les miniatures que formen els dos llibres d&#8217;aquest volum tota la seua saviesa narrativa. Aquest malabarista de l&#8217;art breu convoca en aquests recorreguts nocturns imaginaci\u00f3 i subtilesa, una prosa cristal\u00b7lina i una fantasia exquisida, que posa de manifest la refinada cultura de l&#8217;autor. Tabucchi somia els somnis de vint personalitats clau del nostre patrimoni cultural, des d&#8217;Ovidi fins a Garc\u00eda Lorca. La n\u00f2mina la formen sobretot escriptors: set poetes (Ovidi, Villon, Coleridge, Leopardi, Rimbaud, Pessoa i Garc\u00eda Lorca) i tres narradors (Apuleu, Rabelais i Tx\u00e8khov). Per\u00f2 tamb\u00e9 hi participen tres pintors (Caravaggio, Goya i Tolouse-Lautrec), un m\u00fasic (Debussy), el pare de la psicoan\u00e0lisi (Freud) i un mite (D\u00e8dal).<\/p>\n\n\n\n<p>Una imatge de forta efectivitat o una fulgurant al\u00b7legoria pivoten els relats, i serveixen per explorar la part m\u00e9s profunda, i sovint m\u00e9s fosca, de l&#8217;aventura vital i art\u00edstica dels personatges. Els somnis, gens convencionals, des d&#8217;un prisma on\u00edric ens remeten a circumst\u00e0ncies significatives de la vida o a motius claus de l&#8217;obra dels somniadors. Aix\u00ed, Ovidi somia que \u00e9s una papallona amb un brunzir insuportable a qui l&#8217;emperador mana tallar les ales; Caravaggio somia en un bordell on Crist se li apareix per encarregar-li un quadre; l&#8217;auster Rabelais somia un \u00e0pat copi\u00f3s amb Pantagruel; Tolouse-Lautrec es veu cr\u00e9ixer les cames per poder ballar amb la ballarina dels seus somnis; Goya somia els horrors de la guerra i les pintures negres. Freud es veu enmig de Viena vestit de dona; Leopardi fa un viatge al\u00b7lucinant a la lluna, des d&#8217;on es veu a si mateix dormint al seu castell; Rimbaud es dirigeix a Par\u00eds amb la cama amputada sota el bra\u00e7&#8230; Tot plegat, i al marge del nivell aconseguit en cadascuna de les narracions, el llibre \u00e9s una del\u00edcia: com els somnis, l&#8217;acabat \u00e9s po\u00e8tic, m\u00e0gic i inquietant.<\/p>\n\n\n\n<p><em>Els tres \u00faltims dies de Fernando Pessoa<\/em>, concebut tamb\u00e9 amb la factura d&#8217;un somni, recorre els moments finals de la vida de l&#8217;escriptor portugu\u00e8s, des la sortida de sa casa fins l&#8217;hospital, on rep la visita dels seus heter\u00f2nims. L&#8217;imaginari de Pessoa \u00e9s el ferment de les perplexitats i vicissituds que recorren la singular obra de Tabucchi. Un magn\u00edfic \u00abjoc al rev\u00e9s\u00bb que pret\u00e9n explorar, com aquest escriptor ha escrit, \u00abl&#8217;altra cara de les coses, del real i de l&#8217;imaginat\u00bb.<\/p>\n\n\n\n<p>EL TEMPS, n\u00fam. 641, p\u00e0g. 87, 30\/09\/1996<\/p>\n\n\n\n<p>Descarrega&#8217;t l&#8217;original:&nbsp;<img decoding=\"async\" src=\"http:\/\/calafat.cat\/modules\/file\/icons\/application-pdf.png\" alt=\"PDF icon\"><a href=\"http:\/\/calafat.cat\/sites\/default\/files\/les-travessies-nocturnes.pdf\">les-travessies-nocturnes.pdf<\/a><\/p>\n\n\n\n<p><a rel=\"noreferrer noopener\" href=\"http:\/\/calafat.cat\/#facebook\" target=\"_blank\">Facebook<\/a>&nbsp;<a rel=\"noreferrer noopener\" href=\"http:\/\/calafat.cat\/#twitter\" target=\"_blank\">Twitter<\/a>&nbsp;<a href=\"https:\/\/www.addtoany.com\/share#url=http%3A%2F%2Fcalafat.cat%2Farticles%2Fles-travessies-nocturnes&amp;title=Les%20travessies%20nocturnes%20\">&nbsp;Comparteix a<\/a><\/p>\n\n\n\n<p>Articles recents:&nbsp;<\/p>\n\n\n\n<p><a href=\"http:\/\/calafat.cat\/index.php\/laura-contaminada-de-valencia\/\" data-type=\"page\" data-id=\"1046\">L&#8217;aura contaminada de Val\u00e8ncia<\/a><\/p>\n\n\n\n<p><a href=\"http:\/\/calafat.cat\/index.php\/una-passio-amorosa-en-la-valencia-del-quatre-cents\/\" data-type=\"page\" data-id=\"1050\">Una passi\u00f3 amorosa en la Val\u00e8ncia del quatre-cents<\/a><\/p>\n\n\n\n<p><a href=\"http:\/\/calafat.cat\/index.php\/reflexions-al-voltant-del-llorentenisme-i-fuster\/\" data-type=\"page\" data-id=\"1130\">Reflexions al voltant del llorentenisme i Fuster<\/a><\/p>\n<\/div>\n\n\n\n<div class=\"wp-block-column is-layout-flow wp-block-column-is-layout-flow\" style=\"flex-basis:50%\">\n<figure class=\"wp-block-image size-full\"><img loading=\"lazy\" decoding=\"async\" width=\"379\" height=\"213\" src=\"http:\/\/calafat.cat\/wp-content\/uploads\/2022\/05\/les-travessies-nocturnes-2.jpeg\" alt=\"\" class=\"wp-image-2956\" srcset=\"https:\/\/calafat.cat\/wp-content\/uploads\/2022\/05\/les-travessies-nocturnes-2.jpeg 379w, https:\/\/calafat.cat\/wp-content\/uploads\/2022\/05\/les-travessies-nocturnes-2-300x169.jpeg 300w\" sizes=\"auto, (max-width: 379px) 100vw, 379px\" \/><figcaption>Antonio Tabucchi. Fotografia: In\u00e9s Baucells. Font: abc.es<br><br>Somnis de somnis. Els tres \u00faltims dies de Fernando Pessoa. Antonio Tabucchi. Traducci\u00f3 de Jordi Cornudella. Edicions 62. Col\u00b7lecci\u00f3 \u00abEl Balanc\u00ed\u00bb, 290, Barcelona, 1996. 138 p\u00e0gs.<br><br>Etiquetes:\u00a0<a href=\"http:\/\/calafat.cat\/index.php\/1996-2\/\" data-type=\"page\" data-id=\"2389\">1996<\/a> <a href=\"http:\/\/calafat.cat\/index.php\/publicat-a\/el-temps\/\" data-type=\"page\" data-id=\"110\">El Temps<\/a> <a href=\"http:\/\/calafat.cat\/index.php\/per-generes\/narrativa\/\" data-type=\"page\" data-id=\"94\">Narrativa<\/a> <a href=\"http:\/\/calafat.cat\/index.php\/antonio-tabucchi\/\" data-type=\"page\" data-id=\"4284\">Antonio Tabucchi<\/a><\/figcaption><\/figure>\n<\/div>\n<\/div>\n","protected":false},"excerpt":{"rendered":"<p>Tabucchi presenta en el seu \u00faltim llibre&nbsp;Somnis de somnis. Els tres \u00faltims dies de Fernando Pessoa, uns relats plens de m\u00e0gia i passi\u00f3 per la literatura. Els seguidors de Tabucchi trobaran concentrats en les miniatures que formen els dos llibres d&#8217;aquest volum tota la seua saviesa narrativa. Aquest malabarista de l&#8217;art breu convoca en aquests &#8230; <a title=\"Les travessies nocturnes\" class=\"read-more\" href=\"https:\/\/calafat.cat\/index.php\/les-travessies-nocturnes\/\" aria-label=\"M\u00e1s en Les travessies nocturnes\">Leer m\u00e1s<\/a><\/p>\n","protected":false},"author":1,"featured_media":0,"parent":0,"menu_order":0,"comment_status":"closed","ping_status":"closed","template":"","meta":{"footnotes":""},"class_list":["post-1240","page","type-page","status-publish"],"_links":{"self":[{"href":"https:\/\/calafat.cat\/index.php\/wp-json\/wp\/v2\/pages\/1240","targetHints":{"allow":["GET"]}}],"collection":[{"href":"https:\/\/calafat.cat\/index.php\/wp-json\/wp\/v2\/pages"}],"about":[{"href":"https:\/\/calafat.cat\/index.php\/wp-json\/wp\/v2\/types\/page"}],"author":[{"embeddable":true,"href":"https:\/\/calafat.cat\/index.php\/wp-json\/wp\/v2\/users\/1"}],"replies":[{"embeddable":true,"href":"https:\/\/calafat.cat\/index.php\/wp-json\/wp\/v2\/comments?post=1240"}],"version-history":[{"count":3,"href":"https:\/\/calafat.cat\/index.php\/wp-json\/wp\/v2\/pages\/1240\/revisions"}],"predecessor-version":[{"id":4291,"href":"https:\/\/calafat.cat\/index.php\/wp-json\/wp\/v2\/pages\/1240\/revisions\/4291"}],"wp:attachment":[{"href":"https:\/\/calafat.cat\/index.php\/wp-json\/wp\/v2\/media?parent=1240"}],"curies":[{"name":"wp","href":"https:\/\/api.w.org\/{rel}","templated":true}]}}