{"id":1246,"date":"2022-04-26T11:13:19","date_gmt":"2022-04-26T11:13:19","guid":{"rendered":"http:\/\/calafat.cat\/?page_id=1246"},"modified":"2022-05-11T15:20:34","modified_gmt":"2022-05-11T15:20:34","slug":"un-home-darxiu","status":"publish","type":"page","link":"https:\/\/calafat.cat\/index.php\/un-home-darxiu\/","title":{"rendered":"Un home d&#8217;arxiu"},"content":{"rendered":"\n<div class=\"wp-block-columns alignwide is-layout-flex wp-container-core-columns-is-layout-9d6595d7 wp-block-columns-is-layout-flex\">\n<div class=\"wp-block-column is-layout-flow wp-block-column-is-layout-flow\" style=\"flex-basis:50%\">\n<p>La portentosa capacitat del treball de Rubi\u00f3 i Balaguer, la perspic\u00e0cia i el rigor de la seua voluminosa obra, representen una de les aportacions m\u00e9s grans del present segle a la hist\u00f2ria liter\u00e0ria catalana. Els dotze volums de la seua obra fins ara publicats demostren que en molts aspectes les investigacions d&#8217;aquest personatge d&#8217;arxiu van representar, en el seu moment, l&#8217;obertura d&#8217;unes noves vies d&#8217;interpretaci\u00f3.<\/p>\n\n\n\n<p>Autor d&#8217;una espl\u00e8ndida visi\u00f3 sint\u00e8tica de la literatura catalana, es va dedicar fonamentalment al per\u00edode medieval, amb treballs penetrants sobre Ramon Llull, Bernat Desclot i el m\u00f3n del llibre. Per\u00f2 tamb\u00e9 es va moure amb la mateixa desimboltura i profunditat interpretativa per \u00e8poques posteriors, com ara la renaixen\u00e7a. Joaquim Molas, el responsable de l&#8217;edici\u00f3, ha fet una selecci\u00f3 ajustada de la seua obra, i n&#8217;ha elegit treballs de conjunt, visions panor\u00e0miques i algunes lectures cr\u00edtiques sobre estudis literaris d&#8217;altres autors. Suficients per fer-se una idea de la manera d&#8217;historiar de Jordi Rubi\u00f3 i de la diversitat d&#8217;interessos que l&#8217;animaren.<\/p>\n\n\n\n<p>En el primer apartat, al costat de reflexions d&#8217;abast te\u00f2ric sobre la hist\u00f2ria liter\u00e0ria, el lector trobar\u00e0 una evocaci\u00f3 de Valls Tabemer i la seua generaci\u00f3, on descriu els motius que els van dur a explorar arxius per descobrir-hi el rostre d&#8217;una identitat frustrada, per\u00f2 alhora esperan\u00e7ada. El segon, inclou els treballs que representen les seues grans vies d&#8217;indagaci\u00f3: Ramon Llull, Bernat Desclot i la historiografia, les primeres manifes-tacions de l&#8217;humanisme a la Corona d&#8217;Arag\u00f3, notes sobre la popularitat del franciscanisme m\u00e9s exaltat en les nostres terres, la interessant conflu\u00e8ncia de cultures en temps de Carles V&#8230; Clou el volum una interessant aproximaci\u00f3 als diversos factors pol\u00edtics i culturals que acompanyaren la renaixen\u00e7a i a les diferents circumst\u00e0ncies vitals dels homes que l&#8217;estimularen.<\/p>\n\n\n\n<p>EL TEMPS, p\u00e0g. 71, 4\/11\/1996<\/p>\n\n\n\n<p>Descarrega&#8217;t l&#8217;original:\u00a0<img decoding=\"async\" src=\"http:\/\/calafat.cat\/modules\/file\/icons\/application-pdf.png\" alt=\"PDF icon\"><a href=\"http:\/\/calafat.cat\/sites\/default\/files\/un-home-d-arxiu.pdf\">un-home-d-arxiu.pdf<\/a><\/p>\n\n\n\n<p><a rel=\"noreferrer noopener\" href=\"http:\/\/calafat.cat\/#facebook\" target=\"_blank\">Facebook<\/a>\u00a0<a rel=\"noreferrer noopener\" href=\"http:\/\/calafat.cat\/#twitter\" target=\"_blank\">Twitter<\/a>\u00a0<a href=\"https:\/\/www.addtoany.com\/share#url=http%3A%2F%2Fcalafat.cat%2Farticles%2Fun-home-d-arxiu&amp;title=Un%20home%20d%27arxiu%20\">\u00a0Comparteix a<\/a><\/p>\n\n\n\n<p>Articles recents:\u00a0<\/p>\n\n\n\n<p><a href=\"http:\/\/calafat.cat\/index.php\/saltant-duna-travessa-a-laltra\/\" data-type=\"page\" data-id=\"1034\">Saltant d\u2019una travessa a l\u2019altra<\/a><\/p>\n\n\n\n<p><a href=\"http:\/\/calafat.cat\/index.php\/lunivers-dens-de-lalfabet-2\/\" data-type=\"page\" data-id=\"2010\">L\u2019univers dens de l\u2019alfabet<\/a><\/p>\n\n\n\n<p><a href=\"http:\/\/calafat.cat\/index.php\/cezanne-poesia-i-pensament-fets-pintura\/\" data-type=\"page\" data-id=\"1125\">C\u00e9zanne: poesia i pensament fets pintura<\/a><\/p>\n<\/div>\n\n\n\n<div class=\"wp-block-column is-layout-flow wp-block-column-is-layout-flow\" style=\"flex-basis:50%\">\n<figure class=\"wp-block-image size-full is-resized\"><img loading=\"lazy\" decoding=\"async\" src=\"http:\/\/calafat.cat\/wp-content\/uploads\/2022\/05\/un-home-d-arxiu-1.jpeg\" alt=\"\" class=\"wp-image-2969\" width=\"380\" height=\"380\" srcset=\"https:\/\/calafat.cat\/wp-content\/uploads\/2022\/05\/un-home-d-arxiu-1.jpeg 379w, https:\/\/calafat.cat\/wp-content\/uploads\/2022\/05\/un-home-d-arxiu-1-300x300.jpeg 300w, https:\/\/calafat.cat\/wp-content\/uploads\/2022\/05\/un-home-d-arxiu-1-150x150.jpeg 150w\" sizes=\"auto, (max-width: 380px) 100vw, 380px\" \/><figcaption>Portada del llibre<br><br>Estudis literaris. Jordi Rubi\u00f3 i Balaguer. Edicions 62, Col\u00b7lecci\u00f3 MOLC, 122. Barcelona, 1996. 272 p\u00e0gs.<br><br>Etiquetes:\u00a0<a href=\"http:\/\/calafat.cat\/index.php\/1996-2\/\" data-type=\"page\" data-id=\"2389\">1996<\/a> <a href=\"http:\/\/calafat.cat\/index.php\/publicat-a\/el-temps\/\" data-type=\"page\" data-id=\"110\">El Temps<\/a> <a href=\"http:\/\/calafat.cat\/index.php\/assaig\/\" data-type=\"page\" data-id=\"1677\">Assaig<\/a><\/figcaption><\/figure>\n<\/div>\n<\/div>\n","protected":false},"excerpt":{"rendered":"<p>La portentosa capacitat del treball de Rubi\u00f3 i Balaguer, la perspic\u00e0cia i el rigor de la seua voluminosa obra, representen una de les aportacions m\u00e9s grans del present segle a la hist\u00f2ria liter\u00e0ria catalana. Els dotze volums de la seua obra fins ara publicats demostren que en molts aspectes les investigacions d&#8217;aquest personatge d&#8217;arxiu van &#8230; <a title=\"Un home d&#8217;arxiu\" class=\"read-more\" href=\"https:\/\/calafat.cat\/index.php\/un-home-darxiu\/\" aria-label=\"M\u00e1s en Un home d&#8217;arxiu\">Leer m\u00e1s<\/a><\/p>\n","protected":false},"author":1,"featured_media":0,"parent":0,"menu_order":0,"comment_status":"closed","ping_status":"closed","template":"","meta":{"footnotes":""},"class_list":["post-1246","page","type-page","status-publish"],"_links":{"self":[{"href":"https:\/\/calafat.cat\/index.php\/wp-json\/wp\/v2\/pages\/1246","targetHints":{"allow":["GET"]}}],"collection":[{"href":"https:\/\/calafat.cat\/index.php\/wp-json\/wp\/v2\/pages"}],"about":[{"href":"https:\/\/calafat.cat\/index.php\/wp-json\/wp\/v2\/types\/page"}],"author":[{"embeddable":true,"href":"https:\/\/calafat.cat\/index.php\/wp-json\/wp\/v2\/users\/1"}],"replies":[{"embeddable":true,"href":"https:\/\/calafat.cat\/index.php\/wp-json\/wp\/v2\/comments?post=1246"}],"version-history":[{"count":2,"href":"https:\/\/calafat.cat\/index.php\/wp-json\/wp\/v2\/pages\/1246\/revisions"}],"predecessor-version":[{"id":2970,"href":"https:\/\/calafat.cat\/index.php\/wp-json\/wp\/v2\/pages\/1246\/revisions\/2970"}],"wp:attachment":[{"href":"https:\/\/calafat.cat\/index.php\/wp-json\/wp\/v2\/media?parent=1246"}],"curies":[{"name":"wp","href":"https:\/\/api.w.org\/{rel}","templated":true}]}}