{"id":1314,"date":"2022-04-27T07:20:23","date_gmt":"2022-04-27T07:20:23","guid":{"rendered":"http:\/\/calafat.cat\/?page_id=1314"},"modified":"2022-05-19T15:52:04","modified_gmt":"2022-05-19T15:52:04","slug":"lesclat-dels-impulsos-ocults","status":"publish","type":"page","link":"https:\/\/calafat.cat\/index.php\/lesclat-dels-impulsos-ocults\/","title":{"rendered":"L&#8217;esclat dels impulsos ocults"},"content":{"rendered":"\n<div class=\"wp-block-columns alignwide is-layout-flex wp-container-core-columns-is-layout-9d6595d7 wp-block-columns-is-layout-flex\">\n<div class=\"wp-block-column is-layout-flow wp-block-column-is-layout-flow\" style=\"flex-basis:50%\">\n<p>El nou llibre de Josep Navarro Santaeul\u00e0lia \u00e9s una novel\u00b7la complexa que se serveix d&#8217;una hist\u00f2ria d&#8217;enveges i temors, d&#8217;infidelitat i frustracions, a fi d&#8217;explorar les febleses d&#8217;una exist\u00e8ncia aparentment estable. Un prodigi\u00f3s exercici d&#8217;estil elaborat a base de frases curtes i di\u00e0legs suggerents.<\/p>\n\n\n\n<p>Josep Navarro Santaeul\u00e0lia est\u00e0 forjant pas a pas, sense soroll, una obra molt personal. \u00c9s un autor d&#8217;interessos plurals: ha conreat amb solv\u00e8ncia la poesia, l&#8217;assaig i la narrativa. Com a novel\u00b7lista s&#8217;estren\u00e0 amb&nbsp;<em>Terra negra<\/em>, una novel\u00b7la d&#8217;aventures i de formaci\u00f3 ambientada en l&#8217;acolorit clima de les guerres carlines. El bon ofici d&#8217;aquesta primera novel\u00b7la es confirma amb escreix en aquest nou t\u00edtol. Bulbs aprofita la intriga d&#8217;una trama polic\u00edaca per bastir una novel\u00b7la tensions psicol\u00f2giques, on els components d&#8217;un matrimoni inicien entre ells un combat soterrat, per\u00f2 cruel i sense descans.<\/p>\n\n\n\n<p>El llibre s&#8217;inicia presentant-nos el narrador en una situaci\u00f3 de benestar envejable (t\u00e9 una bona situaci\u00f3 social i econ\u00f2mica, una confortable casa), en una vida fonamentada en les aparences, molt adequada per veure cr\u00e9ixer l&#8217;enorme abisme que hi ha entre el que diu el protagonista i el que sent, entre el que ens mostra i el que amaga. En la narraci\u00f3 dels fets que envolten un crim, el protagonista -que \u00e9s el principal sospit\u00f3s- va fabricant-se una imatge de bona persona, de treballador fidel a l&#8217;empresa, d&#8217;home equilibrat, gener\u00f3s, sensible i racional, per tal de presentar-se com a v\u00edctima de les circumst\u00e0ncies i dels impulsos dels altres, als quals responsabilitza de les seues frustracions tant sentimentals com laborals. Paral\u00b7lelament, el lector hi descobreix els impulsos, l&#8217;orgull ferit, els petits actes egoistes: una persona vulnerable a qui li cal un gran gest per a autoafirmar-se.<\/p>\n\n\n\n<p>Com suggereix el t\u00edtol, el bulb \u00e9s la imatge que d\u00f3na coher\u00e8ncia al llibre: el bulb \u00e9s un \u00f2rgan vegetal que hiverna sota terra durant un temps per cr\u00e9ixer en tota la seua esplendor en la primavera. La novel\u00b7la \u00e9s aix\u00f2: la lat\u00e8ncia i l&#8217;esclat de tot all\u00f2 que el protagonista ha anat silenciant.<\/p>\n\n\n\n<p>L&#8217;\u00fanica cosa que se&#8217;m resisteix del llibre \u00e9s la trama polic\u00edaca. I no perqu\u00e8 no estiga ben resolta, sin\u00f3 m\u00e9s aviat perqu\u00e8 em fa pensar que l&#8217;autor no acabava de confiar en les pr\u00f2pies capacitats i va pensar que li calia rec\u00f3rrer a aquest g\u00e8nere per falcar el progr\u00e9s de la lectura i donar m\u00e9s colorit a la trama. Siga com siga, aix\u00f2 no eclipsa els valors positius<br>del llibre. D&#8217;entrada, ens trobem amb una prosa d&#8217;enorme altura: l&#8217;autor encaixa amb una precisi\u00f3 de rellotgeria les distintes hist\u00f2ries, i es mou amb una agilitat notable en l&#8217;\u00fas d&#8217;un estil el\u00b7l\u00edptic i de frases breus. Refor\u00e7at amb di\u00e0legs punyents i una descripci\u00f3 concisa i significativa, que denoten la forma de ser dels personatges. En suma, un llibre recomanable.<\/p>\n\n\n\n<p>EL TEMPS, n\u00fam. 786, p\u00e0g. 68, 12\/11\/1999<\/p>\n\n\n\n<p>Descarrega&#8217;t l&#8217;original:&nbsp;<img decoding=\"async\" src=\"http:\/\/calafat.cat\/modules\/file\/icons\/application-pdf.png\" alt=\"PDF icon\"><a href=\"http:\/\/calafat.cat\/sites\/default\/files\/l-esclat-dels-impulsos-ocults.pdf\">l-esclat-dels-impulsos-ocults.pdf<\/a><\/p>\n\n\n\n<p><a rel=\"noreferrer noopener\" href=\"http:\/\/calafat.cat\/#facebook\" target=\"_blank\">Facebook<\/a>&nbsp;<a rel=\"noreferrer noopener\" href=\"http:\/\/calafat.cat\/#twitter\" target=\"_blank\">Twitter<\/a>&nbsp;<a href=\"https:\/\/www.addtoany.com\/share#url=http%3A%2F%2Fcalafat.cat%2Farticles%2Fl-esclat-dels-impulsos-ocults&amp;title=L%27esclat%20dels%20impulsos%20ocults%20\">&nbsp;Comparteix a<\/a><\/p>\n\n\n\n<p>Articles recents:&nbsp;<\/p>\n\n\n\n<p><a href=\"http:\/\/calafat.cat\/index.php\/lunivers-dens-de-lalfabet-2\/\" data-type=\"page\" data-id=\"2010\">L\u2019univers dens de l\u2019alfabet<\/a><\/p>\n\n\n\n<p><a href=\"http:\/\/calafat.cat\/index.php\/cezanne-poesia-i-pensament-fets-pintura\/\" data-type=\"page\" data-id=\"1125\">C\u00e9zanne: poesia i pensament fets pintura<\/a><\/p>\n\n\n\n<p><a href=\"http:\/\/calafat.cat\/index.php\/el-teatre-de-manuel-la-tralla-que-allibera-4\/\" data-type=\"page\" data-id=\"1582\">El teatre de Manuel: la tralla que allibera<\/a><\/p>\n<\/div>\n\n\n\n<div class=\"wp-block-column is-layout-flow wp-block-column-is-layout-flow\" style=\"flex-basis:50%\">\n<figure class=\"wp-block-image size-full\"><img loading=\"lazy\" decoding=\"async\" width=\"379\" height=\"284\" src=\"http:\/\/calafat.cat\/wp-content\/uploads\/2022\/05\/carlins-a-la-deriva-2-1-2.jpeg\" alt=\"\" class=\"wp-image-3060\" srcset=\"https:\/\/calafat.cat\/wp-content\/uploads\/2022\/05\/carlins-a-la-deriva-2-1-2.jpeg 379w, https:\/\/calafat.cat\/wp-content\/uploads\/2022\/05\/carlins-a-la-deriva-2-1-2-300x225.jpeg 300w\" sizes=\"auto, (max-width: 379px) 100vw, 379px\" \/><figcaption>J.N. Santaeul\u00e0lia. Fotografia: Robert Ramos.<br><br>Font: actualitat.traces.uab.cat<br>Bulbs. Josep Navarro Santaeul\u00e0lia. Ed. La Magrana, Col\u00b7lecci\u00f3 \u00abLes Ales Esteses\u00bb, 85. Barcelona, 1999. 236 p\u00e0gs.<br><br>Etiquetes:\u00a0<a href=\"http:\/\/calafat.cat\/index.php\/1999-2\/\" data-type=\"page\" data-id=\"2403\">1999<\/a> <a href=\"http:\/\/calafat.cat\/index.php\/publicat-a\/el-temps\/\" data-type=\"page\" data-id=\"110\">El Temps<\/a> <a href=\"http:\/\/calafat.cat\/index.php\/per-generes\/narrativa\/\" data-type=\"page\" data-id=\"94\">Narrativa<\/a><a href=\"http:\/\/calafat.cat\/index.php\/josep-navarro-santaeulalia\/\" data-type=\"page\" data-id=\"4265\"> Josep Navarro Santaeul\u00e0lia<\/a><\/figcaption><\/figure>\n<\/div>\n<\/div>\n","protected":false},"excerpt":{"rendered":"<p>El nou llibre de Josep Navarro Santaeul\u00e0lia \u00e9s una novel\u00b7la complexa que se serveix d&#8217;una hist\u00f2ria d&#8217;enveges i temors, d&#8217;infidelitat i frustracions, a fi d&#8217;explorar les febleses d&#8217;una exist\u00e8ncia aparentment estable. Un prodigi\u00f3s exercici d&#8217;estil elaborat a base de frases curtes i di\u00e0legs suggerents. Josep Navarro Santaeul\u00e0lia est\u00e0 forjant pas a pas, sense soroll, una &#8230; <a title=\"L&#8217;esclat dels impulsos ocults\" class=\"read-more\" href=\"https:\/\/calafat.cat\/index.php\/lesclat-dels-impulsos-ocults\/\" aria-label=\"M\u00e1s en L&#8217;esclat dels impulsos ocults\">Leer m\u00e1s<\/a><\/p>\n","protected":false},"author":1,"featured_media":0,"parent":0,"menu_order":0,"comment_status":"closed","ping_status":"closed","template":"","meta":{"footnotes":""},"class_list":["post-1314","page","type-page","status-publish"],"_links":{"self":[{"href":"https:\/\/calafat.cat\/index.php\/wp-json\/wp\/v2\/pages\/1314","targetHints":{"allow":["GET"]}}],"collection":[{"href":"https:\/\/calafat.cat\/index.php\/wp-json\/wp\/v2\/pages"}],"about":[{"href":"https:\/\/calafat.cat\/index.php\/wp-json\/wp\/v2\/types\/page"}],"author":[{"embeddable":true,"href":"https:\/\/calafat.cat\/index.php\/wp-json\/wp\/v2\/users\/1"}],"replies":[{"embeddable":true,"href":"https:\/\/calafat.cat\/index.php\/wp-json\/wp\/v2\/comments?post=1314"}],"version-history":[{"count":3,"href":"https:\/\/calafat.cat\/index.php\/wp-json\/wp\/v2\/pages\/1314\/revisions"}],"predecessor-version":[{"id":4271,"href":"https:\/\/calafat.cat\/index.php\/wp-json\/wp\/v2\/pages\/1314\/revisions\/4271"}],"wp:attachment":[{"href":"https:\/\/calafat.cat\/index.php\/wp-json\/wp\/v2\/media?parent=1314"}],"curies":[{"name":"wp","href":"https:\/\/api.w.org\/{rel}","templated":true}]}}