{"id":1326,"date":"2022-04-27T07:25:08","date_gmt":"2022-04-27T07:25:08","guid":{"rendered":"http:\/\/calafat.cat\/?page_id=1326"},"modified":"2022-05-12T09:31:04","modified_gmt":"2022-05-12T09:31:04","slug":"un-bon-inici-narratiu","status":"publish","type":"page","link":"https:\/\/calafat.cat\/index.php\/un-bon-inici-narratiu\/","title":{"rendered":"Un bon inici narratiu"},"content":{"rendered":"\n<div class=\"wp-block-columns alignwide is-layout-flex wp-container-core-columns-is-layout-9d6595d7 wp-block-columns-is-layout-flex\">\n<div class=\"wp-block-column is-layout-flow wp-block-column-is-layout-flow\" style=\"flex-basis:50%\">\n<p>Una col\u00b7lecci\u00f3 de relats que exploren les m\u00faltiples maneres de com l&#8217;irreal i el p\u00e0nic s&#8217;instal\u00b7len i trastoquen situacions quotidianes i d&#8217;aparen\u00e7a intrascendent. Un primer llibre de notable inter\u00e8s, escrit amb una prosa subtil i elegant, que integra el desassosec i el lirisme, el fant\u00e0stic i la realitat.<\/p>\n\n\n\n<p>M&#8217;ha sorpr\u00e8s aquest primer llibre de Manuel Baixauli per ser un atractiu exercici de condensaci\u00f3 liter\u00e0ria.&nbsp;<em>Espiral<\/em>&nbsp;\u00e9s un volum de poc m\u00e9s de cent p\u00e0gines amb seixanta-vuit hist\u00f2ries breus, on els personatges viuen una vida tranquil\u00b7la, mon\u00f2tona, i de manera imperceptible, es troben immersos en situacions insospitades que trastoquen totes la nostra percepci\u00f3 de l&#8217;espai i el temps. Els personatges solen viure amb tota naturalitat aquestes transformacions que modifiquen les seues vides. Aix\u00ed, per exemple, un home apr\u00e9n a viure amb la conviv\u00e8ncia de persones mortes, un personatge vol eixir de l&#8217;illa on viu, per\u00f2 sempre arriba al punt d&#8217;on ha partit, o una dona decideix separar-se del marit i s&#8217;instal\u00b7la en l&#8217;excitaci\u00f3 dels seus somnis er\u00f2tics. L&#8217;irreal, l&#8217;absurd l&#8217;horror s&#8217;apoderen de la vida dels personatges, sense sorpreses, com si fossen una ingredient m\u00e9s de la vida dels humans. I \u00e9s precisament aquesta destresa de convertir en quotidi\u00e0 el p\u00e0nic un dels aspectes m\u00e9s remarcables de Baixauli, que es capa\u00e7 de convertir aquestes petites inst\u00e0ncies fant\u00e0stiques en una met\u00e0fora dels dubtes, obsessions, febleses i somnis dels humans.<\/p>\n\n\n\n<p><em>Espiral<\/em>&nbsp;cont\u00e9 hist\u00f2ries de perfecci\u00f3 variable. Per\u00f2 per damunt de les limitacions, Baixauli es mostra com un prosista d&#8217;imaginaci\u00f3 f\u00e8rtil, que domina b\u00e9 el ritme narratiu i escriu els relats amb una prosa subtil i depurada. Cal esperar, ara, que Baixauli sapia aprofitar les seues virtuts narratives -cosa que no sempre passa amb els narradors d&#8217;aquestes latituds- en obres posteriors de m\u00e9s envergadura.<\/p>\n\n\n\n<p>EL TEMPS, 20\/04\/1999<\/p>\n\n\n\n<p><a rel=\"noreferrer noopener\" href=\"http:\/\/calafat.cat\/#facebook\" target=\"_blank\">Facebook<\/a>\u00a0<a rel=\"noreferrer noopener\" href=\"http:\/\/calafat.cat\/#twitter\" target=\"_blank\">Twitter<\/a>\u00a0<a href=\"https:\/\/www.addtoany.com\/share#url=http%3A%2F%2Fcalafat.cat%2Farticles%2Fun-bon-inici-narratiu&amp;title=Un%20bon%20inici%20narratiu\">\u00a0Comparteix a<\/a><\/p>\n\n\n\n<p>Articles recents:\u00a0<\/p>\n\n\n\n<p><a href=\"http:\/\/calafat.cat\/index.php\/una-passio-amorosa-en-la-valencia-del-quatre-cents\/\" data-type=\"page\" data-id=\"1050\">Una passi\u00f3 amorosa en la Val\u00e8ncia del quatre-cents<\/a><\/p>\n\n\n\n<p><a href=\"http:\/\/calafat.cat\/index.php\/el-cami-de-la-poesia-valenciana-dels-setanta-fins-ara\/\" data-type=\"page\" data-id=\"1052\">El cam\u00ed de la poesia valenciana dels setanta fins ara<\/a><\/p>\n\n\n\n<p><a href=\"http:\/\/calafat.cat\/index.php\/pulsions-en-un-moviment-permament\/\" data-type=\"page\" data-id=\"1061\">Pulsions en un moviment permament<\/a><\/p>\n<\/div>\n\n\n\n<div class=\"wp-block-column is-layout-flow wp-block-column-is-layout-flow\" style=\"flex-basis:50%\">\n<figure class=\"wp-block-image size-full\"><img loading=\"lazy\" decoding=\"async\" width=\"379\" height=\"379\" src=\"http:\/\/calafat.cat\/wp-content\/uploads\/2022\/05\/un-bon-inici-narratiu-1.jpeg\" alt=\"\" class=\"wp-image-3078\" srcset=\"https:\/\/calafat.cat\/wp-content\/uploads\/2022\/05\/un-bon-inici-narratiu-1.jpeg 379w, https:\/\/calafat.cat\/wp-content\/uploads\/2022\/05\/un-bon-inici-narratiu-1-300x300.jpeg 300w, https:\/\/calafat.cat\/wp-content\/uploads\/2022\/05\/un-bon-inici-narratiu-1-150x150.jpeg 150w\" sizes=\"auto, (max-width: 379px) 100vw, 379px\" \/><figcaption>Portada del llibre<br><br>Espiral. Manuel Baixauli. Editorial Columna, Barcelona, 1999. 133 p\u00e0gs.<br><br>Etiquetes:\u00a0<a href=\"http:\/\/calafat.cat\/index.php\/1999-2\/\" data-type=\"page\" data-id=\"2403\">1999<\/a> <a href=\"http:\/\/calafat.cat\/index.php\/publicat-a\/el-temps\/\" data-type=\"page\" data-id=\"110\">El Temps<\/a> <a href=\"http:\/\/calafat.cat\/index.php\/per-generes\/narrativa\/\" data-type=\"page\" data-id=\"94\">Narrativa<\/a><\/figcaption><\/figure>\n<\/div>\n<\/div>\n","protected":false},"excerpt":{"rendered":"<p>Una col\u00b7lecci\u00f3 de relats que exploren les m\u00faltiples maneres de com l&#8217;irreal i el p\u00e0nic s&#8217;instal\u00b7len i trastoquen situacions quotidianes i d&#8217;aparen\u00e7a intrascendent. Un primer llibre de notable inter\u00e8s, escrit amb una prosa subtil i elegant, que integra el desassosec i el lirisme, el fant\u00e0stic i la realitat. M&#8217;ha sorpr\u00e8s aquest primer llibre de Manuel &#8230; <a title=\"Un bon inici narratiu\" class=\"read-more\" href=\"https:\/\/calafat.cat\/index.php\/un-bon-inici-narratiu\/\" aria-label=\"M\u00e1s en Un bon inici narratiu\">Leer m\u00e1s<\/a><\/p>\n","protected":false},"author":1,"featured_media":0,"parent":0,"menu_order":0,"comment_status":"closed","ping_status":"closed","template":"","meta":{"footnotes":""},"class_list":["post-1326","page","type-page","status-publish"],"_links":{"self":[{"href":"https:\/\/calafat.cat\/index.php\/wp-json\/wp\/v2\/pages\/1326","targetHints":{"allow":["GET"]}}],"collection":[{"href":"https:\/\/calafat.cat\/index.php\/wp-json\/wp\/v2\/pages"}],"about":[{"href":"https:\/\/calafat.cat\/index.php\/wp-json\/wp\/v2\/types\/page"}],"author":[{"embeddable":true,"href":"https:\/\/calafat.cat\/index.php\/wp-json\/wp\/v2\/users\/1"}],"replies":[{"embeddable":true,"href":"https:\/\/calafat.cat\/index.php\/wp-json\/wp\/v2\/comments?post=1326"}],"version-history":[{"count":2,"href":"https:\/\/calafat.cat\/index.php\/wp-json\/wp\/v2\/pages\/1326\/revisions"}],"predecessor-version":[{"id":3080,"href":"https:\/\/calafat.cat\/index.php\/wp-json\/wp\/v2\/pages\/1326\/revisions\/3080"}],"wp:attachment":[{"href":"https:\/\/calafat.cat\/index.php\/wp-json\/wp\/v2\/media?parent=1326"}],"curies":[{"name":"wp","href":"https:\/\/api.w.org\/{rel}","templated":true}]}}