{"id":1346,"date":"2022-04-27T07:44:37","date_gmt":"2022-04-27T07:44:37","guid":{"rendered":"http:\/\/calafat.cat\/?page_id=1346"},"modified":"2022-05-17T14:39:43","modified_gmt":"2022-05-17T14:39:43","slug":"aixo-vol-dir-que-era","status":"publish","type":"page","link":"https:\/\/calafat.cat\/index.php\/aixo-vol-dir-que-era\/","title":{"rendered":"Aix\u00f2 vol dir que era&#8230;"},"content":{"rendered":"\n<div class=\"wp-block-columns alignwide is-layout-flex wp-container-core-columns-is-layout-9d6595d7 wp-block-columns-is-layout-flex\">\n<div class=\"wp-block-column is-layout-flow wp-block-column-is-layout-flow\" style=\"flex-basis:50%\">\n<p>Actualment se\u2019n parla molt, de nacionalisme. Ac\u00ed i a tot arreu. En les altes esferes de l\u2019Estat, i en molts altres \u00e0mbits, tendeixen a identificar maliciosament el nacionalisme com una caracter\u00edstica exclusiva dels moviments reivindicatius d\u2019una identitat cultural pr\u00f2pia i sovint els presenten com a moviments excloents. En les \u00faltimes d\u00e8cades, despr\u00e9s de la desfeta del bloc sovi\u00e8tic, s\u2019ha generat un renovat inter\u00e9s per aquest tema que ha trencat la perversa identificaci\u00f3 entre minories i nacionalisme i, que deixant de banda els conflictes sobre les fronteres nacionals, estudia el fenomen com un component m\u00e9s de la vida dels humans. Les problem\u00e0tiques nacionals no s\u00f3n com una gangrena provocada per minories violentes, sin\u00f3 que la nacionalitat, un fet estranyament amorf, \u00e9s una font poderosa de la identitat col\u00b7lectiva i individual.<\/p>\n\n\n\n<p>El llibre&nbsp;<em>Des de temps immemorials<\/em>&nbsp;de Pau Viciano, aix\u00ed com el seu t\u00edtol anterior,&nbsp;<em>La temptaci\u00f3 de la mem\u00f2ria<\/em>, s\u2019expliquen perfectament si tenim en compte els aires renovadors dels nous estudis sobre el nacionalisme, que connecten sobretot amb aquella l\u00ednia d\u2019investigaci\u00f3 orientada a investigar no tant les seues caracter\u00edstiques pol\u00edtiques com el seu desenvolupament en termes socioculturals, hist\u00f2rics i simb\u00f2lics. Una l\u00ednia de treball que analitza els s\u00edmbols, els mites i la mem\u00f2ries dels or\u00edgens que legitimen els distints nacionalismes.<\/p>\n\n\n\n<p>I \u00e9s precisament l\u2019estudi dels mites fundadors de distintes nacionalitats el nucli central de&nbsp;<em>Des de temps immemorials<\/em>, que mostra com les identitats col\u00b7lectives estan estretament lligades amb la narraci\u00f3 apassionada del seu passat. Aix\u00ed Pau Viciano reconstrueix en un estudi comparatiu minuci\u00f3s els nacionalismes franc\u00e9s, espanyol i catal\u00e0 des de la meitat del segle XIX fins si fa no els anys cinquanta del segle XX. La tria d\u2019aquests de tres casos \u00e9s ben encertada, perqu\u00e8 encara que les visions espanyola i catalana sovint es presenten contraposades, fan servir quasi sempre un mateix gui\u00f3 explicatiu, inspirat fonamentalment en la historiografia i el pensament francesos. D\u2019altra banda, si l\u2019autor inicia el seu treball amb els historiadors rom\u00e0ntics es perqu\u00e8 bona part de les visions hist\u00f2riques populars es forjaren a partir d\u2019aquell moment amb l\u2019aparici\u00f3 de les primeres hist\u00f2ries nacionals, fetes precisament en un moment en qu\u00e8 es consolidaven els Estats moderns i apareixien els moviments nacionals reivindicatius com el catal\u00e0.<\/p>\n\n\n\n<p>Els aspectes que fascinaren els pol\u00edtics, historiadors, pensadors i divulgadors escolars del per\u00edode estudiat s\u00f3n la geografia nacional, els or\u00edgens racials, la influ\u00e8ncia dels grups ind\u00edgenes anteriors a la romanitzaci\u00f3, la mateixa romanitzaci\u00f3 i la posterior invasi\u00f3 de pobles germ\u00e0nics, la instauraci\u00f3 del cristianisme i les dinasties que configuraren les nacions estudiades. La desfilada d\u2019interpretacions que hi apareixen s\u00f3n molt diferents, segons l\u2019adscripci\u00f3 pol\u00edtica i el rigor intel\u00b7lectuals dels personatges. El llibre est\u00e0 ple d\u2019interpretacions fant\u00e0stiques i fins i tot aberrants, de les qual no se salven ni Men\u00e9ndez Pidal, Ortega y Gassset, Prat de la Riba&#8230;.<\/p>\n\n\n\n<p>Ens pot sorprendre aquesta obsessi\u00f3 per temes tan nebulosos com els or\u00edgens racials o la insist\u00e8ncia en datar els car\u00e0cter psicol\u00f2gics dels pobles en \u00e8poques remotes, per\u00f2 aquesta mania no era gens arbitr\u00e0ria, tenia un objectiu ben prec\u00eds: legitimar les configuracions de cada naci\u00f3.<\/p>\n\n\n\n<p>La conclusi\u00f3 de Pau Viciano \u00e9s que les hist\u00f2ries nacionals, ja siguen de nacions amb Estat o de nacions sense Estat, sempre s\u00f3n \u201cimaginades\u201d, bastides amb els mateixos mecanisme de narraci\u00f3 hist\u00f2rica i que, per tant, poden ser igual de falses o igual de veritables.<\/p>\n\n\n\n<p><em>Des de temps immemorials<\/em>&nbsp;\u00e9s un llibre \u00e0gil i ben escrit que dibuixa amb claredat la complexa evoluci\u00f3 de les visions hist\u00f2riques de Fran\u00e7a, Espanya i Catalunya. Tot plegat, \u00e9s un superb assaig hist\u00f2ric per l\u00b4amplitud dels seus objectius i pel rigor de la seua an\u00e0lisi, i \u00e9s ben segur que ser\u00e0 una obra de refer\u00e8ncia per als estudis que es puguen fer en un futur sobre les identitats nacionals.<\/p>\n\n\n\n<p>EL PA\u00cdS, QUADERN, 29\/05\/2003<\/p>\n\n\n\n<p><a rel=\"noreferrer noopener\" href=\"http:\/\/calafat.cat\/#facebook\" target=\"_blank\">Facebook<\/a>&nbsp;<a rel=\"noreferrer noopener\" href=\"http:\/\/calafat.cat\/#twitter\" target=\"_blank\">Twitter<\/a>&nbsp;<a href=\"https:\/\/www.addtoany.com\/share#url=http%3A%2F%2Fcalafat.cat%2Farticles%2Faixo-vol-dir-que-era&amp;title=Aix%C3%B2%20vol%20dir%20que%20era...\">&nbsp;Comparteix a<\/a><\/p>\n\n\n\n<p>Articles recents:&nbsp;<\/p>\n\n\n\n<p><a href=\"http:\/\/calafat.cat\/index.php\/les-geografies-literaries-dels-escriptors-valencians-2\/\" data-type=\"page\" data-id=\"1651\">Les geografies liter\u00e0ries dels escriptors valencians<\/a><\/p>\n\n\n\n<p><a href=\"http:\/\/calafat.cat\/index.php\/latraccio-del-desconegut-3\/\" data-type=\"page\" data-id=\"1647\">L&#8217;atracci\u00f3 del desconegut<\/a><\/p>\n\n\n\n<p><a href=\"http:\/\/calafat.cat\/index.php\/en-el-cor-de-la-tempesta-2\/\" data-type=\"page\" data-id=\"1065\">En el cor de la tempesta<\/a><\/p>\n<\/div>\n\n\n\n<div class=\"wp-block-column is-layout-flow wp-block-column-is-layout-flow\" style=\"flex-basis:50%\">\n<figure class=\"wp-block-image size-full\"><img loading=\"lazy\" decoding=\"async\" width=\"379\" height=\"283\" src=\"http:\/\/calafat.cat\/wp-content\/uploads\/2022\/05\/aixo-vol-dir-que-era-2.jpeg\" alt=\"\" class=\"wp-image-3110\" srcset=\"https:\/\/calafat.cat\/wp-content\/uploads\/2022\/05\/aixo-vol-dir-que-era-2.jpeg 379w, https:\/\/calafat.cat\/wp-content\/uploads\/2022\/05\/aixo-vol-dir-que-era-2-300x224.jpeg 300w\" sizes=\"auto, (max-width: 379px) 100vw, 379px\" \/><figcaption>Pau Viciano. Fotografia: Tania Castro. Font: elpais.com<br><br>Des de temps immemorial. Pau Viciano. Col\u00b7lecci\u00f3 Arguments, Editorial T\u00e0ndem. Val\u00e8ncia, 2003 214 p\u00e0gs.<br><br>Etiquetes:\u00a0<a href=\"http:\/\/calafat.cat\/index.php\/2003-2\/\" data-type=\"page\" data-id=\"2143\">2003<\/a> <a href=\"http:\/\/calafat.cat\/index.php\/publicat-a\/el-pais\/\" data-type=\"page\" data-id=\"108\">El Pa\u00eds<\/a> <a href=\"http:\/\/calafat.cat\/index.php\/per-generes\/assaig\/\" data-type=\"page\" data-id=\"83\">Assaig<\/a><\/figcaption><\/figure>\n<\/div>\n<\/div>\n","protected":false},"excerpt":{"rendered":"<p>Actualment se\u2019n parla molt, de nacionalisme. Ac\u00ed i a tot arreu. En les altes esferes de l\u2019Estat, i en molts altres \u00e0mbits, tendeixen a identificar maliciosament el nacionalisme com una caracter\u00edstica exclusiva dels moviments reivindicatius d\u2019una identitat cultural pr\u00f2pia i sovint els presenten com a moviments excloents. En les \u00faltimes d\u00e8cades, despr\u00e9s de la desfeta &#8230; <a title=\"Aix\u00f2 vol dir que era&#8230;\" class=\"read-more\" href=\"https:\/\/calafat.cat\/index.php\/aixo-vol-dir-que-era\/\" aria-label=\"M\u00e1s en Aix\u00f2 vol dir que era&#8230;\">Leer m\u00e1s<\/a><\/p>\n","protected":false},"author":1,"featured_media":0,"parent":0,"menu_order":0,"comment_status":"closed","ping_status":"closed","template":"","meta":{"footnotes":""},"class_list":["post-1346","page","type-page","status-publish"],"_links":{"self":[{"href":"https:\/\/calafat.cat\/index.php\/wp-json\/wp\/v2\/pages\/1346","targetHints":{"allow":["GET"]}}],"collection":[{"href":"https:\/\/calafat.cat\/index.php\/wp-json\/wp\/v2\/pages"}],"about":[{"href":"https:\/\/calafat.cat\/index.php\/wp-json\/wp\/v2\/types\/page"}],"author":[{"embeddable":true,"href":"https:\/\/calafat.cat\/index.php\/wp-json\/wp\/v2\/users\/1"}],"replies":[{"embeddable":true,"href":"https:\/\/calafat.cat\/index.php\/wp-json\/wp\/v2\/comments?post=1346"}],"version-history":[{"count":3,"href":"https:\/\/calafat.cat\/index.php\/wp-json\/wp\/v2\/pages\/1346\/revisions"}],"predecessor-version":[{"id":3719,"href":"https:\/\/calafat.cat\/index.php\/wp-json\/wp\/v2\/pages\/1346\/revisions\/3719"}],"wp:attachment":[{"href":"https:\/\/calafat.cat\/index.php\/wp-json\/wp\/v2\/media?parent=1346"}],"curies":[{"name":"wp","href":"https:\/\/api.w.org\/{rel}","templated":true}]}}