{"id":1510,"date":"2022-04-27T09:56:46","date_gmt":"2022-04-27T09:56:46","guid":{"rendered":"http:\/\/calafat.cat\/?page_id=1510"},"modified":"2022-05-12T16:07:54","modified_gmt":"2022-05-12T16:07:54","slug":"qui-passa-fira-llibres-empeny","status":"publish","type":"page","link":"https:\/\/calafat.cat\/index.php\/qui-passa-fira-llibres-empeny\/","title":{"rendered":"Qui passa fira, llibres empeny"},"content":{"rendered":"\n<div class=\"wp-block-columns alignwide is-layout-flex wp-container-core-columns-is-layout-9d6595d7 wp-block-columns-is-layout-flex\">\n<div class=\"wp-block-column is-layout-flow wp-block-column-is-layout-flow\" style=\"flex-basis:50%\">\n<p>Les cerim\u00f2nies anuals de la Fira del Llibre poden semblar un ritual habitual, per\u00f2 darrere seu hi ha els esfor\u00e7os i les esperances dels protagonistes \u2014escriptors, il\u00b7lustradors, editors i llibreters\u2014 de seduir els lectors amb petits miracles. Diem miracle a consci\u00e8ncia, perqu\u00e8 a causa de la complexitat dels mercats i de la compet\u00e8ncia d\u2019altres \u00e0mbits, escriure i publicar un llibre \u00e9s una inc\u00f2gnita. I m\u00e9s encara en un pa\u00eds on els governants, a part de la pedra i del llen\u00e7, que no parlen molt, sembla que cada dia tenen menys tractes amb l\u2019art de la paraula. Deu ser que aquest art es cou en la sensibilitat, i sembla que com m\u00e9s va aquesta mat\u00e8ria m\u00e9s fuig del seu horitz\u00f3. Siga com vinguen les circumst\u00e0ncies, als ciutadans ens cal celebrar ritualment la festa de la paraula, fer nostres somnis i ficcions, inquietuds i anhels dels mons de paraules amb que ens inunden. La seua sensibilitat hauria de ser el nostre pa de cada dia.<\/p>\n\n\n\n<p>Novel\u00b7la<br>Aquesta temporada la novel\u00b7la de m\u00e9s projecci\u00f3 ser\u00e0 segurament&nbsp;<em>Bulevard dels francesos<\/em>&nbsp;(Columna) de Ferran Torrent. \u00c9s un llibre valent perqu\u00e8, sense perdre el segell de la casa, aposta fort: novel\u00b7lar l\u2019evoluci\u00f3 de la societat valenciana i els efectes perversos del franquisme per mitj\u00e0 d\u2019un doble espill que mire tant el passat com el present a fi de representar, d\u2019una part, conflictes socials i pol\u00edtics, i de l\u2019altra, un present desil\u00b7lusionat representat per dos descreguts. Trama polic\u00edaca, rapidesa, humor corrosiu i personatges de llarg abast. Evocar aquells anys, per\u00f2 amb un objectiu m\u00e9s modest, \u00e9s la intenci\u00f3 de&nbsp;<em>Dies d\u2019estiu del 63<\/em>&nbsp;(Edicions 3 i 4) d\u2019Albert Hern\u00e0ndez Xulvi, que projecta les ferides d\u2019un temps irrespirable en les vides fr\u00e0gils dels protagonistes.<\/p>\n\n\n\n<p>La novel\u00b7la hist\u00f2rica guanya posicions en la borsa liter\u00e0ria. Pepa Guardiola, amb&nbsp;<em>El desordre de les dames<\/em>&nbsp;(Bromera), ens transporta al segle XIII per narrar les aventures de tres dones coratjoses de religions diverses que fan del desordre la seua manera de viure. Rafa Escobar, en&nbsp;<em>El crit de maig<\/em>&nbsp;(Edicions 3 i 4), narra les perip\u00e8cies i el dest\u00ed tr\u00e0gic dels protagonistes de la segona Germania a la fi del XVII. Com sempre, Vicent Josep Escart\u00ed, en&nbsp;<em>L\u2019abellerol mort<\/em>&nbsp;(Bromera), trau bons r\u00e8dits literaris gr\u00e0cies a una prosa d\u2019al\u00e9 esponj\u00f3s i sumptuositats barroques. El protagonista fa un llarg viatge per la Mediterr\u00e0nia del XVIII per trobar el culpable de la mort del seu pare.&nbsp;<em>El metge de la Inquisici\u00f3<\/em>&nbsp;(Barcanova), de Ramon Pastor, situa en una epid\u00e8mia que assola l\u2019Alacant del XIX un personatge que ha de sortejar els perills de la Inquisici\u00f3 i la ma\u00e7oneria. En el seu bateig novel\u00b7l\u00edstic&nbsp;<em>El bes de l\u2019aigua<\/em>&nbsp;(Bullent), Elvira Cambrils es decanta per les inquietuds socials i pol\u00edtiques de la Rep\u00fablica a la Marina. Situades en l\u2019actualitat trobem&nbsp;<em>Andr\u00f2mines<\/em>&nbsp;(Edicions 3 i 4), de Rafa Gomar, un homenatge particular a Val\u00e8ncia a trav\u00e9s d\u2019un personatge que es ref\u00e0 de la p\u00e8rdua de la dona. En la mateixa editorial apareix&nbsp;<em>Els ulls del gos<\/em>, de Joaquim Caturla, on el protagonista tamb\u00e9 viudo, enmig del desconsol s\u2019allibera amb el crit del sexe, que li complica l\u2019exist\u00e8ncia. \u00c9s francament bona&nbsp;<em>La casa de gel<\/em>&nbsp;(Bromera), de Joan Pons, una hist\u00f2ria de pura sensibilitat que conta la vida de l\u2019home m\u00e9s lleig del m\u00f3n.<\/p>\n\n\n\n<p>Narrativa<br>L\u2019aparador de la narrativa curta presenta&nbsp;<em>Lennon i Anna<\/em>&nbsp;(Bromera), de Vicent Borr\u00e0s, hist\u00f2ries que reflecteixen el pas dels joves a l\u2019edat adulta per constatar la vida com una col\u00b7lecci\u00f3 llarga d\u2019abandons;&nbsp;<em>Homes<\/em>&nbsp;(Bromera) d\u2019Isabel-Clara Sim\u00f3, on desfilen un ventall llarg de figures que descriuen la condici\u00f3 masculina, i&nbsp;<em>Set narracions curtes per a una setmana llarga<\/em>&nbsp;(Onada), de Joan A. Sorribes. Sense oblidar la reescriptura d\u2019<em>Espiral<\/em>&nbsp;(Proa), que ha perm\u00e9s a Manuel Baixauli fer relluir tota la m\u00e0gia i el desassossec que l\u2019alimentava.<\/p>\n\n\n\n<p>En l\u2019\u00e0mbit de la prosa liter\u00e0ria, destaca&nbsp;<em>Francesc de Borja, el duc sant<\/em>&nbsp;(Edicions 62), on Josep Piera basteix una aproximaci\u00f3 ben suggeridora a una figura que tri\u00e0 la vida de santedat i sedu\u00ed l\u2019Europa del segle XVI. I dos t\u00edtols tocats per la curiositat viatgera:&nbsp;<em>El m\u00f3n en dotze postals<\/em>&nbsp;(Proa), on Josep-Baptista Campos recrea les seues viv\u00e8ncies en pa\u00efsos dels quatre continents, i&nbsp;<em>M\u00e9s enll\u00e0 de San Francisco<\/em>&nbsp;(Bromera), en qu\u00e8 Toni Moll\u00e0 descriu un viatge a l\u2019estat americ\u00e0, acolorit amb refer\u00e8ncies culturals.<\/p>\n\n\n\n<p>Poesia<br>De l\u2019\u00faltima tardor po\u00e8tica potser el llibre m\u00e9s agosarat siga&nbsp;<em>All\u00e0 on les grues nien<\/em>&nbsp;(Edicions 62), d\u2019Elies Barber\u00e0, el qual amb el bistur\u00ed del vers furga en les ferides que supuren de la ciutat, i en pinta una visi\u00f3 al\u00b7lucinada, d\u2019imatges rotundes i una expressivitat sense concessions. \u00c9s singular&nbsp;<em>Cr\u00f2nica de Cal\u00e0bria<\/em>&nbsp;(Bromera), d\u2019Iban L. Llop, atent al detall quotidi\u00e0 i al m\u00f3n i les trag\u00e8dies que provoca la m\u00e0fia italiana. Ha sorpr\u00e9s el debut po\u00e8tic d\u2019Isabel-Clara Sim\u00f3, que, en&nbsp;<em>El conjur<\/em>&nbsp;(Edicions 62), demostra destresa l\u00edrica i for\u00e7a imaginativa. Al marge de la t\u00f2nica dominant, marcada per la narrativitat o el prosaisme, hi ha el lirisme t\u00e8nue per\u00f2 intens de Bernat Blanch amb&nbsp;<em>Espiga<\/em>&nbsp;(Meteora). Altres obres on es pot espigolar al\u00b7licients diversos s\u00f3n:&nbsp;<em>Hom\u00e8rides<\/em>&nbsp;(Bromera), de Vicent Penya, i&nbsp;<em>Varador de sorra<\/em>&nbsp;(Pag\u00e8s Editors), de Pepa \u00dabeda.<\/p>\n\n\n\n<p>Ben recents s\u00f3n dos t\u00edtols de pes. Un,&nbsp;<em>Abisme i ocell<\/em>&nbsp;(Bromera), on Ramon Guillem per mitj\u00e0 de la llum i la foscor i la cal\u00b7ligrafia de la natura esculpeix una poesia reflexiva i de tensa emotivitat. L\u2019altre,&nbsp;<em>Un nu<\/em>&nbsp;(PUV) de Josep Pal\u00e0cios, \u00e9s un riu de lava po\u00e8tica de m\u00e9s de 3.000 versos on forja un discurs laber\u00edntic que avan\u00e7a sobre el tall de la paradoxa. Una par\u00f2dia i alhora un homenatge a la cultura i el pensament europeus.<\/p>\n\n\n\n<p>Assaig<br>L\u2019assaig, amb les seues versions, \u00e9s un g\u00e8nere on s\u2019han obtingut darrerament resultats \u00f2ptims. En l\u2019\u00e0mbit de la literatura, ha aparegut una biografia molt bona,&nbsp;<em>Ausias Marc<\/em>&nbsp;(PUV) de Ferran Garcia-Oliver, que amb la conjura del document i del vers reviu les circumst\u00e0ncies i els afanys de l\u2019home que podria haver sigut.&nbsp;<em>El Mural com a fons. La poesia de Vicent Andr\u00e9s Estell\u00e9s<\/em>&nbsp;(Perif\u00e8ric editors), de Jaume P\u00e9rez Montaner, \u00e9s una recopilaci\u00f3 de diverses mirades sobre el millor cantor de la ciutat de Val\u00e8ncia. Abelard Saragoss\u00e0, en&nbsp;<em>El valenci\u00e0 de Bernat i Baldov\u00ed<\/em>&nbsp;(Bromera), mira de revitalitzar l\u2019aportaci\u00f3 l\u00e8xica del poeta m\u00e9s popular del segle XIX. En l\u2019assaig hist\u00f2ric destaquen dues bones propostes:&nbsp;<em>Franco contra Flash Gordon<\/em>&nbsp;(3 i 4), de Vicent Sanchis, un estudi minuci\u00f3s sobre els estralls de la censura en els c\u00f2mics, i&nbsp;<em>Hist\u00f2ria social de la filosofia catalana. La l\u00f2gica<\/em>&nbsp;(1900-1980) (Afers), de Xavier Serra, una reconstrucci\u00f3 l\u00facida i de bon llegir dels estudis de l\u00f2gica com a instituci\u00f3 acad\u00e8mica, on sovint les mis\u00e8ries humanes i els interessos personals condicionen m\u00e9s que les altures acad\u00e8miques. L\u2019actualitat centra dos bons treballs. Enric Balaguer, amb&nbsp;<em>La vulgaritat i altres tribulacions dels nostres dies<\/em>&nbsp;(Edicions 3 i 4), estudia com la banalitzaci\u00f3 i les mutacions en les relacions humanes s\u2019escampen en el nostre m\u00f3n global, i Manuel Alcaraz, un estudi\u00f3s amb idees ben moblades, que amb&nbsp;<em>De l\u2019\u00e8xit a la crisi. Pamflet sobre pol\u00edtica valenciana<\/em>&nbsp;(PUV) aconsegueix una fabulosa i demolidora radiografia de la situaci\u00f3 pol\u00edtica valenciana: les claus de l\u2019\u00e8xit i alhora frac\u00e0s de gesti\u00f3 de la dreta, i els errors, les in\u00e8rcies i la volada curta de les esquerres valencianes.<\/p>\n\n\n\n<p>EL PA\u00cdS, QUADERN, 22\/04\/2010<\/p>\n\n\n\n<p>Descarrega&#8217;t l&#8217;original:\u00a0<img decoding=\"async\" src=\"http:\/\/calafat.cat\/modules\/file\/icons\/application-pdf.png\" alt=\"PDF icon\"><a href=\"http:\/\/calafat.cat\/sites\/default\/files\/qui-passa-fira-llibres-empeny.pdf\">qui-passa-fira-llibres-empeny.pdf<\/a><\/p>\n\n\n\n<p><a rel=\"noreferrer noopener\" href=\"http:\/\/calafat.cat\/#facebook\" target=\"_blank\">Facebook<\/a>\u00a0<a rel=\"noreferrer noopener\" href=\"http:\/\/calafat.cat\/#twitter\" target=\"_blank\">Twitter<\/a>\u00a0<a href=\"https:\/\/www.addtoany.com\/share#url=http%3A%2F%2Fcalafat.cat%2Farticles%2Fqui-passa-fira-llibres-empeny&amp;title=Qui%20passa%20fira%2C%20llibres%20empeny\">\u00a0Comparteix a<\/a><\/p>\n\n\n\n<p>Articles recents:<\/p>\n\n\n\n<p>\u00a0<a href=\"http:\/\/calafat.cat\/index.php\/viatge-iniciatic-i-catartic-al-mon-sorprenent-del-primer-estelles-2\/\" data-type=\"page\" data-id=\"2032\">Viatge inici\u00e0tic i cat\u00e0rtic al m\u00f3n sorprenent del primer Estell\u00e9s<\/a><\/p>\n\n\n\n<p><a href=\"http:\/\/calafat.cat\/index.php\/laura-contaminada-de-valencia\/\" data-type=\"page\" data-id=\"1046\">L&#8217;aura contaminada de Val\u00e8ncia<\/a><\/p>\n\n\n\n<p><a href=\"http:\/\/calafat.cat\/index.php\/els-fulgors-del-vertigen\/\" data-type=\"page\" data-id=\"1056\">Els fulgors del vertigen<\/a><\/p>\n<\/div>\n\n\n\n<div class=\"wp-block-column is-layout-flow wp-block-column-is-layout-flow\" style=\"flex-basis:50%\">\n<figure class=\"wp-block-image size-full\"><img loading=\"lazy\" decoding=\"async\" width=\"379\" height=\"204\" src=\"http:\/\/calafat.cat\/wp-content\/uploads\/2022\/05\/1-53.jpeg\" alt=\"\" class=\"wp-image-3389\" srcset=\"https:\/\/calafat.cat\/wp-content\/uploads\/2022\/05\/1-53.jpeg 379w, https:\/\/calafat.cat\/wp-content\/uploads\/2022\/05\/1-53-300x161.jpeg 300w\" sizes=\"auto, (max-width: 379px) 100vw, 379px\" \/><figcaption>Panor\u00e0mica de la Fira del Llibre de Val\u00e8ncia.<br>Fotografia: M\u00f3nica Torres. Font: elpais.com<br><br>Etiquetes:\u00a0<a href=\"http:\/\/calafat.cat\/index.php\/2010-3\/\" data-type=\"page\" data-id=\"2169\">2010<\/a> <a href=\"http:\/\/calafat.cat\/index.php\/publicat-a\/el-pais\/\" data-type=\"page\" data-id=\"108\">El Pa\u00eds<\/a> <a href=\"http:\/\/calafat.cat\/index.php\/per-generes\/panoramiques\/\" data-type=\"page\" data-id=\"96\">Panor\u00e0miques<\/a><\/figcaption><\/figure>\n<\/div>\n<\/div>\n","protected":false},"excerpt":{"rendered":"<p>Les cerim\u00f2nies anuals de la Fira del Llibre poden semblar un ritual habitual, per\u00f2 darrere seu hi ha els esfor\u00e7os i les esperances dels protagonistes \u2014escriptors, il\u00b7lustradors, editors i llibreters\u2014 de seduir els lectors amb petits miracles. Diem miracle a consci\u00e8ncia, perqu\u00e8 a causa de la complexitat dels mercats i de la compet\u00e8ncia d\u2019altres \u00e0mbits, &#8230; <a title=\"Qui passa fira, llibres empeny\" class=\"read-more\" href=\"https:\/\/calafat.cat\/index.php\/qui-passa-fira-llibres-empeny\/\" aria-label=\"M\u00e1s en Qui passa fira, llibres empeny\">Leer m\u00e1s<\/a><\/p>\n","protected":false},"author":1,"featured_media":0,"parent":0,"menu_order":0,"comment_status":"closed","ping_status":"closed","template":"","meta":{"footnotes":""},"class_list":["post-1510","page","type-page","status-publish"],"_links":{"self":[{"href":"https:\/\/calafat.cat\/index.php\/wp-json\/wp\/v2\/pages\/1510","targetHints":{"allow":["GET"]}}],"collection":[{"href":"https:\/\/calafat.cat\/index.php\/wp-json\/wp\/v2\/pages"}],"about":[{"href":"https:\/\/calafat.cat\/index.php\/wp-json\/wp\/v2\/types\/page"}],"author":[{"embeddable":true,"href":"https:\/\/calafat.cat\/index.php\/wp-json\/wp\/v2\/users\/1"}],"replies":[{"embeddable":true,"href":"https:\/\/calafat.cat\/index.php\/wp-json\/wp\/v2\/comments?post=1510"}],"version-history":[{"count":2,"href":"https:\/\/calafat.cat\/index.php\/wp-json\/wp\/v2\/pages\/1510\/revisions"}],"predecessor-version":[{"id":3391,"href":"https:\/\/calafat.cat\/index.php\/wp-json\/wp\/v2\/pages\/1510\/revisions\/3391"}],"wp:attachment":[{"href":"https:\/\/calafat.cat\/index.php\/wp-json\/wp\/v2\/media?parent=1510"}],"curies":[{"name":"wp","href":"https:\/\/api.w.org\/{rel}","templated":true}]}}