{"id":1514,"date":"2022-04-27T09:57:22","date_gmt":"2022-04-27T09:57:22","guid":{"rendered":"http:\/\/calafat.cat\/?page_id=1514"},"modified":"2022-05-12T16:12:11","modified_gmt":"2022-05-12T16:12:11","slug":"un-mon-gran-i-terrible","status":"publish","type":"page","link":"https:\/\/calafat.cat\/index.php\/un-mon-gran-i-terrible\/","title":{"rendered":"Un m\u00f3n gran i terrible"},"content":{"rendered":"\n<div class=\"wp-block-columns alignwide is-layout-flex wp-container-core-columns-is-layout-9d6595d7 wp-block-columns-is-layout-flex\">\n<div class=\"wp-block-column is-layout-flow wp-block-column-is-layout-flow\" style=\"flex-basis:50%\">\n<p>Qu\u00e8 du a transfigurar-se en Unai Siset autors tan diferents com P.Alapont, M.Baixauli, V.Borr\u00e0s, E.Camps, A.Greus, U.Lozano i V.Us\u00f3? Diversos motius. Volen trencar la monotonia d\u2019un panorama literari totalment desat\u00e9s per les altes institucions del Pa\u00eds i superar la desconnexi\u00f3 que sovint hi ha en el gremi. L\u2019objectiu \u00e9s mirar de crear expectativas amb un projecte innovador que consisteix a convertir la ficci\u00f3 en un experiment literari que vaja m\u00e9s enll\u00e0 del llibre i dels autors. L\u2019antecedent que conec \u00e9s el M\u00e0rius Serra que conclogu\u00e9&nbsp;<em>Monocle<\/em>&nbsp;amb la col\u00b7laboraci\u00f3 dels seus lectors. El full de ruta d\u2019Unai Siset \u00e9s diferent: amb l\u2019obra acabada es proposen eixamplar el viatge creatiu amb la participaci\u00f3 dels lectors per mitj\u00e0 d\u2019una web i del Facebook.<\/p>\n\n\n\n<p>Els resultats s\u00f3n encara incerts, i tot dependr\u00e0 dels hams i les incitacions que s\u00e0pia inventar l\u2019autor col\u00b7lectiu. All\u00f2 cert, per ara, \u00e9s que la proposta \u00e9s valenta.&nbsp;<em>Subs\u00f2l<\/em>&nbsp;es proposa d\u2019imaginar, a partir una foto inquietant feta al metro de Par\u00eds l\u2019any 1979, vides unides per l\u2019atzar i mostrar-ne passions i somnis, viv\u00e8ncies i frustracions, secrets i desesperances. Embastades amb el fil del thriller, consistent en l\u2019ocultaci\u00f3 i el descobriment gradual o parcial dels enigmes. Aix\u00ed, observem un germ\u00e0 que busca el bess\u00f3 que no coneix; el fill del president de la Rep\u00fablica que tracta de salvar el nom del pare; la mala consci\u00e8ncia d\u2019un estudiant que, per ajudar un amic, admirador de les gestes antisistema d\u2019un terrorista, causa ferides profundes en una jove, o la vida solit\u00e0ria d\u2019una arquitecta vision\u00e0ria\u2026 Fet i fet, Unai Siset no vol alli\u00e7onar, sin\u00f3 explorar aquest m\u00f3n gran i sovint terrible, on l\u2019inesperat pot tenir efectes dram\u00e0tics, fins i tot morals, en la vida de les persones, i que posen de manifest \u201cl\u2019impossible control de les coses reals\u201d, que diu Philip Roth en&nbsp;<em>Operaci\u00f3 Shylock<\/em>.&nbsp;<em>Subs\u00f2l<\/em>&nbsp;\u00e9s divers en resultats, per\u00f2 els relats dedicats a Henry, Judes o Orofila, posem per cas, ofereixen al\u00b7licients raonables al lector.<\/p>\n\n\n\n<p>EL PA\u00cdS, QUADERN 18\/11\/2010<\/p>\n\n\n\n<p>Descarrega&#8217;t l&#8217;original:\u00a0<img decoding=\"async\" src=\"http:\/\/calafat.cat\/modules\/file\/icons\/application-pdf.png\" alt=\"PDF icon\"><a href=\"http:\/\/calafat.cat\/sites\/default\/files\/un-mon-gran-i-terrible.pdf\">un-mon-gran-i-terrible.pdf<\/a><\/p>\n\n\n\n<p><a rel=\"noreferrer noopener\" href=\"http:\/\/calafat.cat\/#facebook\" target=\"_blank\">Facebook<\/a>\u00a0<a rel=\"noreferrer noopener\" href=\"http:\/\/calafat.cat\/#twitter\" target=\"_blank\">Twitter<\/a>\u00a0<a href=\"https:\/\/www.addtoany.com\/share#url=http%3A%2F%2Fcalafat.cat%2Farticles%2Fun-mon-gran-i-terrible&amp;title=Un%20m%C3%B3n%20gran%20i%20terrible\">\u00a0Comparteix a<\/a><\/p>\n\n\n\n<p>Articles recents:<\/p>\n\n\n\n<p>\u00a0<a href=\"http:\/\/calafat.cat\/index.php\/viatge-iniciatic-i-catartic-al-mon-sorprenent-del-primer-estelles-2\/\" data-type=\"page\" data-id=\"2032\">Viatge inici\u00e0tic i cat\u00e0rtic al m\u00f3n sorprenent del primer Estell\u00e9s<\/a><\/p>\n\n\n\n<p><a href=\"http:\/\/calafat.cat\/index.php\/laura-contaminada-de-valencia\/\" data-type=\"page\" data-id=\"1046\">L&#8217;aura contaminada de Val\u00e8ncia<\/a><\/p>\n\n\n\n<p><a href=\"http:\/\/calafat.cat\/index.php\/pulsions-en-un-moviment-permament\/\" data-type=\"page\" data-id=\"1061\">Pulsions en un moviment permament<\/a><\/p>\n<\/div>\n\n\n\n<div class=\"wp-block-column is-layout-flow wp-block-column-is-layout-flow\" style=\"flex-basis:50%\">\n<figure class=\"wp-block-image size-full\"><img loading=\"lazy\" decoding=\"async\" width=\"379\" height=\"263\" src=\"http:\/\/calafat.cat\/wp-content\/uploads\/2022\/05\/1-55.jpeg\" alt=\"\" class=\"wp-image-3395\" srcset=\"https:\/\/calafat.cat\/wp-content\/uploads\/2022\/05\/1-55.jpeg 379w, https:\/\/calafat.cat\/wp-content\/uploads\/2022\/05\/1-55-300x208.jpeg 300w\" sizes=\"auto, (max-width: 379px) 100vw, 379px\" \/><figcaption>Unai Siset (Vicent Us\u00f3, Pasqual Alapont, Esperan\u00e7a Camps,<br>Urb\u00e0 Lozano, Vicent Borr\u00e0s, Manuel Baixauli i \u00c0lan Greus).<br>Font: ecamps.cat<br><br>Suns\u00f2l. Unai Siset. Edicions Bromera, Alzira, 2010. 181 p\u00e0gs.<br><br>Etiquetes:\u00a0<a href=\"http:\/\/calafat.cat\/index.php\/2010-3\/\" data-type=\"page\" data-id=\"2169\">2010<\/a> <a href=\"http:\/\/calafat.cat\/index.php\/publicat-a\/el-pais\/\" data-type=\"page\" data-id=\"108\">El Pa\u00eds<\/a> <a href=\"http:\/\/calafat.cat\/index.php\/per-generes\/narrativa\/\" data-type=\"page\" data-id=\"94\">Narrativa<\/a><\/figcaption><\/figure>\n<\/div>\n<\/div>\n","protected":false},"excerpt":{"rendered":"<p>Qu\u00e8 du a transfigurar-se en Unai Siset autors tan diferents com P.Alapont, M.Baixauli, V.Borr\u00e0s, E.Camps, A.Greus, U.Lozano i V.Us\u00f3? Diversos motius. Volen trencar la monotonia d\u2019un panorama literari totalment desat\u00e9s per les altes institucions del Pa\u00eds i superar la desconnexi\u00f3 que sovint hi ha en el gremi. L\u2019objectiu \u00e9s mirar de crear expectativas amb un &#8230; <a title=\"Un m\u00f3n gran i terrible\" class=\"read-more\" href=\"https:\/\/calafat.cat\/index.php\/un-mon-gran-i-terrible\/\" aria-label=\"M\u00e1s en Un m\u00f3n gran i terrible\">Leer m\u00e1s<\/a><\/p>\n","protected":false},"author":1,"featured_media":0,"parent":0,"menu_order":0,"comment_status":"closed","ping_status":"closed","template":"","meta":{"footnotes":""},"class_list":["post-1514","page","type-page","status-publish"],"_links":{"self":[{"href":"https:\/\/calafat.cat\/index.php\/wp-json\/wp\/v2\/pages\/1514","targetHints":{"allow":["GET"]}}],"collection":[{"href":"https:\/\/calafat.cat\/index.php\/wp-json\/wp\/v2\/pages"}],"about":[{"href":"https:\/\/calafat.cat\/index.php\/wp-json\/wp\/v2\/types\/page"}],"author":[{"embeddable":true,"href":"https:\/\/calafat.cat\/index.php\/wp-json\/wp\/v2\/users\/1"}],"replies":[{"embeddable":true,"href":"https:\/\/calafat.cat\/index.php\/wp-json\/wp\/v2\/comments?post=1514"}],"version-history":[{"count":3,"href":"https:\/\/calafat.cat\/index.php\/wp-json\/wp\/v2\/pages\/1514\/revisions"}],"predecessor-version":[{"id":3397,"href":"https:\/\/calafat.cat\/index.php\/wp-json\/wp\/v2\/pages\/1514\/revisions\/3397"}],"wp:attachment":[{"href":"https:\/\/calafat.cat\/index.php\/wp-json\/wp\/v2\/media?parent=1514"}],"curies":[{"name":"wp","href":"https:\/\/api.w.org\/{rel}","templated":true}]}}