{"id":1516,"date":"2022-04-27T09:57:46","date_gmt":"2022-04-27T09:57:46","guid":{"rendered":"http:\/\/calafat.cat\/?page_id=1516"},"modified":"2022-05-18T15:12:11","modified_gmt":"2022-05-18T15:12:11","slug":"un-ram-de-llum","status":"publish","type":"page","link":"https:\/\/calafat.cat\/index.php\/un-ram-de-llum\/","title":{"rendered":"Un ram de llum"},"content":{"rendered":"\n<div class=\"wp-block-columns alignwide is-layout-flex wp-container-core-columns-is-layout-9d6595d7 wp-block-columns-is-layout-flex\">\n<div class=\"wp-block-column is-layout-flow wp-block-column-is-layout-flow\" style=\"flex-basis:50%\">\n<p>H\u00e8cuba, protagonista del mon\u00f2leg central de&nbsp;<em>Dones, dones, dones<\/em>, \u00e9s la cobertura m\u00edtica que irradia l\u2019obra per ser l\u2019emblema de la dona de tots els temps i el clam per la llibertat i la dignitat del g\u00e8nere femen\u00ed. Els lectors de Molins saben que la pres\u00e8ncia del mite, d\u2019\u00edndole variada, en la seua obra no \u00e9s decoraci\u00f3; \u00e9s la lava que fa bullir de drama i sentits les hist\u00f2ries, perqu\u00e8 els mites s\u00f3n les lletres claus de l\u2019ADN de la condici\u00f3 humana. Aix\u00ed, H\u00e8cuba, v\u00edctima de la guerra i de l\u2019odi dels homes, convoca, com diu Francesc Foguet en el pr\u00f2leg il\u00b7luminador, un \u201coratori laic de veus i ressons\u201d.<\/p>\n\n\n\n<p>Molins \u00e9s dels autors que miren el m\u00f3n i l\u2019escodrinyen amb el bistur\u00ed de la inquietud i n\u2019extrau per a la dramat\u00fargia fets que cremen i que representen per als personatges que els viuen un terratr\u00e8mol i un repte. La seua circumst\u00e0ncia trasbalsa la vida dels altres i els obliga a definir-se i a actuar. \u00c9s el cas de les persones que han nascut amb el cos equivocat, que ac\u00ed du el nom d\u2019Hip\u00f2lit-Sandra i \u00e9s el germen de la pe\u00e7a teatral. L\u2019altra ferida social de l\u2019obra l\u2019encarna Alberta, l\u2019assistenta qu\u00edtxua de Sofia, la mamma de la fam\u00edlia, que ha patit en carn viva la humiliaci\u00f3 de l\u2019explotaci\u00f3 i ha sobreviscut en condicions vergonyants.<\/p>\n\n\n\n<p>El convit de la boda de Cassandra \u00e9s l\u2019an\u00e8cdota que genera la confessi\u00f3 de les dones de tres generacions d\u2019una fam\u00edlia, que il\u00b7lustren les complicitats i les desavinences, les afinitats, els conflictes i els silencis inaccessibles que la formen. Els components en s\u00f3n: Sofia, la matriarca i fundadora de l\u2019empresa familiar, les filles (Maria i Marta) i les n\u00e9tes (Cassandra i Hip\u00f2lit-Sandra). A banda de les difer\u00e8ncies, representen l\u2019obstinaci\u00f3 de ser dones emprenedores i la voluntat de marcar el ritme de les seues exist\u00e8ncies. Nom\u00e9s a Marta li toca el paper m\u00e9s lleig. En casar-se amb un notari, s\u2019acomoda a les conversions d\u2019una vida burgesa, i a la llarga patir\u00e0 els estralls de la passivitat. Les dones en l\u2019aventura de la seua afirmaci\u00f3 s\u2019han d\u2019enfrontar al context i superar situacions greus. Ser supervivents les fa m\u00e9s fortes i els aporta una vida interna m\u00e9s fecunda.<\/p>\n\n\n\n<p>Encara que&nbsp;<em>Dones, dones, dones<\/em>&nbsp;no t\u00e9 la fond\u00e0ria d\u2019altres obres, l\u2019autor hi aconsegueix relleus plens de for\u00e7a. \u00c9s brillant en la construcci\u00f3 sim\u00e8trica i circular i en la creaci\u00f3 d\u2019imatges visuals i simb\u00f2liques (els llan\u00e7aments del ram de boda) i domina amb sensibilitat penetrant les veus femenines, f\u00e8rtils en modulacions i revolts, que indaguen all\u00f2 que som i el que significa viure.<\/p>\n\n\n\n<p>EL PA\u00cdS, QUADERN, 15\/04\/2010<\/p>\n\n\n\n<p>Descarrega&#8217;t l&#8217;original:&nbsp;<img decoding=\"async\" src=\"http:\/\/calafat.cat\/modules\/file\/icons\/application-pdf.png\" alt=\"PDF icon\"><a href=\"http:\/\/calafat.cat\/sites\/default\/files\/un-ram-de-llum.pdf\">un-ram-de-llum.pdf<\/a><\/p>\n\n\n\n<p><a rel=\"noreferrer noopener\" href=\"http:\/\/calafat.cat\/#facebook\" target=\"_blank\">Facebook<\/a>&nbsp;<a rel=\"noreferrer noopener\" href=\"http:\/\/calafat.cat\/#twitter\" target=\"_blank\">Twitter<\/a>&nbsp;<a href=\"https:\/\/www.addtoany.com\/share#url=http%3A%2F%2Fcalafat.cat%2Farticles%2Fun-ram-de-llum&amp;title=Un%20ram%20de%20llum\">&nbsp;Comparteix a<\/a><\/p>\n\n\n\n<p>Articles recents:&nbsp;<\/p>\n\n\n\n<p><a href=\"http:\/\/calafat.cat\/index.php\/en-el-cor-de-la-tempesta-2\/\" data-type=\"page\" data-id=\"1065\">En el cor de la tempesta<\/a><\/p>\n\n\n\n<p><a href=\"http:\/\/calafat.cat\/index.php\/el-cami-de-la-poesia-valenciana-dels-setanta-fins-ara\/\" data-type=\"page\" data-id=\"1052\">El cam\u00ed de la poesia valenciana dels setanta fins ara<\/a><\/p>\n\n\n\n<p><a href=\"http:\/\/calafat.cat\/index.php\/el-periple-danar-mes-enlla\/\" data-type=\"page\" data-id=\"1090\">El periple d\u2019anar m\u00e9s enll\u00e0<\/a><\/p>\n<\/div>\n\n\n\n<div class=\"wp-block-column is-layout-flow wp-block-column-is-layout-flow\" style=\"flex-basis:50%\">\n<figure class=\"wp-block-image size-full\"><img loading=\"lazy\" decoding=\"async\" width=\"379\" height=\"268\" src=\"http:\/\/calafat.cat\/wp-content\/uploads\/2022\/05\/1-56.jpeg\" alt=\"\" class=\"wp-image-3398\" srcset=\"https:\/\/calafat.cat\/wp-content\/uploads\/2022\/05\/1-56.jpeg 379w, https:\/\/calafat.cat\/wp-content\/uploads\/2022\/05\/1-56-300x212.jpeg 300w\" sizes=\"auto, (max-width: 379px) 100vw, 379px\" \/><figcaption>Manuel Molins. Font: nuvol.com<br><br>Dones, dones, dones. Manuel Molins. Editorial 3 i 4, Val\u00e8ncia, 2009. 94 p\u00e0gs.<br><br>Etiquetes:\u00a0<a href=\"http:\/\/calafat.cat\/index.php\/2010-3\/\" data-type=\"page\" data-id=\"2169\">2010<\/a> <a href=\"http:\/\/calafat.cat\/index.php\/publicat-a\/el-pais\/\" data-type=\"page\" data-id=\"108\">El Pa\u00eds<\/a> <a href=\"http:\/\/calafat.cat\/index.php\/per-generes\/teatre\/\" data-type=\"page\" data-id=\"102\">Teatre<\/a> <a href=\"http:\/\/calafat.cat\/index.php\/manuel-molins\/\" data-type=\"page\" data-id=\"3863\">Manuel Molins<\/a><\/figcaption><\/figure>\n<\/div>\n<\/div>\n","protected":false},"excerpt":{"rendered":"<p>H\u00e8cuba, protagonista del mon\u00f2leg central de&nbsp;Dones, dones, dones, \u00e9s la cobertura m\u00edtica que irradia l\u2019obra per ser l\u2019emblema de la dona de tots els temps i el clam per la llibertat i la dignitat del g\u00e8nere femen\u00ed. Els lectors de Molins saben que la pres\u00e8ncia del mite, d\u2019\u00edndole variada, en la seua obra no \u00e9s &#8230; <a title=\"Un ram de llum\" class=\"read-more\" href=\"https:\/\/calafat.cat\/index.php\/un-ram-de-llum\/\" aria-label=\"M\u00e1s en Un ram de llum\">Leer m\u00e1s<\/a><\/p>\n","protected":false},"author":1,"featured_media":0,"parent":0,"menu_order":0,"comment_status":"closed","ping_status":"closed","template":"","meta":{"footnotes":""},"class_list":["post-1516","page","type-page","status-publish"],"_links":{"self":[{"href":"https:\/\/calafat.cat\/index.php\/wp-json\/wp\/v2\/pages\/1516","targetHints":{"allow":["GET"]}}],"collection":[{"href":"https:\/\/calafat.cat\/index.php\/wp-json\/wp\/v2\/pages"}],"about":[{"href":"https:\/\/calafat.cat\/index.php\/wp-json\/wp\/v2\/types\/page"}],"author":[{"embeddable":true,"href":"https:\/\/calafat.cat\/index.php\/wp-json\/wp\/v2\/users\/1"}],"replies":[{"embeddable":true,"href":"https:\/\/calafat.cat\/index.php\/wp-json\/wp\/v2\/comments?post=1516"}],"version-history":[{"count":3,"href":"https:\/\/calafat.cat\/index.php\/wp-json\/wp\/v2\/pages\/1516\/revisions"}],"predecessor-version":[{"id":3883,"href":"https:\/\/calafat.cat\/index.php\/wp-json\/wp\/v2\/pages\/1516\/revisions\/3883"}],"wp:attachment":[{"href":"https:\/\/calafat.cat\/index.php\/wp-json\/wp\/v2\/media?parent=1516"}],"curies":[{"name":"wp","href":"https:\/\/api.w.org\/{rel}","templated":true}]}}