{"id":1530,"date":"2022-04-27T10:23:36","date_gmt":"2022-04-27T10:23:36","guid":{"rendered":"http:\/\/calafat.cat\/?page_id=1530"},"modified":"2022-05-12T16:34:17","modified_gmt":"2022-05-12T16:34:17","slug":"identitat-i-viatge-un-mateix-anhel","status":"publish","type":"page","link":"https:\/\/calafat.cat\/index.php\/identitat-i-viatge-un-mateix-anhel\/","title":{"rendered":"Identitat i viatge: un mateix anhel"},"content":{"rendered":"\n<div class=\"wp-block-columns alignwide is-layout-flex wp-container-core-columns-is-layout-9d6595d7 wp-block-columns-is-layout-flex\">\n<div class=\"wp-block-column is-layout-flow wp-block-column-is-layout-flow\" style=\"flex-basis:50%\">\n<p>Els darrers mesos, la poesia de dones ha ofert bones alegries als lectors. Dos casos en serien els llibres d\u2019\u00c0ngels Gregori i de Pepa \u00dabeda, dues poetes d\u2019edats i orientacions diferents.<\/p>\n\n\n\n<p>\u00c0ngels Gregori \u00e9s una escriptora molt jove, guanyadora de premis de consideraci\u00f3, com l\u2019Alfons el Magn\u00e0nim de Val\u00e8ncia, que registren una evoluci\u00f3 remarcable. Tot i que pertany a una generaci\u00f3 on molts creadors es decanten per l\u2019oralitat i l\u2019espectacle, l\u2019autora no perd els par\u00e0metres cl\u00e0ssics del g\u00e8nere, aix\u00f2 s\u00ed confeccionats amb una modulaci\u00f3 pr\u00f2pia. Aposta per una naturalitat que desarma a primer colp d\u2019ull. Des de la senzillesa, trama una veu de replecs i complexitats altament recomanable. L\u2019aire d\u2019innoc\u00e8ncia aconseguit li fa de tornaveu per a expressar l\u2019exaltaci\u00f3 i el goig, per\u00f2 sense refusar mai l\u2019experi\u00e8ncia dolguda deixada caure sovint com si res. \u201cViure les coses com si f\u00f3ra la primera volta\u201d no significa participar de la t\u00e0ctica de l\u2019estru\u00e7, sin\u00f3 des de la consci\u00e8ncia del dolor traure llustre a la vida amb un afany renovat.<\/p>\n\n\n\n<p>Els nuclis que omplin&nbsp;<em>New York, Nabokok &amp; Bicicletes<\/em>, de t\u00edtol tan juganer i ple de suggeriments, s\u00f3n la mem\u00f2ria i l\u2019oblit com a eines d\u2019autodefinici\u00f3, el dolor, l\u2019atzar, la infantesa com una estaci\u00f3 de tornada per a tancar ferides, els pares, l\u2019amor, la lluita constant per crear un clima per a la conviv\u00e8ncia i la invenci\u00f3 de paraules, \u201cper no haver de dir el veritable nom de les coses \/ i viv\u00edem els dilluns com si foren divendres\u201d. Un altre imant vital \u00e9s el tr\u00e0nsit permanent, la curiositat viatgera com un trampol\u00ed per a recon\u00e9ixer el que \u00e9s diferent, i aquesta descoberta fa que el desconegut siga pr\u00f2xim. Aix\u00f2 mateix ho veurem en l\u2019obra d\u2019\u00dabeda. Tamb\u00e9, com ocorre en els poemes de Nova York, l\u2019altre m\u00f3n pot ser un espill per a recon\u00e9ixer-hi els pesos morts i desfer-se\u2019n, una manera de contemplar el m\u00f3n menut des d\u2019una \u00f2ptica diferent.<\/p>\n\n\n\n<p>El llibre bascula entre la narrativitat i la brevetat. Els poemes \u00faltims aposten per l\u2019enginy i de vegades cauen en la gracieta massa f\u00e0cil. Aquest aspecte i alguna que altra relliscada representen els punts febles del llibre, que no n\u2019esborrallen de cap manera els encerts. Segurament bona part del la for\u00e7a del poemari descansa en els m\u00e9s llargs, pel to, per la rotunditat dels vers epigram\u00e0tic, per l\u2019\u00fas efica\u00e7 de la repetici\u00f3 i l\u2019enumeraci\u00f3 i la for\u00e7a de les imatges. Fet i fet, una veu pr\u00f2pia amb una dicci\u00f3 fresca i ben actual.<\/p>\n\n\n\n<p>Pepa \u00dabeda \u00e9s una poeta tardana, per\u00f2 des que es va estrenar el 2007 s\u2019ha guanyat l\u2019atenci\u00f3 dels lectors, gr\u00e0cies a tres llibres on mostra un sentit fabul\u00f3s per al conjur po\u00e8tic. En&nbsp;<em>La meua frontera<\/em>, Premi Miquel de Palol, continua i eixampla els eixos del seu univers i s\u2019endinsa en les potencialitats del vers curt. \u00c9s caracteritza per la pot\u00e8ncia imaginativa i les associacions d\u2019imatges, per un ritme \u00e0gil i la utilitzaci\u00f3 destra de repetici\u00f3 i esquemes paral\u00b7lalel\u00edstics que aporten, sobretot als poemes amorosos, un ritme de lletania o de salm\u00f2dia singular. Tot aix\u00f2 sense oblidar-nos de destacar el bon olfacte de l\u2019autora per a la facturaci\u00f3 dels poemes. Una l\u00edrica de resultats evocadors, per\u00f2 a la qual caldria lligar en curt el verb ufan\u00f3s a fi de subratllar els molts encerts que cont\u00e9.<\/p>\n\n\n\n<p>El t\u00edtol ja ens adverteix que va m\u00e9s enll\u00e0 de la rigidesa de les fites pol\u00edtiques, que ens du a un terreny m\u00f2bil, personal i a la voluntat de coneixement i de reconeixement d\u2019altres cultures. Aix\u00ed, l\u2019extensa aventura l\u00edrica es mou en dos \u00e0mbits: el familiar i personal i els altres. En el primer, escenifica, d\u2019una banda, els plets que mant\u00e9 amb la desfilada llarga de morts familiars, i,de l\u2019altra, la gestaci\u00f3 de la filla significa la ruptura amb les in\u00e8rcies que l\u2019asfixiaven. Subvertits els rols imposats, la figura femenina es lliura a nous horitzons: el desig ent\u00e9s com a llibertat, plenitud i recerca. Al seu costat, trobem l\u2019art, la curiositat i el viatge, sovint integrats en un mateix anhel. En una paraula: ens trobem davant d\u2019una l\u00edrica de poderoses resson\u00e0ncies.<\/p>\n\n\n\n<p>EL PA\u00cdS, QUADERN 17\/02\/2011<\/p>\n\n\n\n<p>Descarrega&#8217;t l&#8217;original:\u00a0<img decoding=\"async\" src=\"http:\/\/calafat.cat\/modules\/file\/icons\/application-pdf.png\" alt=\"PDF icon\"><a href=\"http:\/\/calafat.cat\/sites\/default\/files\/identitat-i-viatge-un-mateix-anhel.pdf\">identitat-i-viatge-un-mateix-anhel.pdf<\/a><\/p>\n\n\n\n<p><a rel=\"noreferrer noopener\" href=\"http:\/\/calafat.cat\/#facebook\" target=\"_blank\">Facebook<\/a>\u00a0<a rel=\"noreferrer noopener\" href=\"http:\/\/calafat.cat\/#twitter\" target=\"_blank\">Twitter<\/a>\u00a0<a href=\"https:\/\/www.addtoany.com\/share#url=http%3A%2F%2Fcalafat.cat%2Farticles%2Fidentitat-i-viatge-un-mateix-anhel&amp;title=Identitat%20i%20viatge%3A%20un%20mateix%20anhel%20\">\u00a0Comparteix a<\/a><\/p>\n\n\n\n<p>Articles recents:\u00a0<\/p>\n\n\n\n<p><a href=\"http:\/\/calafat.cat\/index.php\/viatge-iniciatic-i-catartic-al-mon-sorprenent-del-primer-estelles-2\/\" data-type=\"page\" data-id=\"2032\">Viatge inici\u00e0tic i cat\u00e0rtic al m\u00f3n sorprenent del primer Estell\u00e9s<\/a><\/p>\n\n\n\n<p><a href=\"http:\/\/calafat.cat\/index.php\/laura-contaminada-de-valencia\/\" data-type=\"page\" data-id=\"1046\">L&#8217;aura contaminada de Val\u00e8ncia<\/a><\/p>\n\n\n\n<p><a href=\"http:\/\/calafat.cat\/index.php\/una-passio-amorosa-en-la-valencia-del-quatre-cents\/\" data-type=\"page\" data-id=\"1050\">Una passi\u00f3 amorosa en la Val\u00e8ncia del quatre-cents<\/a><\/p>\n<\/div>\n\n\n\n<div class=\"wp-block-column is-layout-flow wp-block-column-is-layout-flow\" style=\"flex-basis:50%\">\n<figure class=\"wp-block-image size-full\"><img loading=\"lazy\" decoding=\"async\" width=\"379\" height=\"139\" src=\"http:\/\/calafat.cat\/wp-content\/uploads\/2022\/05\/1-63.jpeg\" alt=\"\" class=\"wp-image-3425\" srcset=\"https:\/\/calafat.cat\/wp-content\/uploads\/2022\/05\/1-63.jpeg 379w, https:\/\/calafat.cat\/wp-content\/uploads\/2022\/05\/1-63-300x110.jpeg 300w\" sizes=\"auto, (max-width: 379px) 100vw, 379px\" \/><figcaption>\u00c0ngels Gregori.<br>Font: lossutdesigquelentamentsencarna.blogspot.com \/ Pepa \u00dabeda<br><br>New York, Nabokov &amp; Bicicletes. \u00c0ngels Gregori. Edicions Bromera. Alzira, 2010. 61 p\u00e0gs.<br>La meua frontera. Pepa \u00dabeda. Columna Edicions. Barcelona, 2010. 148 p\u00e0gs.<br><br>Etiquetes:\u00a0<a href=\"http:\/\/calafat.cat\/index.php\/2011-2\/\" data-type=\"page\" data-id=\"2171\">2011<\/a> <a href=\"http:\/\/calafat.cat\/index.php\/publicat-a\/el-pais\/\" data-type=\"page\" data-id=\"108\">El Pa\u00eds<\/a> <a href=\"http:\/\/calafat.cat\/index.php\/per-generes\/poesia\/\" data-type=\"page\" data-id=\"98\">Poesia<\/a><\/figcaption><\/figure>\n<\/div>\n<\/div>\n","protected":false},"excerpt":{"rendered":"<p>Els darrers mesos, la poesia de dones ha ofert bones alegries als lectors. Dos casos en serien els llibres d\u2019\u00c0ngels Gregori i de Pepa \u00dabeda, dues poetes d\u2019edats i orientacions diferents. \u00c0ngels Gregori \u00e9s una escriptora molt jove, guanyadora de premis de consideraci\u00f3, com l\u2019Alfons el Magn\u00e0nim de Val\u00e8ncia, que registren una evoluci\u00f3 remarcable. Tot &#8230; <a title=\"Identitat i viatge: un mateix anhel\" class=\"read-more\" href=\"https:\/\/calafat.cat\/index.php\/identitat-i-viatge-un-mateix-anhel\/\" aria-label=\"M\u00e1s en Identitat i viatge: un mateix anhel\">Leer m\u00e1s<\/a><\/p>\n","protected":false},"author":1,"featured_media":0,"parent":0,"menu_order":0,"comment_status":"closed","ping_status":"closed","template":"","meta":{"footnotes":""},"class_list":["post-1530","page","type-page","status-publish"],"_links":{"self":[{"href":"https:\/\/calafat.cat\/index.php\/wp-json\/wp\/v2\/pages\/1530","targetHints":{"allow":["GET"]}}],"collection":[{"href":"https:\/\/calafat.cat\/index.php\/wp-json\/wp\/v2\/pages"}],"about":[{"href":"https:\/\/calafat.cat\/index.php\/wp-json\/wp\/v2\/types\/page"}],"author":[{"embeddable":true,"href":"https:\/\/calafat.cat\/index.php\/wp-json\/wp\/v2\/users\/1"}],"replies":[{"embeddable":true,"href":"https:\/\/calafat.cat\/index.php\/wp-json\/wp\/v2\/comments?post=1530"}],"version-history":[{"count":2,"href":"https:\/\/calafat.cat\/index.php\/wp-json\/wp\/v2\/pages\/1530\/revisions"}],"predecessor-version":[{"id":3427,"href":"https:\/\/calafat.cat\/index.php\/wp-json\/wp\/v2\/pages\/1530\/revisions\/3427"}],"wp:attachment":[{"href":"https:\/\/calafat.cat\/index.php\/wp-json\/wp\/v2\/media?parent=1530"}],"curies":[{"name":"wp","href":"https:\/\/api.w.org\/{rel}","templated":true}]}}