{"id":1693,"date":"2022-04-28T06:58:06","date_gmt":"2022-04-28T06:58:06","guid":{"rendered":"http:\/\/calafat.cat\/?page_id=1693"},"modified":"2022-05-19T14:35:30","modified_gmt":"2022-05-19T14:35:30","slug":"defensa-del-goig-estetic-i-de-les-idees-2","status":"publish","type":"page","link":"https:\/\/calafat.cat\/index.php\/defensa-del-goig-estetic-i-de-les-idees-2\/","title":{"rendered":"Defensa del goig est\u00e8tic i de les idees"},"content":{"rendered":"\n<div class=\"wp-block-columns alignwide is-layout-flex wp-container-core-columns-is-layout-9d6595d7 wp-block-columns-is-layout-flex\">\n<div class=\"wp-block-column is-layout-flow wp-block-column-is-layout-flow\" style=\"flex-basis:50%\">\n<p>La traject\u00f2ria de Joan Francesc Mira \u00e9s rellevant pel comprom\u00eds c\u00edvic i per l\u2019elaboraci\u00f3 d\u2019una obra extensa i variada \u2014que inclou narrativa, novel\u00b7la, estudis d\u2019antropologia,<br>assaig, articles de premsa, divulgaci\u00f3 i traducci\u00f3\u2014 bastida amb tres fils dif\u00edcils de destriar \u2014voluntat comunicativa i est\u00e8tica i pensament\u2014, que assoleix fites de notable altura. Vista en conjunt, el gruix intel\u00b7lectual i l\u2019amplitud de mires fan que l\u2019obra de Mira siga, a hores d\u2019ara, una de les m\u00e9s completes i complexes de la cultura expressada en llengua catalana.<\/p>\n\n\n\n<p>La seua personalitat poli\u00e8drica, la claredat i l\u2019eloq\u00fc\u00e8ncia amb qu\u00e8 comunica, el seu desig de conv\u00e9ncer, mentre rebutja qualsevol entrebanc a l\u2019exercici de la bellesa i de la llibertat de pensar, ha conven\u00e7ut els editors i el periodista mallorqu\u00ed que seria d\u2019inter\u00e9s fer un vadem\u00e8cum on es tracten un ventall fabul\u00f3s d\u2019assumptes i conflictes. En la llarga conversa, Joan F. Mira tra\u00e7a amb tota mena d\u2019arguments els moments claus del seu itinerari, desplega les l\u00ednies mestres del seu pensament, allunyat de les modes i, malgrat tot, atent als fets contemporanis que toquen la hist\u00f2ria actual, tant la pr\u00f2xima com la m\u00e9s llunyana.<\/p>\n\n\n\n<p>El llibre s\u2019obri amb un cap\u00edtol dedicat als or\u00edgens familiars, a la inf\u00e0ncia a la vora de Val\u00e8ncia, als estudis als escolapis, la marxa a la selecta Universitat Gregoriana de Roma. Tot seguit ens relatar\u00e0 el retorn a Val\u00e8ncia i la connexi\u00f3 amb els personatges m\u00e9s inquiets del moment, valencianistes una gran part, corcats per la urg\u00e8ncia d\u2019ordir, al marge del r\u00e8gim, una cultura amb cara i ulls que f\u00f3ra el germen d\u2019una societat diferent. En els apartats seg\u00fcents els temes giren al voltat de pol\u00edtica, la ideologia, i els pa\u00eds; de l\u2019antropologia i de l\u2019educaci\u00f3; i de la literatura en general i de la pr\u00f2pia. L\u2019enfocament es caracteritza per repensar- ne les interpretacions i els conceptes m\u00e9s habituals, inclosos els propis, i desmuntar algunes de les l\u00ednies d\u2019actuaci\u00f3 del valencianisme pol\u00edtic, per r\u00edgides i simples. I fa servir tal quantitat de refer\u00e8ncies que Pere Antoni Pons qualifica l\u2019entrevistat de \u201cl\u2019home que tenia el m\u00f3n dins del cap\u201d. Mira explica la transformaci\u00f3 del seu pensament per \u201cl\u2019observaci\u00f3 de la realitat\u201d. Aquesta maduresa ha influ\u00eft en les seues idees pol\u00edtiques d\u2019esquerra, que des dels anys seixanta ha deixat pel cam\u00ed, entre altres coses, el recel al sistema capitalista i un antiamericanisme desbocat. Unes altres q\u00fcestions que l\u2019obsessionen s\u00f3n la desfeta total de l\u2019educaci\u00f3 i l\u2019esva\u00efment progressiu dels referents cristians de la cultura europea. A banda de la for\u00e7a interpretativa de Mira, un observador agut pot trobar-hi un valor afegit. Els darrers temes esmentats formen part del mapa mental d\u2019algunes persones que ja tenim una edat, i un observador cr\u00edtic hi podria veure unes tend\u00e8ncies cap a uns posicionaments un p\u00e8l m\u00e9s moderats o conservadors d\u2019un sector progressista. Siga com vulga, s\u00f3n aportacions interessants per a un debat rigor\u00f3s.<\/p>\n\n\n\n<p>Per moments certs lectors es poden irritar per l\u2019exc\u00e9s d\u2019ego que plana sobre algunes fulles del llibre. \u00c9s una ll\u00e0stima, perqu\u00e8 el discurs \u00e9s suficientment potent i no calien subratllats sobrers. Al marge d\u2019aquesta ombra menuda, la llarga i densa conversa amb Joan Francesc Mira ofereix un gran ventall de moments fruct\u00edfers, producte d\u2019una<br>voracitat intel\u00b7lectual omn\u00edvora que tracta punts que ens toquem de prop amb passi\u00f3 renovada i rigor. Un fet extraordinari, tot s\u2019ha de dir, per aquestes terres de D\u00e9u.<\/p>\n\n\n\n<p>EL PA\u00cdS, QUADERN. 11\/07\/2011<\/p>\n\n\n\n<p>Descarrega&#8217;t l&#8217;original:&nbsp;<img decoding=\"async\" src=\"http:\/\/calafat.cat\/modules\/file\/icons\/application-pdf.png\" alt=\"PDF icon\"><a href=\"http:\/\/calafat.cat\/sites\/default\/files\/defensa-del-goig-estetic-i-de-les-idees.pdf\">defensa-del-goig-estetic-i-de-les-idees.pdf<\/a><\/p>\n\n\n\n<p><a rel=\"noreferrer noopener\" href=\"http:\/\/calafat.cat\/#facebook\" target=\"_blank\">Facebook<\/a>&nbsp;<a rel=\"noreferrer noopener\" href=\"http:\/\/calafat.cat\/#twitter\" target=\"_blank\">Twitter<\/a>&nbsp;<a href=\"https:\/\/www.addtoany.com\/share#url=http%3A%2F%2Fcalafat.cat%2Farticles%2Fdefensa-del-goig-estetic-i-de-les-idees&amp;title=Defensa%20del%20goig%20est%C3%A8tic%20i%20de%20les%20idees\">&nbsp;Comparteix a<\/a><\/p>\n\n\n\n<p>Articles recents:&nbsp;<\/p>\n\n\n\n<p><a href=\"http:\/\/calafat.cat\/index.php\/viatge-iniciatic-i-catartic-al-mon-sorprenent-del-primer-estelles-2\/\" data-type=\"page\" data-id=\"2032\">Viatge inici\u00e0tic i cat\u00e0rtic al m\u00f3n sorprenent del primer Estell\u00e9s<\/a><\/p>\n\n\n\n<p><a href=\"http:\/\/calafat.cat\/index.php\/laura-contaminada-de-valencia\/\" data-type=\"page\" data-id=\"1046\">L&#8217;aura contaminada de Val\u00e8ncia<\/a><\/p>\n\n\n\n<p><a href=\"http:\/\/calafat.cat\/index.php\/quatre-decades-de-narrativa-valenciana-moderna\/\" data-type=\"page\" data-id=\"1048\">Quatre d\u00e8cades de narrativa valenciana moderna<\/a><\/p>\n<\/div>\n\n\n\n<div class=\"wp-block-column is-layout-flow wp-block-column-is-layout-flow\" style=\"flex-basis:50%\">\n<figure class=\"wp-block-image size-full\"><img loading=\"lazy\" decoding=\"async\" width=\"379\" height=\"379\" src=\"http:\/\/calafat.cat\/wp-content\/uploads\/2022\/05\/1-59.jpeg\" alt=\"\" class=\"wp-image-3409\" srcset=\"https:\/\/calafat.cat\/wp-content\/uploads\/2022\/05\/1-59.jpeg 379w, https:\/\/calafat.cat\/wp-content\/uploads\/2022\/05\/1-59-300x300.jpeg 300w, https:\/\/calafat.cat\/wp-content\/uploads\/2022\/05\/1-59-150x150.jpeg 150w\" sizes=\"auto, (max-width: 379px) 100vw, 379px\" \/><figcaption>Portada del llibre<br><br>Defensa del goig est\u00e8tic i de les idees. La vida, el temps, el m\u00f3n: sis dies de conversa amb Joan F. Mira. Pere Antoni Pons. PUV, Val\u00e8ncia, 2009. 378 p\u00e0gs.<br><br>Etiquetes:\u00a0<a href=\"http:\/\/calafat.cat\/index.php\/2011-2\/\" data-type=\"page\" data-id=\"2171\">2011<\/a> <a href=\"http:\/\/calafat.cat\/index.php\/publicat-a\/el-pais\/\" data-type=\"page\" data-id=\"108\">El Pa\u00eds<\/a> <a href=\"http:\/\/calafat.cat\/index.php\/assaig\/\" data-type=\"page\" data-id=\"1677\"><\/a><a href=\"http:\/\/calafat.cat\/index.php\/assaig\/\" data-type=\"page\" data-id=\"1677\"><\/a><a href=\"http:\/\/calafat.cat\/index.php\/per-generes\/assaig\/\" data-type=\"page\" data-id=\"83\">Assaig<\/a> <a href=\"http:\/\/calafat.cat\/?page_id=4133\" data-type=\"page\" data-id=\"4133\">Joan Francesc Mira<\/a><\/figcaption><\/figure>\n<\/div>\n<\/div>\n","protected":false},"excerpt":{"rendered":"<p>La traject\u00f2ria de Joan Francesc Mira \u00e9s rellevant pel comprom\u00eds c\u00edvic i per l\u2019elaboraci\u00f3 d\u2019una obra extensa i variada \u2014que inclou narrativa, novel\u00b7la, estudis d\u2019antropologia,assaig, articles de premsa, divulgaci\u00f3 i traducci\u00f3\u2014 bastida amb tres fils dif\u00edcils de destriar \u2014voluntat comunicativa i est\u00e8tica i pensament\u2014, que assoleix fites de notable altura. Vista en conjunt, el gruix &#8230; <a title=\"Defensa del goig est\u00e8tic i de les idees\" class=\"read-more\" href=\"https:\/\/calafat.cat\/index.php\/defensa-del-goig-estetic-i-de-les-idees-2\/\" aria-label=\"M\u00e1s en Defensa del goig est\u00e8tic i de les idees\">Leer m\u00e1s<\/a><\/p>\n","protected":false},"author":1,"featured_media":0,"parent":0,"menu_order":0,"comment_status":"closed","ping_status":"closed","template":"","meta":{"footnotes":""},"class_list":["post-1693","page","type-page","status-publish"],"_links":{"self":[{"href":"https:\/\/calafat.cat\/index.php\/wp-json\/wp\/v2\/pages\/1693","targetHints":{"allow":["GET"]}}],"collection":[{"href":"https:\/\/calafat.cat\/index.php\/wp-json\/wp\/v2\/pages"}],"about":[{"href":"https:\/\/calafat.cat\/index.php\/wp-json\/wp\/v2\/types\/page"}],"author":[{"embeddable":true,"href":"https:\/\/calafat.cat\/index.php\/wp-json\/wp\/v2\/users\/1"}],"replies":[{"embeddable":true,"href":"https:\/\/calafat.cat\/index.php\/wp-json\/wp\/v2\/comments?post=1693"}],"version-history":[{"count":4,"href":"https:\/\/calafat.cat\/index.php\/wp-json\/wp\/v2\/pages\/1693\/revisions"}],"predecessor-version":[{"id":4134,"href":"https:\/\/calafat.cat\/index.php\/wp-json\/wp\/v2\/pages\/1693\/revisions\/4134"}],"wp:attachment":[{"href":"https:\/\/calafat.cat\/index.php\/wp-json\/wp\/v2\/media?parent=1693"}],"curies":[{"name":"wp","href":"https:\/\/api.w.org\/{rel}","templated":true}]}}