{"id":1722,"date":"2022-04-28T07:13:08","date_gmt":"2022-04-28T07:13:08","guid":{"rendered":"http:\/\/calafat.cat\/?page_id=1722"},"modified":"2022-05-11T13:50:04","modified_gmt":"2022-05-11T13:50:04","slug":"lletres-de-batalla-2","status":"publish","type":"page","link":"https:\/\/calafat.cat\/index.php\/lletres-de-batalla-2\/","title":{"rendered":"Lletres de batalla"},"content":{"rendered":"\n<div class=\"wp-block-columns alignwide is-layout-flex wp-container-core-columns-is-layout-9d6595d7 wp-block-columns-is-layout-flex\">\n<div class=\"wp-block-column is-layout-flow wp-block-column-is-layout-flow\" style=\"flex-basis:50%\">\n<p>Dos nous llibres que pretenen de desemmascarar els intel\u00b7lectuals integristes en un cas, i les capelletes liter\u00e0ries en I&#8217;altre, de la cultura catalana actual.<\/p>\n\n\n\n<p><em>Des de la trona<\/em>, de Miquel Porta Perales, i&nbsp;<em>El gos del poeta<\/em>, un conjunt d&#8217;articles editat per Albert Roig, tot i les difer\u00e8ncies, comparteixen, a banda de ser una segona part d&#8217;una singular croada, un to semblant: una voluntat incisiva, un inter\u00e8s de mossegar, de desemmascarar els \u00abintegristes de rostre hum\u00e0\u00bb, en un cas; mostrar-nos que els poetes m\u00e9s reconeguts amaguen sota un posat culte i assenyat uns interessos poc confessables i una mediocritat liter\u00e0ria digna de ser denunciada, en l&#8217;altre.<\/p>\n\n\n\n<p>Aquests llibres d&#8217;intencions tan generoses han aconseguit el que pretenien: fet soroll i provocar un di\u00e0leg de sords. La qual cosa no deixa de ser un \u00e8xit. Davant obres que utilitzen la desqualificaci\u00f3 i l&#8217;insult com a argument, normalment el millor \u00e9s callar i reservar el debat i l&#8217;argumentaci\u00f3 per a les que plantegen tesis serioses. Ara b\u00e9, en aquest cas em ve de gana parlar-ne perqu\u00e8 s\u00f3n obres que tracten q\u00fcestions que atenyen la societat liter\u00e0ria i trobe que cal examinar si l&#8217;artilleria pesant que amb tanta virul\u00e8ncia han disparat Porta Perales i Roig ha fet o no diana.<\/p>\n\n\n\n<p>Com el lector deu saber, aquestes pol\u00e8miques ja fa alguns anys que duren i les actituds cr\u00edtiques -que sobretot en el camp de la poesia han estat bastant generalitzades- sempre han sigut rebudes com un exercici higi\u00e8nic, com un element revitalitzador d&#8217;una poesia ensopida i carrinclona. Han passat els anys i els atacs continuen sent els mateixos. En aquest estat de coses, a mi em sembla curi\u00f3s que el discurs cr\u00edtic de Parcerisas siga t\u00f2pic i reiteratiu mentre que el d&#8217;altres continua sent fresc i innovador, que la literatura com a recerca de sentit de Parcerisas siga una can\u00e7oneta avorrida mentre que la idea de la poesia com a defensa del no sentit defensada per Hac Mor continue sent un reclam d&#8217;all\u00f2 m\u00e9s renovador&#8230; Sembla que hi ha idees que tenen la patent de la intemporalitat!<\/p>\n\n\n\n<p>Tamb\u00e9 em pareix molt interessant que algunes suposades v\u00edctimes de la literatura oficial l&#8217;\u00fanica cr\u00edtica que han aportat ha estat un atac acusant els altres de ser els agents d&#8217;una cultura avorrida i curta de volada. Com sabem tots, ser v\u00edctima \u00e9s molt rendible, estalvia tenir responsabilitats. \u00c9s com si calguera tenir un enemic per tal d&#8217;autoafirmar-nos. Per aix\u00f2 els m\u00e9s entusiastes en aquesta batalla s&#8217;entesten a presentar una visi\u00f3 polaritzada. Ho ha dit Parcerisas i ho mant\u00e9 Roig en dir que all\u00f2 que est\u00e0 clar a hores d&#8217;ara \u00ab\u00e9s que tots els escriptors i mentors de la nostra poesia han hagut de definir-se i prendre partit per una po\u00e8tica o per l&#8217;altra\u00bb. Com si tingu\u00e9rem alguna necessitat de participar! I pose el meu cas com a exemple: per m\u00e9s que hom puga coincidir amb Albert Roig en el diagn\u00f2stic d&#8217;alguns problemes i en la simpatia per alguns poetes, com ara Haroldo de Campo i C\u00e9sar Vallejo, aix\u00f2 no implica que haja de coincidir en la interpretaci\u00f3 de la nostra poesia ni en les seues maneres. Aix\u00ed mateix crec que em poden interessar coses de Parcerisas i Roig, sense patir, de moment, cap trauma. A m\u00e9s, escoltant els uns i els altres sovint fa la impressi\u00f3 que una bona part de poetes dignes no existeixen.<\/p>\n\n\n\n<p>Albert Roig comen\u00e7a el pr\u00f2leg considerant que la mare de tots els mals \u00e9s la \u00abideologia de la normalitat\u00bb i critica aquesta \u00abd\u00e8ria de la nostra societat pol\u00edtica i els seus intel\u00b7lectuals a destriar qu\u00e8 forma part i qu\u00e8 ha de ser excl\u00f2s de la cultura catalana oficial\u00bb. El resultat, en conseq\u00fc\u00e8ncia, \u00e9s l&#8217;elogi de la mediocritat i la recerca de interessos cremat\u00edstics. Els nostres escriptors s\u00f3n una nul\u00b7litat absoluta. La poesia fa baixada quan la gent del Mall va fer seus els Jocs Florals de Barcelona, substitu\u00efts despr\u00e9s per la gent de Columna i els poetes de l&#8217;experi\u00e8ncia. I la cosa arriba als l\u00edmits amb l&#8217;afer del 92. Denunciar aquest esc\u00e0ndol i considerar aquesta festa com una romanalla em sembla perfecte; ara, considerar els participants poetes floralescos i \u00abpsic\u00f2pates de la poesia\u00bb em sembla un gra massa, perqu\u00e8, mirat en fred, quina difer\u00e8ncia hi ha entre els esmentats Jocs i un premi de nom? Li podem posar tota la literatura que vulguem, al final el que queda \u00e9s xec, prestigi i publicaci\u00f3.<\/p>\n\n\n\n<p>Les conclusions s\u00f3n interessants: nom\u00e9s poden ser bons cr\u00edtics els escriptors, i nom\u00e9s poden ser escriptors els qui no s\u00f3n \u00aboficials, pel que es veu ben pocs. I els col\u00b7laboradors del llibre combinen les dues coses. \u00c9s cert que hi ha bons cr\u00edtics i alguns articles interessants, per\u00f2 d&#8217;altres -pels interessos de l&#8217;editor- no passen de discrets, i alguns de recol\u00b7lectats mereixen passar a la posteritat&#8230;<\/p>\n\n\n\n<p><em>Des de la trona<\/em>&nbsp;de Miquel Porta Perales \u00e9s un pamflet en tota regla, que empra totes les armes al seu abast per fer- nos veure que si la seua obra \u00e9s un pamflet \u00e9s degut al fet de ser els autors comentats uns pamfletaris, i de fet alguns ho s\u00f3n. El seu objectiu \u00e9s demostrar que sota el rostre \u00abpac\u00edfic i carregat de bones intencions\u00bb s&#8217;amaga un \u00abintegrisme de rostre hum\u00e0\u00bb, que es manifesta en tres formes: la religiosa, la filos\u00f2fica i la s\u00f2cio-pol\u00edtica. Entre les seues v\u00edctimes figuren intel\u00b7lectuals com V\u00e1zquez Montalb\u00e1n o Joaquim Sempere, fil\u00f2sofs com Rafael Argullol o Vict\u00f2ria Camps, ling\u00fcistes com Josep Murgades o Maria Llu\u00efsa Pazos, historiadors com Josep Fontana, religiosos com Narc\u00eds Jubany o Ricard Maria Carles, i representants de l&#8217;\u00e0mbit art\u00edstic (Oriol Bohigas, Antoni T\u00e0pies i Francesc Parcerisas). Tot un calaix de sastre dif\u00edcil de lligar, per\u00f2 ideal per a les seues pretensions. La flaca de l&#8217;autor s\u00f3n la gent de m\u00e9s anomenada i adscrita a l&#8217;esquerra pol\u00edtica. Per Porta Perales tota persona defensora d&#8217;una actitud cr\u00edtica davant el poder i la societat \u00e9s sospitosa, at\u00e8s que darrere de tanta bondat hi ha amagades les reixes d&#8217;un r\u00e8gim autoritari. Aix\u00ed, curt i ras.<\/p>\n\n\n\n<p>Com ho argumenta el Porta Perales? D&#8217;entrada, aprofita una certa beateria d&#8217;un llenguatge una mica desfasat, les afirmacions una mica et\u00e8ries que els autors fan servir per al seu objectiu, per donar visions sobre personatges o institucions que de vegades poc tenen a veure amb el present. Amb aquestes febleses i frases descontextualitzades fabrica la imatge que li conv\u00e9: la d&#8217;uns \u00e9ssers il\u00b7luminats, dogm\u00e0tics. Aix\u00ed V\u00e1zquez Montalb\u00e1n \u00e9s el representant \u00abm\u00e9s emblem\u00e0tic de l&#8217;intel\u00b7lectual falsari\u00bb. Les argumentacions de Fontana s\u00f3n \u00abpur estalinisme. Per cinisme.\u00bb No importa que Fontana critique els r\u00e8gims comunistes: a Porta Perales li \u00e9s suficient trobar algunes valoracions r\u00edgides en alguns dels seus llibres te\u00f2rics per arribar a aquesta conclusi\u00f3 inapel\u00b7lable. Per ell l&#8217;evoluci\u00f3 de les persones i els matisos no existeixen. O s\u00f3n blancs o s\u00f3n negres. Aix\u00f2 no vol dir que no hi puga haver alguns encerts en les seues diatribes, en alguns casos ho tenia ben f\u00e0cil, per\u00f2 la manera d&#8217;argumentar i la visi\u00f3 tan esbiaixada que fa els invalida.<\/p>\n\n\n\n<p>A pesar de tot, em sorpr\u00e8n que un home culte, experimentat ressenyista i amb una capacitat per a la s\u00edntesi i per a les valoracions, s&#8217;aventure en empreses tan temer\u00e0ries com aquestes. Un lamenta tant d&#8217;esfor\u00e7 per tan poc i, a m\u00e9s, temes molt atractius com \u00e9s la relaci\u00f3 entre l&#8217;home de lletres i el poder, els tipus de models d&#8217;intel\u00b7lectual, la concepci\u00f3 de la realitat de les distintes visions ideol\u00f2giques&#8230; queden en la seua obra sense examinar. Temes que demanen una revisi\u00f3 cr\u00edtica. En fi, seria agra\u00efble que tinguera en compte en els seus propers projectes autors liberals m\u00e9s seriosos que els exemples de Popper o l&#8217;escola francesa, com ara Isaiah Berlin o Allan Bloom.<\/p>\n\n\n\n<p>EL TEMPS, p\u00e0g. 71, 08\/08\/1994<\/p>\n\n\n\n<p>Descarrega&#8217;t l&#8217;original:\u00a0<img decoding=\"async\" src=\"http:\/\/calafat.cat\/modules\/file\/icons\/application-pdf.png\" alt=\"PDF icon\"><a href=\"http:\/\/calafat.cat\/sites\/default\/files\/lletres-de-batalla.pdf\">lletres-de-batalla.pdf<\/a><\/p>\n\n\n\n<p><a rel=\"noreferrer noopener\" href=\"http:\/\/calafat.cat\/#facebook\" target=\"_blank\">Facebook<\/a>\u00a0<a rel=\"noreferrer noopener\" href=\"http:\/\/calafat.cat\/#twitter\" target=\"_blank\">Twitter<\/a>\u00a0<a href=\"https:\/\/www.addtoany.com\/share#url=http%3A%2F%2Fcalafat.cat%2Farticles%2Flletres-de-batalla&amp;title=Lletres%20de%20batalla\">\u00a0Comparteix a<\/a><\/p>\n\n\n\n<p>Articles recents:\u00a0<\/p>\n\n\n\n<p><a href=\"http:\/\/calafat.cat\/articles\/una-passio-amorosa-en-la-valencia-del-quatre-cents\">Una passi\u00f3 amorosa en la Val\u00e8ncia del quatre-cents<\/a><\/p>\n\n\n\n<p><a href=\"http:\/\/calafat.cat\/articles\/tot-parla-de-tu\">Tot parla de tu<\/a><\/p>\n\n\n\n<p><a href=\"http:\/\/calafat.cat\/articles\/quatre-decades-de-narrativa-valenciana-moderna\">Quatre d\u00e8cades de narrativa valenciana moderna<\/a><\/p>\n<\/div>\n\n\n\n<div class=\"wp-block-column is-layout-flow wp-block-column-is-layout-flow\" style=\"flex-basis:50%\">\n<figure class=\"wp-block-image\"><img loading=\"lazy\" decoding=\"async\" width=\"379\" height=\"140\" src=\"http:\/\/calafat.cat\/wp-content\/uploads\/2022\/05\/lletres-de-batalla-2.jpeg\" alt=\"\" class=\"wp-image-2893\" srcset=\"https:\/\/calafat.cat\/wp-content\/uploads\/2022\/05\/lletres-de-batalla-2.jpeg 379w, https:\/\/calafat.cat\/wp-content\/uploads\/2022\/05\/lletres-de-batalla-2-300x111.jpeg 300w\" sizes=\"auto, (max-width: 379px) 100vw, 379px\" \/><figcaption>Albert Roig \/ Miquel Porta Perales<br>Des de la trona. Fonamentalistes i nost\u00e0lgics a la cultura catalana actual. Miquel Porta Perales. Editorial Laertes, Barcelona, 1994<br>El gos del poeta. Albert Roig (editor). Editorial Emp\u00faries. Barcelona, 1994<br>Etiquetes:\u00a0<a href=\"http:\/\/calafat.cat\/index.php\/1994-2\/\" data-type=\"page\" data-id=\"2112\">1994<\/a><a href=\"http:\/\/calafat.cat\/index.php\/publicat-a\/el-temps\/\" data-type=\"page\" data-id=\"110\"> El Temps<\/a> <a href=\"http:\/\/calafat.cat\/index.php\/assaig\/\" data-type=\"page\" data-id=\"1677\">Assaig<\/a><\/figcaption><\/figure>\n<\/div>\n<\/div>\n\n\n\n<p><\/p>\n","protected":false},"excerpt":{"rendered":"<p>Dos nous llibres que pretenen de desemmascarar els intel\u00b7lectuals integristes en un cas, i les capelletes liter\u00e0ries en I&#8217;altre, de la cultura catalana actual. Des de la trona, de Miquel Porta Perales, i&nbsp;El gos del poeta, un conjunt d&#8217;articles editat per Albert Roig, tot i les difer\u00e8ncies, comparteixen, a banda de ser una segona part &#8230; <a title=\"Lletres de batalla\" class=\"read-more\" href=\"https:\/\/calafat.cat\/index.php\/lletres-de-batalla-2\/\" aria-label=\"M\u00e1s en Lletres de batalla\">Leer m\u00e1s<\/a><\/p>\n","protected":false},"author":1,"featured_media":0,"parent":0,"menu_order":0,"comment_status":"closed","ping_status":"closed","template":"","meta":{"footnotes":""},"class_list":["post-1722","page","type-page","status-publish"],"_links":{"self":[{"href":"https:\/\/calafat.cat\/index.php\/wp-json\/wp\/v2\/pages\/1722","targetHints":{"allow":["GET"]}}],"collection":[{"href":"https:\/\/calafat.cat\/index.php\/wp-json\/wp\/v2\/pages"}],"about":[{"href":"https:\/\/calafat.cat\/index.php\/wp-json\/wp\/v2\/types\/page"}],"author":[{"embeddable":true,"href":"https:\/\/calafat.cat\/index.php\/wp-json\/wp\/v2\/users\/1"}],"replies":[{"embeddable":true,"href":"https:\/\/calafat.cat\/index.php\/wp-json\/wp\/v2\/comments?post=1722"}],"version-history":[{"count":2,"href":"https:\/\/calafat.cat\/index.php\/wp-json\/wp\/v2\/pages\/1722\/revisions"}],"predecessor-version":[{"id":2895,"href":"https:\/\/calafat.cat\/index.php\/wp-json\/wp\/v2\/pages\/1722\/revisions\/2895"}],"wp:attachment":[{"href":"https:\/\/calafat.cat\/index.php\/wp-json\/wp\/v2\/media?parent=1722"}],"curies":[{"name":"wp","href":"https:\/\/api.w.org\/{rel}","templated":true}]}}

<div class="wp-block-columns alignwide is-layout-flex wp-container-core-columns-is-layout-9d6595d7 wp-block-columns-is-layout-flex">
<div class="wp-block-column is-layout-flow wp-block-column-is-layout-flow" style="flex-basis:50%">
<p>Dos nous llibres que pretenen de desemmascarar els intel·lectuals integristes en un cas, i les capelletes literàries en I&#8217;altre, de la cultura catalana actual.</p>



<p><em>Des de la trona</em>, de Miquel Porta Perales, i&nbsp;<em>El gos del poeta</em>, un conjunt d&#8217;articles editat per Albert Roig, tot i les diferències, comparteixen, a banda de ser una segona part d&#8217;una singular croada, un to semblant: una voluntat incisiva, un interès de mossegar, de desemmascarar els «integristes de rostre humà», en un cas; mostrar-nos que els poetes més reconeguts amaguen sota un posat culte i assenyat uns interessos poc confessables i una mediocritat literària digna de ser denunciada, en l&#8217;altre.</p>



<p>Aquests llibres d&#8217;intencions tan generoses han aconseguit el que pretenien: fet soroll i provocar un diàleg de sords. La qual cosa no deixa de ser un èxit. Davant obres que utilitzen la desqualificació i l&#8217;insult com a argument, normalment el millor és callar i reservar el debat i l&#8217;argumentació per a les que plantegen tesis serioses. Ara bé, en aquest cas em ve de gana parlar-ne perquè són obres que tracten qüestions que atenyen la societat literària i trobe que cal examinar si l&#8217;artilleria pesant que amb tanta virulència han disparat Porta Perales i Roig ha fet o no diana.</p>



<p>Com el lector deu saber, aquestes polèmiques ja fa alguns anys que duren i les actituds crítiques -que sobretot en el camp de la poesia han estat bastant generalitzades- sempre han sigut rebudes com un exercici higiènic, com un element revitalitzador d&#8217;una poesia ensopida i carrinclona. Han passat els anys i els atacs continuen sent els mateixos. En aquest estat de coses, a mi em sembla curiós que el discurs crític de Parcerisas siga tòpic i reiteratiu mentre que el d&#8217;altres continua sent fresc i innovador, que la literatura com a recerca de sentit de Parcerisas siga una cançoneta avorrida mentre que la idea de la poesia com a defensa del no sentit defensada per Hac Mor continue sent un reclam d&#8217;allò més renovador&#8230; Sembla que hi ha idees que tenen la patent de la intemporalitat!</p>



<p>També em pareix molt interessant que algunes suposades víctimes de la literatura oficial l&#8217;única crítica que han aportat ha estat un atac acusant els altres de ser els agents d&#8217;una cultura avorrida i curta de volada. Com sabem tots, ser víctima és molt rendible, estalvia tenir responsabilitats. És com si calguera tenir un enemic per tal d&#8217;autoafirmar-nos. Per això els més entusiastes en aquesta batalla s&#8217;entesten a presentar una visió polaritzada. Ho ha dit Parcerisas i ho manté Roig en dir que allò que està clar a hores d&#8217;ara «és que tots els escriptors i mentors de la nostra poesia han hagut de definir-se i prendre partit per una poètica o per l&#8217;altra». Com si tinguérem alguna necessitat de participar! I pose el meu cas com a exemple: per més que hom puga coincidir amb Albert Roig en el diagnòstic d&#8217;alguns problemes i en la simpatia per alguns poetes, com ara Haroldo de Campo i César Vallejo, això no implica que haja de coincidir en la interpretació de la nostra poesia ni en les seues maneres. Així mateix crec que em poden interessar coses de Parcerisas i Roig, sense patir, de moment, cap trauma. A més, escoltant els uns i els altres sovint fa la impressió que una bona part de poetes dignes no existeixen.</p>



<p>Albert Roig comença el pròleg considerant que la mare de tots els mals és la «ideologia de la normalitat» i critica aquesta «dèria de la nostra societat política i els seus intel·lectuals a destriar què forma part i què ha de ser exclòs de la cultura catalana oficial». El resultat, en conseqüència, és l&#8217;elogi de la mediocritat i la recerca de interessos crematístics. Els nostres escriptors són una nul·litat absoluta. La poesia fa baixada quan la gent del Mall va fer seus els Jocs Florals de Barcelona, substituïts després per la gent de Columna i els poetes de l&#8217;experiència. I la cosa arriba als límits amb l&#8217;afer del 92. Denunciar aquest escàndol i considerar aquesta festa com una romanalla em sembla perfecte; ara, considerar els participants poetes floralescos i «psicòpates de la poesia» em sembla un gra massa, perquè, mirat en fred, quina diferència hi ha entre els esmentats Jocs i un premi de nom? Li podem posar tota la literatura que vulguem, al final el que queda és xec, prestigi i publicació.</p>



<p>Les conclusions són interessants: només poden ser bons crítics els escriptors, i només poden ser escriptors els qui no són «oficials, pel que es veu ben pocs. I els col·laboradors del llibre combinen les dues coses. És cert que hi ha bons crítics i alguns articles interessants, però d&#8217;altres -pels interessos de l&#8217;editor- no passen de discrets, i alguns de recol·lectats mereixen passar a la posteritat&#8230;</p>



<p><em>Des de la trona</em>&nbsp;de Miquel Porta Perales és un pamflet en tota regla, que empra totes les armes al seu abast per fer- nos veure que si la seua obra és un pamflet és degut al fet de ser els autors comentats uns pamfletaris, i de fet alguns ho són. El seu objectiu és demostrar que sota el rostre «pacífic i carregat de bones intencions» s&#8217;amaga un «integrisme de rostre humà», que es manifesta en tres formes: la religiosa, la filosòfica i la sòcio-política. Entre les seues víctimes figuren intel·lectuals com Vázquez Montalbán o Joaquim Sempere, filòsofs com Rafael Argullol o Victòria Camps, lingüistes com Josep Murgades o Maria Lluïsa Pazos, historiadors com Josep Fontana, religiosos com Narcís Jubany o Ricard Maria Carles, i representants de l&#8217;àmbit artístic (Oriol Bohigas, Antoni Tàpies i Francesc Parcerisas). Tot un calaix de sastre difícil de lligar, però ideal per a les seues pretensions. La flaca de l&#8217;autor són la gent de més anomenada i adscrita a l&#8217;esquerra política. Per Porta Perales tota persona defensora d&#8217;una actitud crítica davant el poder i la societat és sospitosa, atès que darrere de tanta bondat hi ha amagades les reixes d&#8217;un règim autoritari. Així, curt i ras.</p>



<p>Com ho argumenta el Porta Perales? D&#8217;entrada, aprofita una certa beateria d&#8217;un llenguatge una mica desfasat, les afirmacions una mica etèries que els autors fan servir per al seu objectiu, per donar visions sobre personatges o institucions que de vegades poc tenen a veure amb el present. Amb aquestes febleses i frases descontextualitzades fabrica la imatge que li convé: la d&#8217;uns éssers il·luminats, dogmàtics. Així Vázquez Montalbán és el representant «més emblemàtic de l&#8217;intel·lectual falsari». Les argumentacions de Fontana són «pur estalinisme. Per cinisme.» No importa que Fontana critique els règims comunistes: a Porta Perales li és suficient trobar algunes valoracions rígides en alguns dels seus llibres teòrics per arribar a aquesta conclusió inapel·lable. Per ell l&#8217;evolució de les persones i els matisos no existeixen. O són blancs o són negres. Això no vol dir que no hi puga haver alguns encerts en les seues diatribes, en alguns casos ho tenia ben fàcil, però la manera d&#8217;argumentar i la visió tan esbiaixada que fa els invalida.</p>



<p>A pesar de tot, em sorprèn que un home culte, experimentat ressenyista i amb una capacitat per a la síntesi i per a les valoracions, s&#8217;aventure en empreses tan temeràries com aquestes. Un lamenta tant d&#8217;esforç per tan poc i, a més, temes molt atractius com és la relació entre l&#8217;home de lletres i el poder, els tipus de models d&#8217;intel·lectual, la concepció de la realitat de les distintes visions ideològiques&#8230; queden en la seua obra sense examinar. Temes que demanen una revisió crítica. En fi, seria agraïble que tinguera en compte en els seus propers projectes autors liberals més seriosos que els exemples de Popper o l&#8217;escola francesa, com ara Isaiah Berlin o Allan Bloom.</p>



<p>EL TEMPS, pàg. 71, 08/08/1994</p>



<p>Descarrega&#8217;t l&#8217;original: <img decoding="async" src="http://calafat.cat/modules/file/icons/application-pdf.png" alt="PDF icon"><a href="http://calafat.cat/sites/default/files/lletres-de-batalla.pdf">lletres-de-batalla.pdf</a></p>



<p><a rel="noreferrer noopener" href="http://calafat.cat/#facebook" target="_blank">Facebook</a> <a rel="noreferrer noopener" href="http://calafat.cat/#twitter" target="_blank">Twitter</a> <a href="https://www.addtoany.com/share#url=http%3A%2F%2Fcalafat.cat%2Farticles%2Flletres-de-batalla&amp;title=Lletres%20de%20batalla"> Comparteix a</a></p>



<p>Articles recents: </p>



<p><a href="http://calafat.cat/articles/una-passio-amorosa-en-la-valencia-del-quatre-cents">Una passió amorosa en la València del quatre-cents</a></p>



<p><a href="http://calafat.cat/articles/tot-parla-de-tu">Tot parla de tu</a></p>



<p><a href="http://calafat.cat/articles/quatre-decades-de-narrativa-valenciana-moderna">Quatre dècades de narrativa valenciana moderna</a></p>
</div>



<div class="wp-block-column is-layout-flow wp-block-column-is-layout-flow" style="flex-basis:50%">
<figure class="wp-block-image"><img loading="lazy" decoding="async" width="379" height="140" src="http://calafat.cat/wp-content/uploads/2022/05/lletres-de-batalla-2.jpeg" alt="" class="wp-image-2893" srcset="https://calafat.cat/wp-content/uploads/2022/05/lletres-de-batalla-2.jpeg 379w, https://calafat.cat/wp-content/uploads/2022/05/lletres-de-batalla-2-300x111.jpeg 300w" sizes="auto, (max-width: 379px) 100vw, 379px" /><figcaption>Albert Roig / Miquel Porta Perales<br>Des de la trona. Fonamentalistes i nostàlgics a la cultura catalana actual. Miquel Porta Perales. Editorial Laertes, Barcelona, 1994<br>El gos del poeta. Albert Roig (editor). Editorial Empúries. Barcelona, 1994<br>Etiquetes: <a href="http://calafat.cat/index.php/1994-2/" data-type="page" data-id="2112">1994</a><a href="http://calafat.cat/index.php/publicat-a/el-temps/" data-type="page" data-id="110"> El Temps</a> <a href="http://calafat.cat/index.php/assaig/" data-type="page" data-id="1677">Assaig</a></figcaption></figure>
</div>
</div>



<p></p>

<p>Dos nous llibres que pretenen de desemmascarar els intel·lectuals integristes en un cas, i les capelletes literàries en I&#8217;altre, de la cultura catalana actual. Des de la trona, de Miquel Porta Perales, i&nbsp;El gos del poeta, un conjunt d&#8217;articles editat per Albert Roig, tot i les diferències, comparteixen, a banda de ser una segona part &#8230; <a title="Lletres de batalla" class="read-more" href="https://calafat.cat/index.php/lletres-de-batalla-2/" aria-label="Más en Lletres de batalla">Leer más</a></p>
