{"id":1738,"date":"2022-04-28T07:15:30","date_gmt":"2022-04-28T07:15:30","guid":{"rendered":"http:\/\/calafat.cat\/?page_id=1738"},"modified":"2022-05-11T16:35:16","modified_gmt":"2022-05-11T16:35:16","slug":"un-lector-competent-2","status":"publish","type":"page","link":"https:\/\/calafat.cat\/index.php\/un-lector-competent-2\/","title":{"rendered":"Un lector competent"},"content":{"rendered":"\n<div class=\"wp-block-columns alignwide is-layout-flex wp-container-core-columns-is-layout-9d6595d7 wp-block-columns-is-layout-flex\">\n<div class=\"wp-block-column is-layout-flow wp-block-column-is-layout-flow\" style=\"flex-basis:50%\">\n<p>En el present llibre fins ara in\u00e8dit, el poeta Josep M. Llompart estudia les dues tend\u00e8ncies oposades que dominen la poesia insular moderna: una poesia de rigor formal i d&#8217;harmonia apol\u00b7l\u00ednia, i una altra tend\u00e8ncia m\u00e9s interessada en l&#8217;aud\u00e0cia expressiva i en l&#8217;esperilt dion\u00edsiac.<\/p>\n\n\n\n<p>Josep M. Llompart \u00e9s un bon poeta per\u00f2 tamb\u00e9 un cr\u00edtic experimentat que dedica moltes hores a divulgar i explicar la literatura moderna balear. La seua traca cr\u00edtica no revelen uns s\u00f2lids coneixements literaris sin\u00f3 sobretot la finesa d&#8217;un lector sensible, com posem de manifest els treballs fins ara in\u00e8dits que recupera amb bon criteri en aquest llibre Maria Ant\u00f2nia Perell\u00f3.<\/p>\n\n\n\n<p>El llibre inclou tres assaigs recollits sota el nom d&#8217;El llac i la flama, que dibuixen una panor\u00e0mica de la poesia insular de finals del segle passat fins al anys cinquanta, escrits als anys cinquanta, als quals l&#8217;editora afig dues confer\u00e8ncies posteriors que tracten sobre tres noms claus que inaguren la literatura moderna a les Balears: Miquel Costa i Llobera, Joan Alcover i Miquel de Sants Oliver. En la lectura que en fa Llompart destaca una visi\u00f3 cr\u00edtica, sense lloances est\u00e8rils, que mira de comprendre les ombres i les llums de l&#8217;obra estudiada, i all\u00f2 que en perdura amb el pas del temps. Amb aquesta perspectiva, Llompart analitza els motius \u00edntims que animen la poesia balear, tenint en compte les circumst\u00e0ncies hist\u00f2riques i personals. Per perfilar la personalitat liter\u00e0ria dels autors m\u00e9s destacats para atenci\u00f3 en els aspectes m\u00e9s conflictius i paradoxals de la seua pobra i vida personal, per tal de remarcar-ne la complexitat i la veritat liter\u00e0ria que subjau en les seus obres. D&#8217;altra banda, el xoc de tensions \u00e9s l\u00b4eix que li serveix per explicar l&#8217;evoluci\u00f3 de la poesia balear, que oscil\u00b7la entre el rigor formal i la serenitat cl\u00e0ssiques, defensats per l&#8217;Escola Mallorquina, i l&#8217;esperit de renovaci\u00f3, d&#8217;inquietuds que representen els escriptors m\u00e9s heterodoxos, com ara Rossell\u00f3-P\u00f2rcel. Dues tend\u00e8ncies de les quals es consideren hereus, especialment de la segona, els poetes de la generaci\u00f3 de Llompart.<\/p>\n\n\n\n<p>La prosa que condueix les confer\u00e8ncies de Llompart \u00e9s funcional, per\u00f2 acolorida, per tal de fer-la m\u00e9s eficient, unes vegades amb moments l\u00edrics i d&#8217;altres amb una nota ir\u00f2nica. Pense que el hem dit fa que, malgrat el pas dels anys, els papers d&#8217;aquest llibre mantiguen l&#8217;inter\u00e8s del lector actual interessat per la poesia catalana.<\/p>\n\n\n\n<p>EL TEMPS, 1998<\/p>\n\n\n\n<p><a rel=\"noreferrer noopener\" href=\"http:\/\/calafat.cat\/#facebook\" target=\"_blank\">Facebook<\/a>&nbsp;<a rel=\"noreferrer noopener\" href=\"http:\/\/calafat.cat\/#twitter\" target=\"_blank\">Twitter<\/a>&nbsp;<a href=\"https:\/\/www.addtoany.com\/share#url=http%3A%2F%2Fcalafat.cat%2Farticles%2Fun-lector-competent&amp;title=Un%20lector%20competent\">&nbsp;Comparteix a<\/a><\/p>\n\n\n\n<p>Articles recents:<\/p>\n\n\n\n<p>&nbsp;<a href=\"http:\/\/calafat.cat\/index.php\/saltant-duna-travessa-a-laltra\/\" data-type=\"page\" data-id=\"1034\">Saltant d\u2019una travessa a l\u2019altra<\/a><\/p>\n\n\n\n<p><a href=\"http:\/\/calafat.cat\/index.php\/vitalitat-de-la-lletra-impresa-la-literatura-valenciana-sobreviu-als-efectes-duna-crisi-que-sacarnissa-tambe-amb-el-mon-de-la-cultura\/\" data-type=\"page\" data-id=\"1094\">Vitalitat de la lletra impresa. La literatura valenciana sobreviu als efectes d&#8217;una crisi que s&#8217;acarnissa tamb\u00e9 amb el m\u00f3n de la cultura<\/a><\/p>\n\n\n\n<p><a href=\"http:\/\/calafat.cat\/index.php\/els-estrats-profunds-de-limaginari-de-soria\/\" data-type=\"page\" data-id=\"1982\">Els estrats profunds de l\u2019imaginari de S\u00f2ria<\/a><\/p>\n<\/div>\n\n\n\n<div class=\"wp-block-column is-layout-flow wp-block-column-is-layout-flow\" style=\"flex-basis:50%\">\n<figure class=\"wp-block-image size-full\"><img loading=\"lazy\" decoding=\"async\" width=\"379\" height=\"270\" src=\"http:\/\/calafat.cat\/wp-content\/uploads\/2022\/05\/un-lector-competent-2-1.jpeg\" alt=\"\" class=\"wp-image-3028\" srcset=\"https:\/\/calafat.cat\/wp-content\/uploads\/2022\/05\/un-lector-competent-2-1.jpeg 379w, https:\/\/calafat.cat\/wp-content\/uploads\/2022\/05\/un-lector-competent-2-1-300x214.jpeg 300w\" sizes=\"auto, (max-width: 379px) 100vw, 379px\" \/><figcaption>Josep M. Llompart<br><br>El llac i la flama. Apunts sobre la poesia contempor\u00e0nia a Mallorca. Josep M. Llompart. Ed. Moll, Col.lecci\u00f3 \u00abTomir\u00bb, Palma, 1998. 160 p\u00e0gs.<br><br>Etiquetes:\u00a0<a href=\"http:\/\/calafat.cat\/index.php\/1998-2\/\" data-type=\"page\" data-id=\"2609\">1998<\/a> <a href=\"http:\/\/calafat.cat\/index.php\/publicat-a\/el-temps\/\" data-type=\"page\" data-id=\"110\">El Temps<\/a> <a href=\"http:\/\/calafat.cat\/index.php\/assaig\/\" data-type=\"page\" data-id=\"1677\">Assaig<\/a><\/figcaption><\/figure>\n<\/div>\n<\/div>\n","protected":false},"excerpt":{"rendered":"<p>En el present llibre fins ara in\u00e8dit, el poeta Josep M. Llompart estudia les dues tend\u00e8ncies oposades que dominen la poesia insular moderna: una poesia de rigor formal i d&#8217;harmonia apol\u00b7l\u00ednia, i una altra tend\u00e8ncia m\u00e9s interessada en l&#8217;aud\u00e0cia expressiva i en l&#8217;esperilt dion\u00edsiac. Josep M. Llompart \u00e9s un bon poeta per\u00f2 tamb\u00e9 un cr\u00edtic &#8230; <a title=\"Un lector competent\" class=\"read-more\" href=\"https:\/\/calafat.cat\/index.php\/un-lector-competent-2\/\" aria-label=\"M\u00e1s en Un lector competent\">Leer m\u00e1s<\/a><\/p>\n","protected":false},"author":1,"featured_media":0,"parent":0,"menu_order":0,"comment_status":"closed","ping_status":"closed","template":"","meta":{"footnotes":""},"class_list":["post-1738","page","type-page","status-publish"],"_links":{"self":[{"href":"https:\/\/calafat.cat\/index.php\/wp-json\/wp\/v2\/pages\/1738","targetHints":{"allow":["GET"]}}],"collection":[{"href":"https:\/\/calafat.cat\/index.php\/wp-json\/wp\/v2\/pages"}],"about":[{"href":"https:\/\/calafat.cat\/index.php\/wp-json\/wp\/v2\/types\/page"}],"author":[{"embeddable":true,"href":"https:\/\/calafat.cat\/index.php\/wp-json\/wp\/v2\/users\/1"}],"replies":[{"embeddable":true,"href":"https:\/\/calafat.cat\/index.php\/wp-json\/wp\/v2\/comments?post=1738"}],"version-history":[{"count":2,"href":"https:\/\/calafat.cat\/index.php\/wp-json\/wp\/v2\/pages\/1738\/revisions"}],"predecessor-version":[{"id":3029,"href":"https:\/\/calafat.cat\/index.php\/wp-json\/wp\/v2\/pages\/1738\/revisions\/3029"}],"wp:attachment":[{"href":"https:\/\/calafat.cat\/index.php\/wp-json\/wp\/v2\/media?parent=1738"}],"curies":[{"name":"wp","href":"https:\/\/api.w.org\/{rel}","templated":true}]}}