{"id":1748,"date":"2022-04-28T07:17:40","date_gmt":"2022-04-28T07:17:40","guid":{"rendered":"http:\/\/calafat.cat\/?page_id=1748"},"modified":"2022-05-12T15:11:52","modified_gmt":"2022-05-12T15:11:52","slug":"homenatge-a-joan-ortega-redondo-2","status":"publish","type":"page","link":"https:\/\/calafat.cat\/index.php\/homenatge-a-joan-ortega-redondo-2\/","title":{"rendered":"Homenatge a Joan Ortega Redondo"},"content":{"rendered":"\n<div class=\"wp-block-columns alignwide is-layout-flex wp-container-core-columns-is-layout-9d6595d7 wp-block-columns-is-layout-flex\">\n<div class=\"wp-block-column is-layout-flow wp-block-column-is-layout-flow\" style=\"flex-basis:50%\">\n<p>Algunes persones m\u2019han demanat que isca a dir unes paraules sobre la persona i l\u2019obra de Joan Ortega. Volen que les paraules que dir\u00e9 servisquen d\u2019agra\u00efment per totes les coses que ha fet Joan, per l\u2019ajut i suport que ha donat als seus fills, per tot el que ha treballat per la Falla&nbsp;<em>Els Jovenils<\/em>. B\u00e9, vaja per endavant la meua entusiasta adhesi\u00f3 a l\u2019acte d\u2019homenatge, i tamb\u00e9 el reconeixement per una determinada manera d\u00b4actuar i d\u2019entendre la cultura popular que va relacionada amb les falles.<\/p>\n\n\n\n<p>Quan em digueren que parlara ara i ac\u00ed \u2013no em van donar l\u2019oportunitat a dir que no- em va caure el m\u00f3n als peus. La ra\u00f3 \u00e9s ben senzilla: conec molt indirectament la Falla&nbsp;<em>Els Jovenils<\/em>. Per aix\u00f2 contar\u00e9 les quatres coses que s\u00e9 de Joan Ortega Redondo. O que em figure que s\u00e9, que en aquest cas v\u00e9nen a ser el mateix.<\/p>\n\n\n\n<p>Em voldria considerar una persona receptiva a la sensibilitat. Quan em vaig assabentar que Joan escrivia versos em va resultar simp\u00e0tic eixe fet. Em feia gr\u00e0cia que la gent que me\u2019n parlava l&#8217;anomenara el \u201cpoeta de la falla\u201d o del barri. Quan per casualitats de la vida vaig coincidir i parlar amb ell, aquella impressi\u00f3 inicial se\u2019m va confirmar. No vos ho perdeu, des del comen\u00e7ament \u00e9rem capa\u00e7os d\u2019estar un temps llarg xarra que xarrar\u00e0s. De quines coses parlem? De tot un poc. Ho arreglem tot, ho desfem tot i ho tornem a refer. Per damunt de totes les coses, ix una vegada i una altra el tema de les falles. Sobretot parla, parlem, de teatre.<\/p>\n\n\n\n<p>Mentre passem el temps, com aquell que no vol la cosa, he sabut que treballava de ferroviari, que va estudiar \u2013si la mem\u00f2ria no em tra\u00efx- arts i oficis. \u00c9s, per damunt de tot, un autodidacta que s\u2019interessa per la cultura i li agrada llegir i escriure. Ho comen\u00e7\u00e0 a fer, escriure vull dir, a partir dels 40 anys. El fascina el m\u00f3n de les falles, la cultura popular i tota la creaci\u00f3 lligada al m\u00f3n faller. Per\u00f2 li interessa que estiga elaborada amb dignitat, i siga honesta, i mirant de no caure ens els t\u00f2pics massa suats que la cosa fallera permet amb excessiva facilitat. Per la forma de parlar Joan Ortega sobre totes aquestes coses, em vaig muntar la meua pel\u00b7l\u00edcula: em resulta afable, pr\u00f2xima la seua manera de viure i practicar la cultura del poble. Tamb\u00e9 em sent molt identificat en la seua manera serena \u2013per regla general- de voler entendre les coses que ens passen, d\u2019enfocar-les des d\u2019un punt de mira raonable i bascular els fets des dels distints angles. I tot aix\u00f2 connectat amb un fort inter\u00e9s pel b\u00e9 de les coses p\u00fabliques, del seu entorn. En definitiva, de totes les circumst\u00e0ncies que afecten la seua \u2013i nostra- col\u00b7lectivitat. En la seua figura veig combinades tres facetes: sensibilitat, voluntat de ser raonable i preocupaci\u00f3 per les coses del seu voltant. Quasi res du el peri\u00f2dic.<\/p>\n\n\n\n<p>Amb el temps he sabut que ha fet versos per a llibrets fallers, que havia dut un temps un grup de teatre en la falla. I no nom\u00e9s aix\u00f2. Que ha escrit un bon grapat de obres de teatre per a infants i unes quantes per a adults. Una, estrenada enguany, un drama, per una falla del barri, i una com\u00e8dia amb un to pujat de graus, que ha guanyat el premi d\u2019enguany de teatre faller, una obra in\u00e8dita. Quan em parla dels muntatges teatrals em deixa bocabadat el fet que controla les claus per on ha d&#8217;anar-ne la direcci\u00f3 i la interpretaci\u00f3, i les possibilitats i limitacions de la pr\u00e0ctica amateur.<\/p>\n\n\n\n<p>Pel que fa a les obres de teatre per a adults, m&#8217;agrada que fuja com del dimoni del llenguatge del sainet, perqu\u00e8 \u00e9s ja un univers i un llenguatge molt allunyats de la nostra realitat. Joan Ortega mobilitza i articula una forma de parlar m\u00e9s pr\u00f2xima i unes tem\u00e0tiques que ens puguen tocar de m\u00e9s a prop. Una de les dues obres que he esmentat,&nbsp;<em>No isques<\/em>, \u00e9s tot un drama sobre la superviv\u00e8ncia i el terror psicol\u00f2gic despr\u00e9s d\u2019haver perdut una guerra. Ho escriu amb un llenguatge conc\u00eds, auster, sense explicar massa les coses. Ac\u00ed tot el que es calla, les paraules no dites, omplin l\u2019escenari. aporten la tensi\u00f3, el dolor, la desesperaci\u00f3 de saber que caur\u00e0 al teu damunt el desastre, per\u00f2 no saps quan, ni com ni per qui. I malgrat tot aix\u00f2 els personatges s\u2019han d\u2019engolir la r\u00e0bia per tal de poder sobreviure.<\/p>\n\n\n\n<p>La segona obra,&nbsp;<em>El sexe de les putes<\/em>, \u00e9s un text m\u00e9s complex amb hist\u00f2ries creuades i embolics d\u2019alta ebullici\u00f3 per tractar temes de les parelles, de la hipocresia social, i no tan social, de la tirania dels mitjans de comunicaci\u00f3, en aquest cas la televisi\u00f3. En fi, una obra que busca obertament l\u2019humor amb les gotes necess\u00e0ries de mala llet i el seu punt de pebre a fi d\u2019enganxar el lector o l\u2019espectador.<\/p>\n\n\n\n<p>Diuen per aquestes terres de D\u00e9u que tota pedra fa paret. Aix\u00f2 mateix, tota paraula, dita amb consci\u00e8ncia, fa cr\u00e9ixer les paraules i, esperem, que les persones. Per tant, gr\u00e0cies Joan per tot el que has fet i has aportat a la falla, gr\u00e0cies pel que has fet per la teua cultura. Gr\u00e0cies per ser com \u201ceres\u201d i perqu\u00e8 no canvies. Gr\u00e0cies. Gr\u00e0cies a tots per participar en aquest acte.<\/p>\n\n\n\n<p>Mar\u00e7 de 2009<\/p>\n\n\n\n<p><a rel=\"noreferrer noopener\" href=\"http:\/\/calafat.cat\/#facebook\" target=\"_blank\">Facebook<\/a>\u00a0<a rel=\"noreferrer noopener\" href=\"http:\/\/calafat.cat\/#twitter\" target=\"_blank\">Twitter<\/a>\u00a0<a href=\"https:\/\/www.addtoany.com\/share#url=http%3A%2F%2Fcalafat.cat%2Farticles%2Fhomenatge-a-joan-ortega-redondo&amp;title=Homenatge%20a%20Joan%20Ortega%20Redondo\">\u00a0Comparteix a<\/a><\/p>\n\n\n\n<p>Articles recents:\u00a0<\/p>\n\n\n\n<p><a href=\"http:\/\/calafat.cat\/index.php\/el-teatre-de-manuel-la-tralla-que-allibera-4\/\" data-type=\"page\" data-id=\"1582\">El teatre de Manuel: la tralla que allibera<\/a><\/p>\n\n\n\n<p><a href=\"http:\/\/calafat.cat\/index.php\/cezanne-poesia-i-pensament-fets-pintura\/\" data-type=\"page\" data-id=\"1125\">C\u00e9zanne: poesia i pensament fets pintura<\/a><\/p>\n\n\n\n<p><a href=\"http:\/\/calafat.cat\/index.php\/vitalitat-de-la-lletra-impresa-la-literatura-valenciana-sobreviu-als-efectes-duna-crisi-que-sacarnissa-tambe-amb-el-mon-de-la-cultura\/\" data-type=\"page\" data-id=\"1094\">Vitalitat de la lletra impresa. La literatura valenciana sobreviu als efectes d&#8217;una crisi que s&#8217;acarnissa tamb\u00e9 amb el m\u00f3n de la cultura<\/a><\/p>\n<\/div>\n\n\n\n<div class=\"wp-block-column is-layout-flow wp-block-column-is-layout-flow\" style=\"flex-basis:50%\">\n<figure class=\"wp-block-image size-full\"><img loading=\"lazy\" decoding=\"async\" width=\"378\" height=\"379\" src=\"http:\/\/calafat.cat\/wp-content\/uploads\/2022\/05\/1-34.jpeg\" alt=\"\" class=\"wp-image-3327\" srcset=\"https:\/\/calafat.cat\/wp-content\/uploads\/2022\/05\/1-34.jpeg 378w, https:\/\/calafat.cat\/wp-content\/uploads\/2022\/05\/1-34-300x300.jpeg 300w, https:\/\/calafat.cat\/wp-content\/uploads\/2022\/05\/1-34-150x150.jpeg 150w\" sizes=\"auto, (max-width: 378px) 100vw, 378px\" \/><figcaption>Joan Ortega Redondo. Font: teatrefaller.com<br><br>Etiquetes:\u00a0<a href=\"http:\/\/calafat.cat\/index.php\/2009-3\/\" data-type=\"page\" data-id=\"2164\">2009<\/a> <a href=\"http:\/\/calafat.cat\/index.php\/per-generes\/homenatges-presentacions\/\" data-type=\"page\" data-id=\"92\">Homenatges\/Presentacions<\/a> <a href=\"http:\/\/calafat.cat\/index.php\/per-generes\/teatre\/\" data-type=\"page\" data-id=\"102\">Teatre<\/a><\/figcaption><\/figure>\n<\/div>\n<\/div>\n","protected":false},"excerpt":{"rendered":"<p>Algunes persones m\u2019han demanat que isca a dir unes paraules sobre la persona i l\u2019obra de Joan Ortega. Volen que les paraules que dir\u00e9 servisquen d\u2019agra\u00efment per totes les coses que ha fet Joan, per l\u2019ajut i suport que ha donat als seus fills, per tot el que ha treballat per la Falla&nbsp;Els Jovenils. B\u00e9, &#8230; <a title=\"Homenatge a Joan Ortega Redondo\" class=\"read-more\" href=\"https:\/\/calafat.cat\/index.php\/homenatge-a-joan-ortega-redondo-2\/\" aria-label=\"M\u00e1s en Homenatge a Joan Ortega Redondo\">Leer m\u00e1s<\/a><\/p>\n","protected":false},"author":1,"featured_media":0,"parent":0,"menu_order":0,"comment_status":"closed","ping_status":"closed","template":"","meta":{"footnotes":""},"class_list":["post-1748","page","type-page","status-publish"],"_links":{"self":[{"href":"https:\/\/calafat.cat\/index.php\/wp-json\/wp\/v2\/pages\/1748","targetHints":{"allow":["GET"]}}],"collection":[{"href":"https:\/\/calafat.cat\/index.php\/wp-json\/wp\/v2\/pages"}],"about":[{"href":"https:\/\/calafat.cat\/index.php\/wp-json\/wp\/v2\/types\/page"}],"author":[{"embeddable":true,"href":"https:\/\/calafat.cat\/index.php\/wp-json\/wp\/v2\/users\/1"}],"replies":[{"embeddable":true,"href":"https:\/\/calafat.cat\/index.php\/wp-json\/wp\/v2\/comments?post=1748"}],"version-history":[{"count":2,"href":"https:\/\/calafat.cat\/index.php\/wp-json\/wp\/v2\/pages\/1748\/revisions"}],"predecessor-version":[{"id":3329,"href":"https:\/\/calafat.cat\/index.php\/wp-json\/wp\/v2\/pages\/1748\/revisions\/3329"}],"wp:attachment":[{"href":"https:\/\/calafat.cat\/index.php\/wp-json\/wp\/v2\/media?parent=1748"}],"curies":[{"name":"wp","href":"https:\/\/api.w.org\/{rel}","templated":true}]}}