{"id":1770,"date":"2022-04-28T07:26:01","date_gmt":"2022-04-28T07:26:01","guid":{"rendered":"http:\/\/calafat.cat\/?page_id=1770"},"modified":"2022-05-19T15:27:58","modified_gmt":"2022-05-19T15:27:58","slug":"cantic-damor-pur","status":"publish","type":"page","link":"https:\/\/calafat.cat\/index.php\/cantic-damor-pur\/","title":{"rendered":"C\u00e0ntic d&#8217;amor pur"},"content":{"rendered":"\n<div class=\"wp-block-columns alignwide is-layout-flex wp-container-core-columns-is-layout-9d6595d7 wp-block-columns-is-layout-flex\">\n<div class=\"wp-block-column is-layout-flow wp-block-column-is-layout-flow\" style=\"flex-basis:50%\">\n<p>Un fet extraordinari, la resurrecci\u00f3 de Mela pel seu germ\u00e0, \u00e9s l&#8217;inici d&#8217;una hist\u00f2ria d&#8217;amor pur entre tots dos, que es veur\u00e0 entrebancada per una separaci\u00f3 d&#8217;anys. Quan es retroben, la seua vida es transformar\u00e0 radicalment, per\u00f2 l&#8217;espai del somni on voldrien romandre es revelar\u00e0 tan fr\u00e0gil com les ales dissecades d&#8217;una papallona&#8230;<\/p>\n\n\n\n<p>Contar l&#8217;argument de <em>Mela<\/em>, d&#8217;Ignasi Mora, com hem fet, du irremeiablement a la caricatura, perqu\u00e8 \u00e9s una d&#8217;aquelles hist\u00f2ries que voregen les fronteres de la sensibleria, sense passar-la, malgrat tot, en cap moment. El llibre exigeix una gran complicitat del lector a fi que no s&#8217;hi quede en els aspectes m\u00e9s circumstancials. No desvetllarem el desenlla\u00e7, per\u00f2 per comprendre l&#8217;estat d&#8217;\u00e0nim del narrador cal tenir present que les seues paraules s\u00f3n, de fet, una llarga preg\u00e0ria, dirigida a un tu omnipresent per tal de despertar-lo de la seua indifer\u00e8ncia.<\/p>\n\n\n\n<p>El narrador recorda els moments m\u00e9s significatius de la seua vida des del retorn a la vida de la seua germana i la inevitable separaci\u00f3. L&#8217;ingr\u00e9s en el seminari representar\u00e0 per la narrador con\u00e9ixer els l\u00edmits que li imposen les regles dels altres, que no fan una altra cosa que distanciar-lo d&#8217;all\u00f2 que m\u00e9s s&#8217;estima. Per aix\u00f2 decideix instal\u00b7lar-se en el passat, en els somnis, en la solitud. Fins i tot quan torna al poblr anys despr\u00e9s. Els records constitueixen la membrana que el protegeixen i el fan viure en l&#8217;esperan\u00e7a. El protagonista manifesta un profund sentiment religi\u00f3s, o potser seria millor parlar d&#8217;una m\u00edstica del silenci que li fa de trampol\u00ed per sentir l&#8217;\u00edntima naturalesa del paisatge, de les coses. Un sentiment que t\u00e9 poc a veure amb les religions reglamentades. Ell viu amb neguit tots els intents de voler aprofitar-se de les qualitats curatives que la gent li atribueix. Tamb\u00e9 el desassossega la pres\u00e8ncia d&#8217;un periodista agressiu que vol fer-ne un reportatge sensacionalista. \u00c9s el contrapunt del protagonista: un personatge fracassat i autodestructiu, que d&#8217;alguna manera connecta amb el m\u00f3n de <em>Finale<\/em>.<\/p>\n\n\n\n<p>El nervi de la novel\u00b7la recau, com indica el t\u00edtol del llibre, en Mela, un personatge d&#8217;una personalitat atractiva i alhora esmunyedissa. Obsedida des de menuda amb fugir del poble, converteix el tren en la seua casa i en la seua vida. viu intensament les emocions que li desperten les noves sensacions. En la total comprensi\u00f3 entre germans, a m\u00e9s d&#8217;erotisme i amor, hi ha una viv\u00e8ncia singular d&#8217;amistat. \u00c9s una relaci\u00f3 en qu\u00e8 cadasc\u00fa \u00e9s l&#8217;espill de l&#8217;altre, on els amants troben la seua personalitat \u00edntegra en la pres\u00e8ncia bessona de l&#8217;altre. Qui cerque, per\u00f2, en l&#8217;estima entre els germans unes escenes morboses el llibre el defraudar\u00e0. Ignasi Mora ent\u00e9n la relaci\u00f3 del dos germans com un amor pur, al qual potser no poden arribar les altres parelles.<\/p>\n\n\n\n<p>En <em>Mela<\/em> Ignasi Mora es mostra molt h\u00e0bil en l&#8217;art de la sugger\u00e8ncia, en la creaci\u00f3 d&#8217;atmosferes i s\u00edmbols de s\u00f2bria bellesa, com \u00e9s ara la casa de les papallones. Escrita amb una prosa c\u00e0lida, amb una senzillesa que contribueix a refor\u00e7ar la intensitat po\u00e8tica. Un estil que s&#8217;ajusta amb precisi\u00f3 tant per transmetre la innoc\u00e8ncia i goig com al to d&#8217;\u00edntima i desesperaga preg\u00e0ria que palpita en l&#8217;obra. Una novel\u00b7la breu, per\u00f2 plena d&#8217;al\u00b7licients, allunyada dels h\u00e0bits narratius de la literatura catalana actual.<\/p>\n\n\n\n<p>EL TEMPS, 1997<\/p>\n\n\n\n<p><a rel=\"noreferrer noopener\" href=\"http:\/\/calafat.cat\/#facebook\" target=\"_blank\">Facebook<\/a>\u00a0<a rel=\"noreferrer noopener\" href=\"http:\/\/calafat.cat\/#twitter\" target=\"_blank\">Twitter<\/a>\u00a0<a href=\"https:\/\/www.addtoany.com\/share#url=http%3A%2F%2Fcalafat.cat%2Farticles%2Fcantic-damor-pur&amp;title=C%C3%A0ntic%20d%27amor%20pur\">\u00a0Comparteix a<\/a><\/p>\n\n\n\n<p>Articles recents:\u00a0<\/p>\n\n\n\n<p><a href=\"http:\/\/calafat.cat\/index.php\/una-passio-amorosa-en-la-valencia-del-quatre-cents\/\" data-type=\"page\" data-id=\"1050\">Una passi\u00f3 amorosa en la Val\u00e8ncia del quatre-cents<\/a><\/p>\n\n\n\n<p><a href=\"http:\/\/calafat.cat\/index.php\/viure-es-cremar-anar-cremant-se\/\" data-type=\"page\" data-id=\"1038\">Viure \u00e9s cremar, anar cremant-se<\/a><\/p>\n\n\n\n<p><a href=\"http:\/\/calafat.cat\/index.php\/un-ambit-dambits-literaris\/\" data-type=\"page\" data-id=\"1040\">Un \u00e0mbit d\u2019\u00e0mbits literaris<\/a><\/p>\n<\/div>\n\n\n\n<div class=\"wp-block-column is-layout-flow wp-block-column-is-layout-flow\" style=\"flex-basis:50%\">\n<figure class=\"wp-block-image size-full\"><img loading=\"lazy\" decoding=\"async\" width=\"379\" height=\"379\" src=\"http:\/\/calafat.cat\/wp-content\/uploads\/2022\/05\/cantic-damor-pur-1.jpeg\" alt=\"\" class=\"wp-image-4225\" srcset=\"https:\/\/calafat.cat\/wp-content\/uploads\/2022\/05\/cantic-damor-pur-1.jpeg 379w, https:\/\/calafat.cat\/wp-content\/uploads\/2022\/05\/cantic-damor-pur-1-300x300.jpeg 300w, https:\/\/calafat.cat\/wp-content\/uploads\/2022\/05\/cantic-damor-pur-1-150x150.jpeg 150w\" sizes=\"auto, (max-width: 379px) 100vw, 379px\" \/><figcaption>Portada del llibre<br><br>Mela. Ignasi Mora. Edicions 62, Barcelona, 1997. 125 p\u00e0gs.<br><br>Etiquetes:\u00a0<a href=\"http:\/\/calafat.cat\/index.php\/1997-2\/\" data-type=\"page\" data-id=\"3980\">1997<\/a> <a href=\"http:\/\/calafat.cat\/index.php\/publicat-a\/el-temps\/\" data-type=\"page\" data-id=\"110\">El Temps<\/a> <a href=\"http:\/\/calafat.cat\/index.php\/per-generes\/narrativa\/\" data-type=\"page\" data-id=\"94\">Narrativa<\/a> <a href=\"http:\/\/calafat.cat\/index.php\/ignasi-mora\/\" data-type=\"page\" data-id=\"4217\">Ignasi Mora<\/a><\/figcaption><\/figure>\n<\/div>\n<\/div>\n","protected":false},"excerpt":{"rendered":"<p>Un fet extraordinari, la resurrecci\u00f3 de Mela pel seu germ\u00e0, \u00e9s l&#8217;inici d&#8217;una hist\u00f2ria d&#8217;amor pur entre tots dos, que es veur\u00e0 entrebancada per una separaci\u00f3 d&#8217;anys. Quan es retroben, la seua vida es transformar\u00e0 radicalment, per\u00f2 l&#8217;espai del somni on voldrien romandre es revelar\u00e0 tan fr\u00e0gil com les ales dissecades d&#8217;una papallona&#8230; Contar l&#8217;argument &#8230; <a title=\"C\u00e0ntic d&#8217;amor pur\" class=\"read-more\" href=\"https:\/\/calafat.cat\/index.php\/cantic-damor-pur\/\" aria-label=\"M\u00e1s en C\u00e0ntic d&#8217;amor pur\">Leer m\u00e1s<\/a><\/p>\n","protected":false},"author":1,"featured_media":0,"parent":0,"menu_order":0,"comment_status":"closed","ping_status":"closed","template":"","meta":{"footnotes":""},"class_list":["post-1770","page","type-page","status-publish"],"_links":{"self":[{"href":"https:\/\/calafat.cat\/index.php\/wp-json\/wp\/v2\/pages\/1770","targetHints":{"allow":["GET"]}}],"collection":[{"href":"https:\/\/calafat.cat\/index.php\/wp-json\/wp\/v2\/pages"}],"about":[{"href":"https:\/\/calafat.cat\/index.php\/wp-json\/wp\/v2\/types\/page"}],"author":[{"embeddable":true,"href":"https:\/\/calafat.cat\/index.php\/wp-json\/wp\/v2\/users\/1"}],"replies":[{"embeddable":true,"href":"https:\/\/calafat.cat\/index.php\/wp-json\/wp\/v2\/comments?post=1770"}],"version-history":[{"count":2,"href":"https:\/\/calafat.cat\/index.php\/wp-json\/wp\/v2\/pages\/1770\/revisions"}],"predecessor-version":[{"id":4227,"href":"https:\/\/calafat.cat\/index.php\/wp-json\/wp\/v2\/pages\/1770\/revisions\/4227"}],"wp:attachment":[{"href":"https:\/\/calafat.cat\/index.php\/wp-json\/wp\/v2\/media?parent=1770"}],"curies":[{"name":"wp","href":"https:\/\/api.w.org\/{rel}","templated":true}]}}