{"id":1796,"date":"2022-04-28T07:36:29","date_gmt":"2022-04-28T07:36:29","guid":{"rendered":"http:\/\/calafat.cat\/?page_id=1796"},"modified":"2022-05-11T15:57:07","modified_gmt":"2022-05-11T15:57:07","slug":"el-secret-de-la-infelicitat-2","status":"publish","type":"page","link":"https:\/\/calafat.cat\/index.php\/el-secret-de-la-infelicitat-2\/","title":{"rendered":"El secret de la infelicitat"},"content":{"rendered":"\n<div class=\"wp-block-columns alignwide is-layout-flex wp-container-core-columns-is-layout-9d6595d7 wp-block-columns-is-layout-flex\">\n<div class=\"wp-block-column is-layout-flow wp-block-column-is-layout-flow\" style=\"flex-basis:50%\">\n<p>Una soltera d&#8217;una trentena d&#8217;anys viu en un pis desordenat, est\u00e0 capficada per trobar parella i t\u00e9 una mare neur\u00f2tica i alliberada. Un bon dia decideix d&#8217;escriure un dietari en qu\u00e8 anota amb tota mena de detalls les circumst\u00e0ncies de la seua vi-da quotidiana i les relacions que mant\u00e9 amb el m\u00f3n.<\/p>\n\n\n\n<p><em>EI diari de Bridget Jones<\/em>, segons les cr\u00f2niques period\u00edstiques, ha arrasat Anglaterra i els Estats Units amb un \u00e8xit que fins i tot ha sorpr\u00e8s l&#8217;escriptora mateixa. Ara b\u00e9, el lector far\u00e0<br>mal fet d&#8217;esperar-se un llibre semblant als d&#8217;alguns altres \u00e8xits de l&#8217;\u00e0mbit anglosax\u00f3 que han embadalit el lector catal\u00e0 aquests \u00faltims temps, com ara <em>El d\u00e9u de les petites coses<\/em> i <em>Les cendres d&#8217;\u00c0ngela<\/em>. El llibre \u00e9s una altra cosa, una novel\u00b7la que tracta en clau d&#8217;humor de la vida quotidiana des del punt de vista d&#8217;un sector social nou: concretament el d&#8217;una dona soltera i independent que viu en una gran ciutat com \u00e9s Londres.<\/p>\n\n\n\n<p>Qui \u00e9s aquesta Bridget Jones, l&#8217;autora d&#8217;aquest dietari que ha despertat tant d&#8217;inter\u00e8s? Una dona d&#8217;una trentena d&#8217;anys, soltera, que viu en un pis desordenat, que t\u00e9 una mare ja gran que vol viure com una dona alliberada, i capficada per trobar parella. Jones decideix un bon dia d&#8217;escriure un dietari en el qual anota detalladament all\u00f2 que li passa, les seues d\u00e8ries i bones intencions. Especialment la seua obsessi\u00f3 per aconseguir una bona silueta, deixar de fumar i controlar el consum d&#8217;alcohol. Per\u00f2 els bons prop\u00f2sits acaben estavellant-se per causa dels continus canvis d&#8217;\u00e0nim i de la inseguretat davant qualsevol fet que mostra la protagonista. Bridget Jones es consola i resol els seus problemes amb el tabac, l&#8217;alcohol, la xocolata i les telefonades interminables amb les amigues que li recomanen el zen i llibres d&#8217;autoajuda.<\/p>\n\n\n\n<p>S&#8217;identifiquen amb facilitat les situacions descrites en el llibre perqu\u00e8 formen part de la vida actual. Helen Fielding sap traure&#8217;n un bon partit exagerant-les al m\u00e0xim. L&#8217;autora explota les frustracions degudes a la preocupaci\u00f3 per la moda, i la inseguretat motivada pel fet de viure en soledat i d&#8217;haver trencat els h\u00e0bits d&#8217;educaci\u00f3 rebuts. I ho fa amb un humor que condueix el comportament dels protagonistes a un estat patol\u00f2gic, ple de malentesos, di\u00e0legs absurds i situacions grotesques. L&#8217;autora sap conduir amb m\u00e0 ferma tot aquest devessall d&#8217;equ\u00edvocs, encara que el lector descobresca a partir d&#8217;un punt determinat que, a la protagonista, li ocorrer\u00e0 tot all\u00f2 que no s&#8217;espera. Per aix\u00f2 el llibre acaba essent un relat divertit i inversemblant de la vida actual. Els personatges s\u00f3n cultes, per\u00f2 superficials; nom\u00e9s es preocupen de tenir un bon f\u00edsic i una parella estable, sense entrar a fons en m\u00e9s q\u00fcestions. Volen una vida sense estralls, encara que s&#8217;aconseguesca contemplant programes espantosos de televisi\u00f3. Aquests personatges que es fien de les revistes i dels hor\u00f2scops, la veritat \u00e9s que no s\u00f3n de fiar. Per\u00f2, segons com es mire, poden servir per a passar l&#8217;estona, cosa que sempre pot anar b\u00e9.<\/p>\n\n\n\n<p>EL TEMPS, n\u00fam. 748, p\u00e0g. 68, 19\/10\/1998 <\/p>\n\n\n\n<p>Descarrega&#8217;t l&#8217;original:\u00a0<img decoding=\"async\" src=\"http:\/\/calafat.cat\/modules\/file\/icons\/application-pdf.png\" alt=\"PDF icon\"><a href=\"http:\/\/calafat.cat\/sites\/default\/files\/el-secret-de-la-infelicitat.pdf\">el-secret-de-la-infelicitat.pdf<\/a><\/p>\n\n\n\n<p><a rel=\"noreferrer noopener\" href=\"http:\/\/calafat.cat\/#facebook\" target=\"_blank\">Facebook<\/a>\u00a0<a rel=\"noreferrer noopener\" href=\"http:\/\/calafat.cat\/#twitter\" target=\"_blank\">Twitter<\/a>\u00a0<a href=\"https:\/\/www.addtoany.com\/share#url=http%3A%2F%2Fcalafat.cat%2Farticles%2Fel-secret-de-la-infelicitat&amp;title=El%20secret%20de%20la%20infelicitat%20\">\u00a0Comparteix a<\/a><\/p>\n\n\n\n<p>Articles recents:\u00a0<\/p>\n\n\n\n<p><a href=\"http:\/\/calafat.cat\/index.php\/quatre-decades-de-narrativa-valenciana-moderna\/\" data-type=\"page\" data-id=\"1048\">Quatre d\u00e8cades de narrativa valenciana moderna<\/a><\/p>\n\n\n\n<p><a href=\"http:\/\/calafat.cat\/index.php\/pulsions-en-un-moviment-permament\/\" data-type=\"page\" data-id=\"1061\">Pulsions en un moviment permament<\/a><\/p>\n\n\n\n<p><a href=\"http:\/\/calafat.cat\/index.php\/viure-es-cremar-anar-cremant-se\/\" data-type=\"page\" data-id=\"1038\">Viure \u00e9s cremar, anar cremant-se<\/a><\/p>\n<\/div>\n\n\n\n<div class=\"wp-block-column is-layout-flow wp-block-column-is-layout-flow\" style=\"flex-basis:50%\">\n<figure class=\"wp-block-image size-full\"><img loading=\"lazy\" decoding=\"async\" width=\"379\" height=\"379\" src=\"http:\/\/calafat.cat\/wp-content\/uploads\/2022\/05\/el-secret-de-la-infelicitat-1-1-1.jpeg\" alt=\"\" class=\"wp-image-2994\" srcset=\"https:\/\/calafat.cat\/wp-content\/uploads\/2022\/05\/el-secret-de-la-infelicitat-1-1-1.jpeg 379w, https:\/\/calafat.cat\/wp-content\/uploads\/2022\/05\/el-secret-de-la-infelicitat-1-1-1-300x300.jpeg 300w, https:\/\/calafat.cat\/wp-content\/uploads\/2022\/05\/el-secret-de-la-infelicitat-1-1-1-150x150.jpeg 150w\" sizes=\"auto, (max-width: 379px) 100vw, 379px\" \/><figcaption>Portada del llibre<br><br>El diari de Bridget Jones. Helen Fielding. Traducci\u00f3 d&#8217;Ernest Riera. Edicions 62, col\u00b7lecci\u00f3 \u00abEI Balanc\u00ed\u00bb, Barcelona, 1998. 344 p\u00e0gs.<br><br>Etiquetes:\u00a0<a href=\"http:\/\/calafat.cat\/index.php\/1998-2\/\" data-type=\"page\" data-id=\"2609\">1998<\/a> <a href=\"http:\/\/calafat.cat\/index.php\/publicat-a\/el-temps\/\" data-type=\"page\" data-id=\"110\">El Temps<\/a> <a href=\"http:\/\/calafat.cat\/index.php\/per-generes\/narrativa\/\" data-type=\"page\" data-id=\"94\">Narrativa<\/a><\/figcaption><\/figure>\n<\/div>\n<\/div>\n","protected":false},"excerpt":{"rendered":"<p>Una soltera d&#8217;una trentena d&#8217;anys viu en un pis desordenat, est\u00e0 capficada per trobar parella i t\u00e9 una mare neur\u00f2tica i alliberada. Un bon dia decideix d&#8217;escriure un dietari en qu\u00e8 anota amb tota mena de detalls les circumst\u00e0ncies de la seua vi-da quotidiana i les relacions que mant\u00e9 amb el m\u00f3n. EI diari de &#8230; <a title=\"El secret de la infelicitat\" class=\"read-more\" href=\"https:\/\/calafat.cat\/index.php\/el-secret-de-la-infelicitat-2\/\" aria-label=\"M\u00e1s en El secret de la infelicitat\">Leer m\u00e1s<\/a><\/p>\n","protected":false},"author":1,"featured_media":0,"parent":0,"menu_order":0,"comment_status":"closed","ping_status":"closed","template":"","meta":{"footnotes":""},"class_list":["post-1796","page","type-page","status-publish"],"_links":{"self":[{"href":"https:\/\/calafat.cat\/index.php\/wp-json\/wp\/v2\/pages\/1796","targetHints":{"allow":["GET"]}}],"collection":[{"href":"https:\/\/calafat.cat\/index.php\/wp-json\/wp\/v2\/pages"}],"about":[{"href":"https:\/\/calafat.cat\/index.php\/wp-json\/wp\/v2\/types\/page"}],"author":[{"embeddable":true,"href":"https:\/\/calafat.cat\/index.php\/wp-json\/wp\/v2\/users\/1"}],"replies":[{"embeddable":true,"href":"https:\/\/calafat.cat\/index.php\/wp-json\/wp\/v2\/comments?post=1796"}],"version-history":[{"count":2,"href":"https:\/\/calafat.cat\/index.php\/wp-json\/wp\/v2\/pages\/1796\/revisions"}],"predecessor-version":[{"id":2996,"href":"https:\/\/calafat.cat\/index.php\/wp-json\/wp\/v2\/pages\/1796\/revisions\/2996"}],"wp:attachment":[{"href":"https:\/\/calafat.cat\/index.php\/wp-json\/wp\/v2\/media?parent=1796"}],"curies":[{"name":"wp","href":"https:\/\/api.w.org\/{rel}","templated":true}]}}