{"id":1840,"date":"2022-04-28T09:26:00","date_gmt":"2022-04-28T09:26:00","guid":{"rendered":"http:\/\/calafat.cat\/?page_id=1840"},"modified":"2022-05-19T16:12:07","modified_gmt":"2022-05-19T16:12:07","slug":"la-memoria-de-la-historia","status":"publish","type":"page","link":"https:\/\/calafat.cat\/index.php\/la-memoria-de-la-historia\/","title":{"rendered":"La mem\u00f2ria de la hist\u00f2ria"},"content":{"rendered":"\n<div class=\"wp-block-columns alignwide is-layout-flex wp-container-core-columns-is-layout-9d6595d7 wp-block-columns-is-layout-flex\">\n<div class=\"wp-block-column is-layout-flow wp-block-column-is-layout-flow\" style=\"flex-basis:50%\">\n<p>De nou Mequinensa, l&#8217;univers narratiu m\u00edtic, de Jes\u00fas Moncada.<\/p>\n\n\n\n<p>La lectura d&#8217;<em>Estremida mem\u00f2ria<\/em> confirma que cada reencontre amb l&#8217;obra de Jes\u00fas Moncada constitueix un renovat plaer per les seues excel\u00b7lents capacitats fabuladores. El recurs en Estremida mem\u00f2ria a un escenari i a uns cognoms coneguts per molts lectors no significa que s&#8217;imite a si mateix, ni que siga autor d&#8217;una mateixa novel\u00b7la desenvolupada en distints lliuraments. Nom\u00e9s significa que aprofita un imaginari ja establert per poder oferir als lectors noves situacions humanes i socials, concretament per narrar les repercussions individuals i socials d&#8217;un drama hum\u00e0.<\/p>\n\n\n\n<p>La novel\u00b7la reconstrueix uns fets de sang a mans d&#8217;uns inexperts bandolers que somnien de resoldre les seues vides, fets que trasbalsaren la poblaci\u00f3 durant l&#8217;any 1877. El nervi narratiu resideix sobretot en les conseq\u00fc\u00e8ncies que tingueren els esdeveniments en les persones relacionades amb els malfactors, tot remarcant el paper que hi represent\u00e0 un funcionari del jutjat, personatge malalt\u00eds i rom\u00e0ntic, que denunci\u00e0 l&#8217;\u00fas pol\u00edtic del cas i la mascarada que represent\u00e0 el judici que es va fer als bandolers.<\/p>\n\n\n\n<p>Al llarg dels cap\u00edtols dedicats a cadascun dels personatges desfila tant la vida social com la vida pol\u00edtica de la vila. Destaca la sensibilitat de l&#8217;escriptor Jes\u00fas Moncada a recrear el canvi d&#8217;un poble gris en un polvor\u00ed, la transformaci\u00f3 d&#8217;un ve\u00efnat que es considera v\u00edctima, perqu\u00e8 consideren els assassinats una ofensa contra el poble, en jutges i botxins, la transmutaci\u00f3 de la fam\u00edlia de temps passats en una crueltat en grau extrem. Una atmosfera enrarida on tant els uns com els altres deixen de controlar les regnes del seu dest\u00ed.<\/p>\n\n\n\n<p><em>Estremida mem\u00f2ria<\/em> \u00e9s, com les obres anteriors, una novel\u00b7la coral, on sobresurten sobretot les dones (com ara les pat\u00e8tiques Marta i Justina i la decidida Am\u00e0lia), que encarnen distintes viv\u00e8ncies del dolor, per\u00f2 tamb\u00e9 oposades maneres d&#8217;enfrontar-lo. Potser el perfil psicol\u00f2gic d&#8217;alguns personatges no est\u00e0 massa aprofundit, per\u00f2 cal tenir en compte que, en cas de fer-ho, s&#8217;hauria desequilibrat massa la interacci\u00f3 entre el punt de vista individual i el social que sost\u00e9 la novel\u00b7la.<\/p>\n\n\n\n<p>L&#8217;estil de Jes\u00fas Moncada, que es basa en una calculada maquin\u00e0ria desplegada per graduar i encaixar la complexa trama per mitj\u00e0 de la fragmentaci\u00f3 i la creaci\u00f3 s\u00e0vies d&#8217;expectatives que nom\u00e9s agafen sentit en la part final de la hist\u00f2ria, \u00e9s inconfusible. El seu estil \u00e9s un procediment molt ajustat perqu\u00e8 el lector compartesca les diferents inc\u00f2gnites i els vaivens dels esdeveniments amb els personatges de l&#8217;obra. Ara b\u00e9, el seu \u00fas continuat desvirtua la tensi\u00f3 narrativa en alguns moments d<em>Estremida mem\u00f2ria<\/em>, tot i que la novel\u00b7la repr\u00e8n la seua millor volada amb el dramatisme i la catarsi social de l&#8217; esclat final.<\/p>\n\n\n\n<p>EL TEMPS, n\u00fam. 663, p\u00e0g. 86, 03\/03\/1997<\/p>\n\n\n\n<p> Descarrega&#8217;t l&#8217;original:&nbsp;<img decoding=\"async\" src=\"http:\/\/calafat.cat\/modules\/file\/icons\/application-pdf.png\" alt=\"PDF icon\"><a href=\"http:\/\/calafat.cat\/sites\/default\/files\/la-memoria-de-la-historia.pdf\">la-memoria-de-la-historia.pdf<\/a><\/p>\n\n\n\n<p><a rel=\"noreferrer noopener\" href=\"http:\/\/calafat.cat\/#facebook\" target=\"_blank\">Facebook<\/a>&nbsp;<a rel=\"noreferrer noopener\" href=\"http:\/\/calafat.cat\/#twitter\" target=\"_blank\">Twitter<\/a>&nbsp;<a href=\"https:\/\/www.addtoany.com\/share#url=http%3A%2F%2Fcalafat.cat%2Farticles%2Fla-memoria-de-la-historia&amp;title=La%20mem%C3%B2ria%20de%20la%20hist%C3%B2ria\">&nbsp;Comparteix a<\/a><\/p>\n\n\n\n<p>Articles recents:<\/p>\n\n\n\n<p>&nbsp;<a href=\"http:\/\/calafat.cat\/index.php\/laura-contaminada-de-valencia\/\" data-type=\"page\" data-id=\"1046\">L&#8217;aura contaminada de Val\u00e8ncia<\/a><\/p>\n\n\n\n<p><a href=\"http:\/\/calafat.cat\/index.php\/una-passio-amorosa-en-la-valencia-del-quatre-cents\/\" data-type=\"page\" data-id=\"1050\">Una passi\u00f3 amorosa en la Val\u00e8ncia del quatre-cents<\/a><\/p>\n\n\n\n<p><a href=\"http:\/\/calafat.cat\/index.php\/quatre-decades-de-narrativa-valenciana-moderna\/\" data-type=\"page\" data-id=\"1048\">Quatre d\u00e8cades de narrativa valenciana moderna<\/a><\/p>\n<\/div>\n\n\n\n<div class=\"wp-block-column is-layout-flow wp-block-column-is-layout-flow\" style=\"flex-basis:50%\">\n<figure class=\"wp-block-image size-full\"><img loading=\"lazy\" decoding=\"async\" width=\"379\" height=\"379\" src=\"http:\/\/calafat.cat\/wp-content\/uploads\/2022\/05\/la-memoria-de-la-historia-2.jpeg\" alt=\"\" class=\"wp-image-4301\" srcset=\"https:\/\/calafat.cat\/wp-content\/uploads\/2022\/05\/la-memoria-de-la-historia-2.jpeg 379w, https:\/\/calafat.cat\/wp-content\/uploads\/2022\/05\/la-memoria-de-la-historia-2-300x300.jpeg 300w, https:\/\/calafat.cat\/wp-content\/uploads\/2022\/05\/la-memoria-de-la-historia-2-150x150.jpeg 150w\" sizes=\"auto, (max-width: 379px) 100vw, 379px\" \/><figcaption>Jes\u00fas Moncada<br><br>Estremida mem\u00f2ria. Jes\u00fas Mancada. Editorial La Magrana. Col\u00b7lecci\u00f3 \u00abAles esteses\u00bb, 76. Barcelona. 1997. 332 p\u00e0gs.<br><br>Etiquetes:\u00a0<a href=\"http:\/\/calafat.cat\/index.php\/1997-2\/\" data-type=\"page\" data-id=\"3980\">1997<\/a> <a href=\"http:\/\/calafat.cat\/index.php\/publicat-a\/el-temps\/\" data-type=\"page\" data-id=\"110\">El Temps<\/a> <a href=\"http:\/\/calafat.cat\/index.php\/per-generes\/narrativa\/\" data-type=\"page\" data-id=\"94\">Narrativa<\/a><\/figcaption><\/figure>\n<\/div>\n<\/div>\n","protected":false},"excerpt":{"rendered":"<p>De nou Mequinensa, l&#8217;univers narratiu m\u00edtic, de Jes\u00fas Moncada. La lectura d&#8217;Estremida mem\u00f2ria confirma que cada reencontre amb l&#8217;obra de Jes\u00fas Moncada constitueix un renovat plaer per les seues excel\u00b7lents capacitats fabuladores. El recurs en Estremida mem\u00f2ria a un escenari i a uns cognoms coneguts per molts lectors no significa que s&#8217;imite a si mateix, &#8230; <a title=\"La mem\u00f2ria de la hist\u00f2ria\" class=\"read-more\" href=\"https:\/\/calafat.cat\/index.php\/la-memoria-de-la-historia\/\" aria-label=\"M\u00e1s en La mem\u00f2ria de la hist\u00f2ria\">Leer m\u00e1s<\/a><\/p>\n","protected":false},"author":1,"featured_media":0,"parent":0,"menu_order":0,"comment_status":"closed","ping_status":"closed","template":"","meta":{"footnotes":""},"class_list":["post-1840","page","type-page","status-publish"],"_links":{"self":[{"href":"https:\/\/calafat.cat\/index.php\/wp-json\/wp\/v2\/pages\/1840","targetHints":{"allow":["GET"]}}],"collection":[{"href":"https:\/\/calafat.cat\/index.php\/wp-json\/wp\/v2\/pages"}],"about":[{"href":"https:\/\/calafat.cat\/index.php\/wp-json\/wp\/v2\/types\/page"}],"author":[{"embeddable":true,"href":"https:\/\/calafat.cat\/index.php\/wp-json\/wp\/v2\/users\/1"}],"replies":[{"embeddable":true,"href":"https:\/\/calafat.cat\/index.php\/wp-json\/wp\/v2\/comments?post=1840"}],"version-history":[{"count":2,"href":"https:\/\/calafat.cat\/index.php\/wp-json\/wp\/v2\/pages\/1840\/revisions"}],"predecessor-version":[{"id":4303,"href":"https:\/\/calafat.cat\/index.php\/wp-json\/wp\/v2\/pages\/1840\/revisions\/4303"}],"wp:attachment":[{"href":"https:\/\/calafat.cat\/index.php\/wp-json\/wp\/v2\/media?parent=1840"}],"curies":[{"name":"wp","href":"https:\/\/api.w.org\/{rel}","templated":true}]}}