{"id":1870,"date":"2022-04-28T09:38:21","date_gmt":"2022-04-28T09:38:21","guid":{"rendered":"http:\/\/calafat.cat\/?page_id=1870"},"modified":"2022-05-11T13:53:53","modified_gmt":"2022-05-11T13:53:53","slug":"memoria-personal-dels-quaranta-2","status":"publish","type":"page","link":"https:\/\/calafat.cat\/index.php\/memoria-personal-dels-quaranta-2\/","title":{"rendered":"Mem\u00f2ria personal dels quaranta"},"content":{"rendered":"\n<div class=\"wp-block-columns alignwide is-layout-flex wp-container-core-columns-is-layout-9d6595d7 wp-block-columns-is-layout-flex\">\n<div class=\"wp-block-column is-layout-flow wp-block-column-is-layout-flow\" style=\"flex-basis:50%\">\n<p>N\u00e8stor Luj\u00e1n \u00e9s un periodista d&#8217;una curiositat immensa i lectures vastes que ha ficat el nas i la ploma en tots els terrenys possibles, estimulat per la vivesa i ironia que ha caracteritzat tota la seua vida d&#8217;escriptor, i que li ha perm\u00e8s de comprendre qualsevol manifestaci\u00f3 humana. Tal vegada per aix\u00f2 ara, d\u00e8cades despr\u00e9s, amb la m\u00e0 ja trencada, ha volgut evocar els anys en qu\u00e8 obr\u00ed els ulls a la ra\u00f3 i a la indagaci\u00f3 period\u00edstica.<\/p>\n\n\n\n<p>En uns moments en qu\u00e8 la mem\u00f2ria se&#8217;ns distrau, aquest recull d&#8217;articles \u00e9s un exercici fructu\u00f3s per refrescar la mem\u00f2ria dels anys freds i fantasmals de la dura postguerra. Luj\u00e1n ens explica amb un punt d&#8217;ironia l&#8217;intent d&#8217;arrancada econ\u00f2mica de la pol\u00edtica aut\u00e0rquica on la ru\u00efna, el racionament, la fam, el fred i l&#8217;estraperlo eren el pa de cada dia, com la gent es resignava al silenci i a la censura que arribava a la persecuci\u00f3 estricta de qualsevol manifestaci\u00f3 d&#8217;alegria, com ara els carnavals. Tamb\u00e9 comenta molts dels aspectes que configuraven la vida quotidiana del llarg t\u00fanel dels quaranta: la decad\u00e8ncia del barret i de les tert\u00falies en caf\u00e8s i terrasses; el paper que representaven els arrossos, el bacall\u00e0 i el pollastre en els h\u00e0bits culinaris i socials de la Barcelona d&#8217;aquells anys; els temps i les perip\u00e8cies que s&#8217;havien de fer per anar a Lleida i a Madrid, i no diguem per anar a Fran\u00e7a; la pura mis\u00e8ria en qu\u00e8 vivia el teatre i el circ, l&#8217;arribada fulgurant del cinema americ\u00e0, i l&#8217;eclosi\u00f3 dels estupiditzants serials radiof\u00f2nics.<\/p>\n\n\n\n<p>Una part destacada del llibre est\u00e0 dedicada als retrats entranyables de personatges que Luj\u00e1n va tenir el privilegi de con\u00e8ixer i tractar: toreros cantants, esportistes i sobretot personatges del periodisme i de la cultura catalana i espanyola, entre els quals cal destacar: Joan Esterlich, Josep Pla, Josep M. Sagarra, Vicente Aleixandre, P\u00edo Baroja, Vicens Vives i altres figures que van marcar l&#8217;\u00e8poca, algunes de les quals estaven relacionades amb aquell oasi cultural que va ser&nbsp;<em>Destino<\/em>, i que posse\u00efen una ferocitat mental envejable i esgrimien, com a \u00fanica arma de resist\u00e8ncia possible, la intel\u00b7lig\u00e8ncia.<\/p>\n\n\n\n<p>EL TEMPS, p\u00e0g. 83, 30\/05\/1994<\/p>\n\n\n\n<p>Descarrega&#8217;t l&#8217;original:\u00a0<img decoding=\"async\" src=\"http:\/\/calafat.cat\/modules\/file\/icons\/application-pdf.png\" alt=\"PDF icon\"><a href=\"http:\/\/calafat.cat\/sites\/default\/files\/memoria-personal-dels-quaranta.pdf\">memoria-personal-dels-quaranta.pdf<\/a><\/p>\n\n\n\n<p><a rel=\"noreferrer noopener\" href=\"http:\/\/calafat.cat\/#facebook\" target=\"_blank\">Facebook<\/a>\u00a0<a rel=\"noreferrer noopener\" href=\"http:\/\/calafat.cat\/#twitter\" target=\"_blank\">Twitter<\/a>\u00a0<a href=\"https:\/\/www.addtoany.com\/share#url=http%3A%2F%2Fcalafat.cat%2Farticles%2Fmemoria-personal-dels-quaranta&amp;title=Mem%C3%B2ria%20personal%20dels%20quaranta\">\u00a0Comparteix a<\/a><\/p>\n\n\n\n<p>Articles recents:\u00a0<\/p>\n\n\n\n<p><a href=\"http:\/\/calafat.cat\/articles\/saltant-duna-travessa-a-laltra\">Saltant d\u2019una travessa a l\u2019altra<\/a><\/p>\n\n\n\n<p><a href=\"http:\/\/calafat.cat\/articles\/l-univers-dens-de-l-alfabet\">L\u2019univers dens de l\u2019alfabet<\/a><\/p>\n\n\n\n<p><a href=\"http:\/\/calafat.cat\/articles\/cezanne-poesia-i-pensament-fet-pintura\">C\u00e9zanne: poesia i pensament fets pintura<\/a><\/p>\n<\/div>\n\n\n\n<div class=\"wp-block-column is-layout-flow wp-block-column-is-layout-flow\" style=\"flex-basis:50%\">\n<figure class=\"wp-block-image\"><img loading=\"lazy\" decoding=\"async\" width=\"379\" height=\"378\" src=\"http:\/\/calafat.cat\/wp-content\/uploads\/2022\/05\/memoria-personal-dels-quaranta1.jpeg\" alt=\"\" class=\"wp-image-2896\" srcset=\"https:\/\/calafat.cat\/wp-content\/uploads\/2022\/05\/memoria-personal-dels-quaranta1.jpeg 379w, https:\/\/calafat.cat\/wp-content\/uploads\/2022\/05\/memoria-personal-dels-quaranta1-300x300.jpeg 300w, https:\/\/calafat.cat\/wp-content\/uploads\/2022\/05\/memoria-personal-dels-quaranta1-150x150.jpeg 150w\" sizes=\"auto, (max-width: 379px) 100vw, 379px\" \/><figcaption>Portada del llibre<br><br>El t\u00fanel dels anys 40. Mem\u00f2ria personal. N\u00e8stor Luj\u00e1n. Edicions La Campana. Barcelona, 1994. 256 p\u00e0gs.<br><br>Etiquetes:\u00a0<a href=\"http:\/\/calafat.cat\/index.php\/1994-2\/\" data-type=\"page\" data-id=\"2112\">1994<\/a> <a href=\"http:\/\/calafat.cat\/index.php\/publicat-a\/el-temps\/\" data-type=\"page\" data-id=\"110\">El Temps<\/a> <a href=\"http:\/\/calafat.cat\/index.php\/per-generes\/narrativa\/\" data-type=\"page\" data-id=\"94\">Narrativa<\/a><\/figcaption><\/figure>\n<\/div>\n<\/div>\n","protected":false},"excerpt":{"rendered":"<p>N\u00e8stor Luj\u00e1n \u00e9s un periodista d&#8217;una curiositat immensa i lectures vastes que ha ficat el nas i la ploma en tots els terrenys possibles, estimulat per la vivesa i ironia que ha caracteritzat tota la seua vida d&#8217;escriptor, i que li ha perm\u00e8s de comprendre qualsevol manifestaci\u00f3 humana. Tal vegada per aix\u00f2 ara, d\u00e8cades despr\u00e9s, &#8230; <a title=\"Mem\u00f2ria personal dels quaranta\" class=\"read-more\" href=\"https:\/\/calafat.cat\/index.php\/memoria-personal-dels-quaranta-2\/\" aria-label=\"M\u00e1s en Mem\u00f2ria personal dels quaranta\">Leer m\u00e1s<\/a><\/p>\n","protected":false},"author":1,"featured_media":0,"parent":0,"menu_order":0,"comment_status":"closed","ping_status":"closed","template":"","meta":{"footnotes":""},"class_list":["post-1870","page","type-page","status-publish"],"_links":{"self":[{"href":"https:\/\/calafat.cat\/index.php\/wp-json\/wp\/v2\/pages\/1870","targetHints":{"allow":["GET"]}}],"collection":[{"href":"https:\/\/calafat.cat\/index.php\/wp-json\/wp\/v2\/pages"}],"about":[{"href":"https:\/\/calafat.cat\/index.php\/wp-json\/wp\/v2\/types\/page"}],"author":[{"embeddable":true,"href":"https:\/\/calafat.cat\/index.php\/wp-json\/wp\/v2\/users\/1"}],"replies":[{"embeddable":true,"href":"https:\/\/calafat.cat\/index.php\/wp-json\/wp\/v2\/comments?post=1870"}],"version-history":[{"count":2,"href":"https:\/\/calafat.cat\/index.php\/wp-json\/wp\/v2\/pages\/1870\/revisions"}],"predecessor-version":[{"id":2898,"href":"https:\/\/calafat.cat\/index.php\/wp-json\/wp\/v2\/pages\/1870\/revisions\/2898"}],"wp:attachment":[{"href":"https:\/\/calafat.cat\/index.php\/wp-json\/wp\/v2\/media?parent=1870"}],"curies":[{"name":"wp","href":"https:\/\/api.w.org\/{rel}","templated":true}]}}