{"id":1936,"date":"2022-04-28T10:52:06","date_gmt":"2022-04-28T10:52:06","guid":{"rendered":"http:\/\/calafat.cat\/?page_id=1936"},"modified":"2022-05-11T14:19:42","modified_gmt":"2022-05-11T14:19:42","slug":"vida-convulsa-2","status":"publish","type":"page","link":"https:\/\/calafat.cat\/index.php\/vida-convulsa-2\/","title":{"rendered":"Vida convulsa"},"content":{"rendered":"\n<div class=\"wp-block-columns alignwide is-layout-flex wp-container-core-columns-is-layout-9d6595d7 wp-block-columns-is-layout-flex\">\n<div class=\"wp-block-column is-layout-flow wp-block-column-is-layout-flow\" style=\"flex-basis:50%\">\n<p>A les acaballes dels anys vint, i de la m\u00e0 de Burnett, va sorgir, dins la novel\u00b7la negra nord-americana, el subg\u00e8nere <em>crook story<\/em>, un corrent novel\u00b7l\u00edstic que prescindia del protagonisme del detectiu i oferia la perspectiva del delinq\u00fcent professional.<\/p>\n\n\n\n<p>Aquestes novel\u00b7les posaven l&#8217;accent en la conducta dels personantges, en la descripci\u00f3 dels ambients tancats i s\u00f2rdi[d]s del regne privat dels g\u00e0ngsters, per\u00f2 tamb\u00e9 en la radiografia social.<\/p>\n\n\n\n<p>El petit c\u00e8sar -una memorable primera obra de l&#8217;autor de La jungla d&#8217;asfalt i Alta sierra-, inspirada en personatges i fets reals, descriu l&#8217;ascens, caiguda i mort d&#8217;un g\u00e0ngster de segona fila, Cesare Enrico Bandello, de malnom \u00abRico\u00bb. Despr\u00e9s de l&#8217;atracament a un local nocturn i la mort d&#8217;un policia, Rico aprofita les indecisions del patr\u00f3 per imposar-se com el cap de la banda, per convertir-se en un petit c\u00e8sar, h\u00e0bil i despietat.<\/p>\n\n\n\n<p>El que vol remarcar Burnett en aquesta novel\u00b7la \u00e9s el drama social del lumpen de la immigraci\u00f3 italiana que nom\u00e9s t\u00e9 com a \u00fanic trampol\u00ed de promoci\u00f3 social la brutalitat. D&#8217;aquesta bossa de marginaci\u00f3 surten els homes d&#8217;acci\u00f3 necessaris per als privats objectius d&#8217;enriquiment d&#8217;un sector social molt diferent.<\/p>\n\n\n\n<p>Aix\u00ed, si els sectors poderosos fan la vista grossa als petits imperis de la viol\u00e8ncia \u00e9s perqu\u00e8 s\u00f3n un instrument inevitable en un sistema de corrupci\u00f3 gaireb\u00e9 generalitzat. La pujada i davallada de Rico, per tant, ser\u00e0 conseq\u00fc\u00e8ncia de la seua condici\u00f3 de titella.<\/p>\n\n\n\n<p>La decad\u00e8ncia de Rico vindr\u00e0 quan un membre de la banda \u00e9s reconegut com l&#8217;assass\u00ed del policia. Rico fuig i toma significativament als escenaris de la seua joventut; on, allunyat de l&#8217;esplendor de la gran ciutat, immers en les ombres de la solitud, ser\u00e0 abatut pels seus perseguidors.<\/p>\n\n\n\n<p>Un lector escrupol\u00f3s tal vegada objecte a Burnett que la seua prosa no t\u00e9 la profunditat ni la qualitat de Hammett o Chandler, per\u00f2 no hi ha dubte que les seues trames s\u00f3n potents i la descripci\u00f3 de personatges i ambients intenses, virtuts suficients per tal que un lector gaudesca de la lectura de qualsevol novel\u00b7la seua.<\/p>\n\n\n\n<p>EL TEMPS, n\u00fam. 528, p\u00e0g. 85, 01\/08\/1994 <\/p>\n\n\n\n<p>Descarrega&#8217;t l&#8217;original:\u00a0<img decoding=\"async\" src=\"http:\/\/calafat.cat\/modules\/file\/icons\/application-pdf.png\" alt=\"PDF icon\"><a href=\"http:\/\/calafat.cat\/sites\/default\/files\/vida-convulsa.pdf\">vida-convulsa.pdf<\/a><\/p>\n\n\n\n<p><a rel=\"noreferrer noopener\" href=\"http:\/\/calafat.cat\/#facebook\" target=\"_blank\">Facebook<\/a>\u00a0<a rel=\"noreferrer noopener\" href=\"http:\/\/calafat.cat\/#twitter\" target=\"_blank\">Twitter<\/a>\u00a0<a href=\"https:\/\/www.addtoany.com\/share#url=http%3A%2F%2Fcalafat.cat%2Farticles%2Fvida-convulsa&amp;title=Vida%20convulsa%20\">\u00a0Comparteix a<\/a><\/p>\n\n\n\n<p>Articles recents:\u00a0<\/p>\n\n\n\n<p><a href=\"http:\/\/calafat.cat\/index.php\/viatge-iniciatic-i-catartic-al-mon-sorprenent-del-primer-estelles-2\/\" data-type=\"page\" data-id=\"2032\">Viatge inici\u00e0tic i cat\u00e0rtic al m\u00f3n sorprenent del primer Estell\u00e9s<\/a><\/p>\n\n\n\n<p><a href=\"http:\/\/calafat.cat\/index.php\/una-passio-amorosa-en-la-valencia-del-quatre-cents\/\" data-type=\"page\" data-id=\"1050\">Una passi\u00f3 amorosa en la Val\u00e8ncia del quatre-cents<\/a><\/p>\n\n\n\n<p><a href=\"http:\/\/calafat.cat\/index.php\/tot-parla-de-tu\/\" data-type=\"page\" data-id=\"1100\">Tot parla de tu<\/a><\/p>\n<\/div>\n\n\n\n<div class=\"wp-block-column is-layout-flow wp-block-column-is-layout-flow\" style=\"flex-basis:50%\">\n<figure class=\"wp-block-image size-full\"><img loading=\"lazy\" decoding=\"async\" width=\"379\" height=\"379\" src=\"http:\/\/calafat.cat\/wp-content\/uploads\/2022\/05\/vida-convulsa-2.jpeg\" alt=\"\" class=\"wp-image-2911\" srcset=\"https:\/\/calafat.cat\/wp-content\/uploads\/2022\/05\/vida-convulsa-2.jpeg 379w, https:\/\/calafat.cat\/wp-content\/uploads\/2022\/05\/vida-convulsa-2-300x300.jpeg 300w, https:\/\/calafat.cat\/wp-content\/uploads\/2022\/05\/vida-convulsa-2-150x150.jpeg 150w\" sizes=\"auto, (max-width: 379px) 100vw, 379px\" \/><figcaption>William Riley Burnett<br>El petit c\u00e8sar. W.R. Burnett. Col\u00b7lecci\u00f3 \u00bbLa cua de palla\u00bb. Edicions 62, Barcelona, 1994.<br>Etiquetes:\u00a0 <a href=\"http:\/\/calafat.cat\/index.php\/1994-2\/\" data-type=\"page\" data-id=\"2112\">1994<\/a><a href=\"http:\/\/calafat.cat\/index.php\/publicat-a\/el-temps\/\" data-type=\"page\" data-id=\"110\"> El Temps<\/a> <a href=\"http:\/\/calafat.cat\/index.php\/per-generes\/narrativa\/\" data-type=\"page\" data-id=\"94\">Narrativa<\/a><\/figcaption><\/figure>\n<\/div>\n<\/div>\n","protected":false},"excerpt":{"rendered":"<p>A les acaballes dels anys vint, i de la m\u00e0 de Burnett, va sorgir, dins la novel\u00b7la negra nord-americana, el subg\u00e8nere crook story, un corrent novel\u00b7l\u00edstic que prescindia del protagonisme del detectiu i oferia la perspectiva del delinq\u00fcent professional. Aquestes novel\u00b7les posaven l&#8217;accent en la conducta dels personantges, en la descripci\u00f3 dels ambients tancats i &#8230; <a title=\"Vida convulsa\" class=\"read-more\" href=\"https:\/\/calafat.cat\/index.php\/vida-convulsa-2\/\" aria-label=\"M\u00e1s en Vida convulsa\">Leer m\u00e1s<\/a><\/p>\n","protected":false},"author":1,"featured_media":0,"parent":0,"menu_order":0,"comment_status":"closed","ping_status":"closed","template":"","meta":{"footnotes":""},"class_list":["post-1936","page","type-page","status-publish"],"_links":{"self":[{"href":"https:\/\/calafat.cat\/index.php\/wp-json\/wp\/v2\/pages\/1936","targetHints":{"allow":["GET"]}}],"collection":[{"href":"https:\/\/calafat.cat\/index.php\/wp-json\/wp\/v2\/pages"}],"about":[{"href":"https:\/\/calafat.cat\/index.php\/wp-json\/wp\/v2\/types\/page"}],"author":[{"embeddable":true,"href":"https:\/\/calafat.cat\/index.php\/wp-json\/wp\/v2\/users\/1"}],"replies":[{"embeddable":true,"href":"https:\/\/calafat.cat\/index.php\/wp-json\/wp\/v2\/comments?post=1936"}],"version-history":[{"count":2,"href":"https:\/\/calafat.cat\/index.php\/wp-json\/wp\/v2\/pages\/1936\/revisions"}],"predecessor-version":[{"id":2913,"href":"https:\/\/calafat.cat\/index.php\/wp-json\/wp\/v2\/pages\/1936\/revisions\/2913"}],"wp:attachment":[{"href":"https:\/\/calafat.cat\/index.php\/wp-json\/wp\/v2\/media?parent=1936"}],"curies":[{"name":"wp","href":"https:\/\/api.w.org\/{rel}","templated":true}]}}