{"id":1944,"date":"2022-04-28T10:56:52","date_gmt":"2022-04-28T10:56:52","guid":{"rendered":"http:\/\/calafat.cat\/?page_id=1944"},"modified":"2022-05-18T15:26:21","modified_gmt":"2022-05-18T15:26:21","slug":"viure-en-direccio-contraria-2","status":"publish","type":"page","link":"https:\/\/calafat.cat\/index.php\/viure-en-direccio-contraria-2\/","title":{"rendered":"Viure en direcci\u00f3 contr\u00e0ria"},"content":{"rendered":"\n<div class=\"wp-block-columns alignwide is-layout-flex wp-container-core-columns-is-layout-9d6595d7 wp-block-columns-is-layout-flex\">\n<div class=\"wp-block-column is-layout-flow wp-block-column-is-layout-flow\" style=\"flex-basis:50%\">\n<p>Ferran Torrent \u00e9s avui, sense cap mena de dubte, l\u2019escriptor m\u00e9s popular de la literatura en llengua catalana i ha convertit la Val\u00e8ncia contempor\u00e0nia, o si m\u00e9s no una determinada visi\u00f3, en un dels imaginaris literaris m\u00e9s actuals i coneguts pels lectors, especialment del Principat, on el novel\u00b7lista valenci\u00e0 t\u00e9 m\u00e9s lectors. Amb un llenguatge fresc i un estil de contar apte per a un p\u00fablic m\u00faltiple, Torrent ha aprofundit progressivament el seu univers amb nous recursos i tem\u00e0tiques i alhora n\u2019ha obert noves finestres. Un aire renovat i fresc ens l\u2019ofereix l\u2019\u00faltima novel\u00b7la,&nbsp;<em>La vida en l\u2019abisme<\/em>, finalista del Premi Planeta.<\/p>\n\n\n\n<p><em>La vida en l\u2019abisme<\/em>&nbsp;sembla la novel\u00b7la m\u00e9s personal, per la sinceritat i les reflexions sobre la seua vida personal. De fet, la narraci\u00f3 deixa ben clara la identificaci\u00f3 del personatge amb l\u2018autor real per tal de contar-nos i fer cre\u00efble una experi\u00e8ncia fascinadora que marca profundament la seua biografia. \u00c9s dif\u00edcil saber fins on arriba la vida i on comen\u00e7a la literatura. Poc ha d\u2019importar al lector del llibre, perqu\u00e8, all\u00f2 realment valu\u00f3s \u00e9s que aquella viv\u00e8ncia s\u2019encarne en captivament, tensi\u00f3 i vida liter\u00e0ria.<\/p>\n\n\n\n<p>El 2003 Torrent per superar l\u2019horror d\u2019uns dies d\u2019estiu sense sorpreses, s\u2019embolica en el joc amb la voluntat de rescabalar-se d\u2019una partida que el traumatitz\u00e0 quan tenia 21 anys, l\u2019inici de la hist\u00f2ria: el 1972 el narrador en un rampell es va jugar un munt de diners que no tenia. El va salvar del desastre un fabul\u00f3s personatge, el Rubio, moment en qu\u00e8 comen\u00e7ar\u00e0 una singular relaci\u00f3 entre els dos: el jugador esdev\u00e9 un mena de Pigmali\u00f3 per al jove protagonista i aquest es converteix en la seua ombra, en devot admirador i col\u00b7laborador. Fins ara el narrador es rebel\u00b7lava, fastiguejat, contra la mediocritat familiar i social. Odia el seu entorn, per\u00f2 no sap com fugir-ne. Ara ho far\u00e0 de la m\u00e0 del Rubio: tindr\u00e0 una vida plena de plaers i sobretot viatjar\u00e0, com desitja, per una via sense direcci\u00f3 coneguda, plena d\u2019emocions i d\u2019inc\u00f2gnites.<\/p>\n\n\n\n<p>El protagonista resta enlluernat perqu\u00e8 el Rubio \u00e9s un individu que vulnera totes les regles i que viu al l\u00edmit, intensament, sense cap espai per a l\u2019avorriment. La seua forta personalitat, freda i inquietant, quan es desboca per la passi\u00f3 de les cartes, es precipita en l\u2019abisme del joc i \u00e9s capa\u00e7 de apostar-ho tot a una carta. Si perd, no es queixa; la derrota esdev\u00e9 en un nou impuls per a refer-se. En canvi, quan guanya s\u2019embolica en nous reptes, cada vegada m\u00e9s grans i arriscats. El joc, tot plegat, esdev\u00e9 un t\u00fanel sense fons. Apostar a un ritme sense fre fa estar el jove narrador en un ai al cor, neguit\u00f3s per les constants ascensions i davallades espectaculars que ha de patir. \u00c9s el remol\u00ed del joc. Quan no tenen un c\u00e8ntim, tramen un ardit comercial amb distints bancs per capitalitza-se. Si en un temps el protagonista no torna els diners tindr\u00e0 problemes amb la just\u00edcia . Per recuperar els diners enceten una espiral de partides interminable, cada vegada m\u00e9s intensa i perillosa. Inquietant. El Rubio mai t\u00e9 prou: cada vegada necessita m\u00e9s diners i m\u00e9s risc. Arriba un punt que els casinos de l\u2019Horta i les timbes de la ciutat li venen curtes, i fa el gran salt cap a Madrid, on els diners corren a grans velocitats, i on el narrador contemplar\u00e0 una partida memorable, a partir de la qual el tafur s\u2019allunyar\u00e0 de la vida del jove narrador.<\/p>\n\n\n\n<p>El llocs i la psicologia del joc omplin el llibre, per\u00f2 Torrent no pret\u00e9n fer-ne una exploraci\u00f3 en totes les seues dimensions; ell nom\u00e9s vol transmetre la fascinaci\u00f3 d\u2019un jove rebel per la figura del tafur. La for\u00e7a i la gr\u00e0cia resideix en aquest vaiv\u00e9 de tensions i mirades i en l\u2019obsessi\u00f3 del jove per con\u00e9ixer el comportament del Rubio, la seua singular manera de pensar (ent\u00e9n la seua vida com un error constant) i el seu personal codi de l\u2019honor. El que val \u00e9s quasi sempre que l\u2019emoci\u00f3 i sinceritat del personatge es tradueix en el seu relat \u00e0gil i efica\u00e7. El to m\u00e9s personal del llibre apareix en les reflexions desencantades de l\u2019autor sobre la seua vida escampades ac\u00ed i all\u00e0. La hist\u00f2ria principal est\u00e0 completada amb ajustades descripcions dels diferents antres nocturns, amb la creaci\u00f3 d\u2019un personatge entranyable com Juanito el Moro i un final oper\u00edstic per tancar la vida del Rubio.<\/p>\n\n\n\n<p><em>La vida en l\u2019abisme<\/em>&nbsp;\u00e9s, fet i fet, la recreaci\u00f3 liter\u00e0ria de Torrent sobre la fascinaci\u00f3, que molts humans tenim i no confessem, sobre la necessitat de trencar els l\u00edmits i viure el vert\u00edgen de l\u2019abisme.<\/p>\n\n\n\n<p>EL PA\u00cdS, QUADERN, 09\/12\/2004<\/p>\n\n\n\n<p><a rel=\"noreferrer noopener\" href=\"http:\/\/calafat.cat\/#facebook\" target=\"_blank\">Facebook<\/a>&nbsp;<a rel=\"noreferrer noopener\" href=\"http:\/\/calafat.cat\/#twitter\" target=\"_blank\">Twitter<\/a>&nbsp;<a href=\"https:\/\/www.addtoany.com\/share#url=http%3A%2F%2Fcalafat.cat%2Farticles%2Fviure-en-direccio-contraria&amp;title=Viure%20en%20direcci%C3%B3%20contr%C3%A0ria%20\">&nbsp;Comparteix a<\/a><\/p>\n\n\n\n<p>Articles recents:&nbsp;<\/p>\n\n\n\n<p><a href=\"http:\/\/calafat.cat\/index.php\/quan-la-realitat-dansa-en-la-ficcio-3\/\" data-type=\"page\" data-id=\"1892\">Quan la realitat dansa en la ficci\u00f3<\/a><\/p>\n\n\n\n<p><a href=\"http:\/\/calafat.cat\/index.php\/saltant-duna-travessa-a-laltra\/\" data-type=\"page\" data-id=\"1034\">Saltant d\u2019una travessa a l\u2019altra<\/a><\/p>\n\n\n\n<p><a href=\"http:\/\/calafat.cat\/index.php\/cezanne-poesia-i-pensament-fets-pintura\/\" data-type=\"page\" data-id=\"1125\">C\u00e9zanne: poesia i pensament fets pintura<\/a><\/p>\n<\/div>\n\n\n\n<div class=\"wp-block-column is-layout-flow wp-block-column-is-layout-flow\" style=\"flex-basis:50%\">\n<figure class=\"wp-block-image size-full\"><img loading=\"lazy\" decoding=\"async\" width=\"379\" height=\"379\" src=\"http:\/\/calafat.cat\/wp-content\/uploads\/2022\/05\/viure-en-direccio-contraria-1.jpeg\" alt=\"\" class=\"wp-image-3163\" srcset=\"https:\/\/calafat.cat\/wp-content\/uploads\/2022\/05\/viure-en-direccio-contraria-1.jpeg 379w, https:\/\/calafat.cat\/wp-content\/uploads\/2022\/05\/viure-en-direccio-contraria-1-300x300.jpeg 300w, https:\/\/calafat.cat\/wp-content\/uploads\/2022\/05\/viure-en-direccio-contraria-1-150x150.jpeg 150w\" sizes=\"auto, (max-width: 379px) 100vw, 379px\" \/><figcaption>Portada del llibre<br><br>La vida en l\u2019abisme. Ferran Torrent. Editorial Columna, Barcelona, 2004. 220 p\u00e0gs.<br><br>Etiquetes:\u00a0<a href=\"http:\/\/calafat.cat\/index.php\/2004-3\/\" data-type=\"page\" data-id=\"2153\">2004<\/a> <a href=\"http:\/\/calafat.cat\/index.php\/publicat-a\/el-pais\/\" data-type=\"page\" data-id=\"108\">El Pa\u00eds<\/a> <a href=\"http:\/\/calafat.cat\/index.php\/per-generes\/narrativa\/\" data-type=\"page\" data-id=\"94\">Narrativa<\/a> <a href=\"http:\/\/calafat.cat\/index.php\/ferran-torrent\/\" data-type=\"page\" data-id=\"3892\">Ferran Torrent<\/a><\/figcaption><\/figure>\n<\/div>\n<\/div>\n","protected":false},"excerpt":{"rendered":"<p>Ferran Torrent \u00e9s avui, sense cap mena de dubte, l\u2019escriptor m\u00e9s popular de la literatura en llengua catalana i ha convertit la Val\u00e8ncia contempor\u00e0nia, o si m\u00e9s no una determinada visi\u00f3, en un dels imaginaris literaris m\u00e9s actuals i coneguts pels lectors, especialment del Principat, on el novel\u00b7lista valenci\u00e0 t\u00e9 m\u00e9s lectors. Amb un llenguatge &#8230; <a title=\"Viure en direcci\u00f3 contr\u00e0ria\" class=\"read-more\" href=\"https:\/\/calafat.cat\/index.php\/viure-en-direccio-contraria-2\/\" aria-label=\"M\u00e1s en Viure en direcci\u00f3 contr\u00e0ria\">Leer m\u00e1s<\/a><\/p>\n","protected":false},"author":1,"featured_media":0,"parent":0,"menu_order":0,"comment_status":"closed","ping_status":"closed","template":"","meta":{"footnotes":""},"class_list":["post-1944","page","type-page","status-publish"],"_links":{"self":[{"href":"https:\/\/calafat.cat\/index.php\/wp-json\/wp\/v2\/pages\/1944","targetHints":{"allow":["GET"]}}],"collection":[{"href":"https:\/\/calafat.cat\/index.php\/wp-json\/wp\/v2\/pages"}],"about":[{"href":"https:\/\/calafat.cat\/index.php\/wp-json\/wp\/v2\/types\/page"}],"author":[{"embeddable":true,"href":"https:\/\/calafat.cat\/index.php\/wp-json\/wp\/v2\/users\/1"}],"replies":[{"embeddable":true,"href":"https:\/\/calafat.cat\/index.php\/wp-json\/wp\/v2\/comments?post=1944"}],"version-history":[{"count":3,"href":"https:\/\/calafat.cat\/index.php\/wp-json\/wp\/v2\/pages\/1944\/revisions"}],"predecessor-version":[{"id":3908,"href":"https:\/\/calafat.cat\/index.php\/wp-json\/wp\/v2\/pages\/1944\/revisions\/3908"}],"wp:attachment":[{"href":"https:\/\/calafat.cat\/index.php\/wp-json\/wp\/v2\/media?parent=1944"}],"curies":[{"name":"wp","href":"https:\/\/api.w.org\/{rel}","templated":true}]}}