{"id":1960,"date":"2022-04-30T16:48:27","date_gmt":"2022-04-30T16:48:27","guid":{"rendered":"http:\/\/calafat.cat\/?page_id=1960"},"modified":"2022-05-11T14:43:39","modified_gmt":"2022-05-11T14:43:39","slug":"ausias-march-poeta-inesgotable-2","status":"publish","type":"page","link":"https:\/\/calafat.cat\/index.php\/ausias-march-poeta-inesgotable-2\/","title":{"rendered":"Ausi\u00e0s March, poeta inesgotable"},"content":{"rendered":"\n<div class=\"wp-block-columns alignwide is-layout-flex wp-container-core-columns-is-layout-9d6595d7 wp-block-columns-is-layout-flex\">\n<div class=\"wp-block-column is-layout-flow wp-block-column-is-layout-flow\" style=\"flex-basis:50%\">\n<p>L&#8217;obra d&#8217;Ausi\u00e0s March, com la de tot cl\u00e0ssic, \u00e9s una obra que mai no acaba de dir el que ha de dir. Per aix\u00f2 l&#8217;aparici\u00f3 de lectures cr\u00edtiques il\u00b7luminen racons que ens resultaven obscurs i aporten perspectives que obren noves vies d&#8217;acc\u00e9s a la riquesa latent dels versos del gran poeta valenci\u00e0.<\/p>\n\n\n\n<p>En el renovat inter\u00e8s acad\u00e8mic pel gran poeta Ausi\u00e0s March dels darrers anys, ha tingut un paper destacat el professor australi\u00e0 Robert Archer, qui a m\u00e9s ha preparat una edici\u00f3 cr\u00edtica tenint en compte tots els manuscrits. Una edici\u00f3 que, encara es troba in\u00e8dita. Els seus \u00faltims treballs donen cos a Aproximaci\u00f3 a Ausi\u00e0s March, on el lector trobar\u00e0 interessants aproximacions a alguns dels poemes m\u00e9s importants d&#8217;Ausi\u00e0s March, com ara el \u00abCant espiritual\u00bb i els \u00abCants de mort\u00bb.<\/p>\n\n\n\n<p>Les armes que fa servir el professor australi\u00e0 Robert Archer s\u00f3n l&#8217;an\u00e0lisi de les tradicions liter\u00e0ries, l&#8217;estudi de la mentalitat de l&#8217;\u00e8poca i de l&#8217;estructura del poema per poder arribar a comprendre millor el sentit, la finalitat i tamb\u00e9 l&#8217;originalitat del poeta. Aix\u00ed, estudiant el tema de predestinaci\u00f3, una de les grans obsessions del moment, i el fons doctrinal del \u00abCant espiritual\u00bb conclou que el tractament dels aspectes morals i teol\u00f2gics \u00e9s ins\u00f2lit a l&#8217;\u00e8poca, perqu\u00e8 no adopta una actitud did\u00e0ctica, sin\u00f3 que el poeta confessa els dubtes i les angoixes que una q\u00fcesti\u00f3 tan greu li suscita. Una visi\u00f3 tan personal havia de ser condu\u00efda per una estructura del poema novedosa: una mena de mon\u00f2leg dram\u00e0tic que segueix els vaivens an\u00edmics del poeta.<\/p>\n\n\n\n<p>Amb aquests mateixos procediments, Archer s&#8217;aproxima als \u00abCants de mort\u00bb i a l&#8217;\u00fanic \u00abMaldit\u00bb marqui\u00e0, tot remarcant-ne que la seua singularitat rau, en el primer cas, en la manca absoluta de l&#8217;autoconsolaci\u00f3 i, en l&#8217;altre cas, en l&#8217;escarni a un personatge concret com a conseq\u00fc\u00e8ncia de l&#8217;aversi\u00f3 del poeta Ausi\u00e0s March als mercaders.<\/p>\n\n\n\n<p>Un altre cap\u00edtol que tampoc manca d&#8217;import\u00e0ncia est\u00e0 completament dedicat a explicar que la falta d&#8217;unitat entre les estrofes i la tornada de molts poemes \u00e9s aparent, ja que si llegim la tornada com un ap\u00f2strofe trobarem el sentit global del poema. A m\u00e9s d&#8217;aquestes idees, tanca el llibre un estudi en profunditat d&#8217;un aspecte que no ha sigut massa estudiat: els complexos mecanismes metaf\u00f2rics que empra Ausi\u00e0s March per tal de poder visualitzar i suggerir les perplexitats del seu m\u00f3n personal.<\/p>\n\n\n\n<p>Un dels aspectes m\u00e9s positius del llibre del professor australi\u00e0 Robert Archer \u00e9s que no es limita nom\u00e9s a l&#8217;estudi de fonts, com \u00e9s habitual en els estudis medievals, sin\u00f3 que amb la combinaci\u00f3 de distintes l\u00ednies interpretatives mira de revelar el sentit ocult de la lletra impresa. Els lectors interessats en la poesia de March agra\u00efm la publicaci\u00f3 d&#8217;aquests treballs d&#8217; Archer, alguns d&#8217;ells in\u00e8dits, perqu\u00e8 ajuda a fer una mica m\u00e9s nostres els versos del gran poeta catal\u00e0.<\/p>\n\n\n\n<p>EL TEMPS, n\u00ba645, p\u00e0g. 86, 28\/10\/1996<\/p>\n\n\n\n<p>Descarrega&#8217;t l&#8217;original:\u00a0<img decoding=\"async\" src=\"http:\/\/calafat.cat\/modules\/file\/icons\/application-pdf.png\" alt=\"PDF icon\"><a href=\"http:\/\/calafat.cat\/sites\/default\/files\/ausias-march-poeta-inesgotable.pdf\">ausias-march-poeta-inesgotable.pdf<\/a><\/p>\n\n\n\n<p><a rel=\"noreferrer noopener\" href=\"http:\/\/calafat.cat\/#facebook\" target=\"_blank\">Facebook<\/a>\u00a0<a rel=\"noreferrer noopener\" href=\"http:\/\/calafat.cat\/#twitter\" target=\"_blank\">Twitter<\/a>\u00a0<a href=\"https:\/\/www.addtoany.com\/share#url=http%3A%2F%2Fcalafat.cat%2Farticles%2Fausias-march-poeta-inesgotable&amp;title=Ausi%C3%A0s%20March%2C%20poeta%20inesgotable\">\u00a0Comparteix a<\/a><\/p>\n\n\n\n<p>Articles recents:\u00a0<\/p>\n\n\n\n<p><a href=\"http:\/\/calafat.cat\/index.php\/viatge-iniciatic-i-catartic-al-mon-sorprenent-del-primer-estelles-2\/\" data-type=\"page\" data-id=\"2032\">Viatge inici\u00e0tic i cat\u00e0rtic al m\u00f3n sorprenent del primer Estell\u00e9s<\/a><\/p>\n\n\n\n<p><a href=\"http:\/\/calafat.cat\/index.php\/laura-contaminada-de-valencia\/\" data-type=\"page\" data-id=\"1046\">L&#8217;aura contaminada de Val\u00e8ncia<\/a><\/p>\n\n\n\n<p><a href=\"http:\/\/calafat.cat\/index.php\/una-passio-amorosa-en-la-valencia-del-quatre-cents\/\" data-type=\"page\" data-id=\"1050\">Una passi\u00f3 amorosa en la Val\u00e8ncia del quatre-cents<\/a><\/p>\n<\/div>\n\n\n\n<div class=\"wp-block-column is-layout-flow wp-block-column-is-layout-flow\" style=\"flex-basis:50%\">\n<figure class=\"wp-block-image size-full\"><img loading=\"lazy\" decoding=\"async\" width=\"379\" height=\"368\" src=\"http:\/\/calafat.cat\/wp-content\/uploads\/2022\/05\/ausias-march-poeta-inesgotable-1.jpeg\" alt=\"\" class=\"wp-image-2931\" srcset=\"https:\/\/calafat.cat\/wp-content\/uploads\/2022\/05\/ausias-march-poeta-inesgotable-1.jpeg 379w, https:\/\/calafat.cat\/wp-content\/uploads\/2022\/05\/ausias-march-poeta-inesgotable-1-300x291.jpeg 300w\" sizes=\"auto, (max-width: 379px) 100vw, 379px\" \/><figcaption>Ausi\u00e0s March<br>Aproximaci\u00f3 a Ausi\u00e0s March. Robert Archer. Editorial Emp\u00faries. Col\u00b7lecci\u00f3 \u00abLes Naus d&#8217;Emp\u00faries\u00bb. Barcelona, 1996. 208 p\u00e0gs<br>Etiquetes:\u00a0 <a href=\"http:\/\/calafat.cat\/index.php\/1996-2\/\" data-type=\"page\" data-id=\"2389\">1996<\/a> <a href=\"http:\/\/calafat.cat\/index.php\/publicat-a\/el-temps\/\" data-type=\"page\" data-id=\"110\">El Temps<\/a> <a href=\"http:\/\/calafat.cat\/index.php\/per-generes\/poesia\/\" data-type=\"page\" data-id=\"98\">Poesia<\/a><\/figcaption><\/figure>\n<\/div>\n<\/div>\n","protected":false},"excerpt":{"rendered":"<p>L&#8217;obra d&#8217;Ausi\u00e0s March, com la de tot cl\u00e0ssic, \u00e9s una obra que mai no acaba de dir el que ha de dir. Per aix\u00f2 l&#8217;aparici\u00f3 de lectures cr\u00edtiques il\u00b7luminen racons que ens resultaven obscurs i aporten perspectives que obren noves vies d&#8217;acc\u00e9s a la riquesa latent dels versos del gran poeta valenci\u00e0. En el renovat &#8230; <a title=\"Ausi\u00e0s March, poeta inesgotable\" class=\"read-more\" href=\"https:\/\/calafat.cat\/index.php\/ausias-march-poeta-inesgotable-2\/\" aria-label=\"M\u00e1s en Ausi\u00e0s March, poeta inesgotable\">Leer m\u00e1s<\/a><\/p>\n","protected":false},"author":1,"featured_media":0,"parent":0,"menu_order":0,"comment_status":"closed","ping_status":"closed","template":"","meta":{"footnotes":""},"class_list":["post-1960","page","type-page","status-publish"],"_links":{"self":[{"href":"https:\/\/calafat.cat\/index.php\/wp-json\/wp\/v2\/pages\/1960","targetHints":{"allow":["GET"]}}],"collection":[{"href":"https:\/\/calafat.cat\/index.php\/wp-json\/wp\/v2\/pages"}],"about":[{"href":"https:\/\/calafat.cat\/index.php\/wp-json\/wp\/v2\/types\/page"}],"author":[{"embeddable":true,"href":"https:\/\/calafat.cat\/index.php\/wp-json\/wp\/v2\/users\/1"}],"replies":[{"embeddable":true,"href":"https:\/\/calafat.cat\/index.php\/wp-json\/wp\/v2\/comments?post=1960"}],"version-history":[{"count":2,"href":"https:\/\/calafat.cat\/index.php\/wp-json\/wp\/v2\/pages\/1960\/revisions"}],"predecessor-version":[{"id":2933,"href":"https:\/\/calafat.cat\/index.php\/wp-json\/wp\/v2\/pages\/1960\/revisions\/2933"}],"wp:attachment":[{"href":"https:\/\/calafat.cat\/index.php\/wp-json\/wp\/v2\/media?parent=1960"}],"curies":[{"name":"wp","href":"https:\/\/api.w.org\/{rel}","templated":true}]}}