{"id":1962,"date":"2022-04-30T16:48:41","date_gmt":"2022-04-30T16:48:41","guid":{"rendered":"http:\/\/calafat.cat\/?page_id=1962"},"modified":"2022-05-19T15:54:56","modified_gmt":"2022-05-19T15:54:56","slug":"cinc-segles-de-poesia-catalana","status":"publish","type":"page","link":"https:\/\/calafat.cat\/index.php\/cinc-segles-de-poesia-catalana\/","title":{"rendered":"Cinc segles de poesia catalana"},"content":{"rendered":"\n<div class=\"wp-block-columns alignwide is-layout-flex wp-container-core-columns-is-layout-9d6595d7 wp-block-columns-is-layout-flex\">\n<div class=\"wp-block-column is-layout-flow wp-block-column-is-layout-flow\" style=\"flex-basis:50%\">\n<p>EI primer volum d&#8217;aquesta antologia fa pensar que quan l&#8217;obra estiga tota al carrer el lector tindr\u00e0 a les mans l&#8217;antologia general m\u00e9s completa del moment, tant per l&#8217;amplitud de mires i la pres\u00e8ncia generosa de poetes i poemes, com pel fet de posar l&#8217;abast un material de dif\u00edcil acc\u00e9s.<\/p>\n\n\n\n<p>El nom de Mart\u00ed de Riquer com a responsable d&#8217;aquest volum \u00e9s per la s\u00f2lida erudici\u00f3 que ha demostrat sempre, una garantia, cosa que es pot confIrmar amb la lectura dels 90 autors seleccionats. L&#8217;encert de Mart\u00ed de Riquer resideix en la inclusi\u00f3 no solament de poemes escrits en catal\u00e0, sin\u00f3 tamb\u00e9 en la recol\u00b7lecci\u00f3 d&#8217;una \u00e0mplia mostra de poesia escrita per poetes catalans en occit\u00e0, llat\u00ed, hebreu, franc\u00e8s, castell\u00e0 i itali\u00e0, amb la corresponent traducci\u00f3 al catal\u00e0.<\/p>\n\n\n\n<p>L&#8217;obra s&#8217;obre al voltant de l&#8217;any 1000, amb un poema de l&#8217;abat Oliva, i es tanca a les acaballes del segle XV, amb un poema en itali\u00e0 de Narc\u00eds Vinyoles. Enmig inclou una panor\u00e0mica de la millor poesia escrita en aquestes terres. Hi ha els grans noms: Guillem de Bergued\u00e0, Cerver\u00ed de Girona, Ramon Llull, Anselm Turmeda, Jordi de Sant Jordi, Ro\u00eds de Corella i Ausi\u00e0s Marc. Tamb\u00e9 podem destacar uns delicats versos escrits per unes dames desconegudes, passatges de la traducci\u00f3 de la Com\u00e8dia de Dante feta per Andreu Febrer, i, sobretot, els deliciosos versos llatins de l&#8217;An\u00f2nim Enamorat de Ripoll i alguns espl\u00e8ndids poemes hebreus. En unes altres ocasions, el criteri de selecci\u00f3 ha estat la significaci\u00f3 hist\u00f2rica, com \u00e9s el cas, per exemple, del primer sonet en catal\u00e0, escrit per Pere Torroella, o l&#8217;atac de Pero Martines contra un militar castell\u00e0 en l&#8217;\u00e8poca de la guerra civil del XV. Tot plegat, una variada gamma de temes i estils, de tons i densitats, que mostren la qualitat i l&#8217;evoluci\u00f3 de la nostra poesia.<\/p>\n\n\n\n<p>Al marge dels m\u00e8rits del llibre, a un lector de Val\u00e8ncia o de les Illes dif\u00edcilment se li poden escapar les contradiccions que es troben en el criteri de selecci\u00f3 adoptat. S&#8217;hi inclouen autors d&#8217;obra en catal\u00e0, siguen d&#8217;on siguen, per\u00f2 de poemes escrits en altres idiomes nom\u00e9s s&#8217;accepten d&#8217;escriptors de Catalunya. Si aquest criteri se seguira en els volums futurs, deixaria fora molts autors valencians i mallorquins. En aquest sentit, la present antologia ha fet un pas endavant, per b\u00e9 que es queda a mig cam\u00ed. Un tema pendent que caldria resoldre en un futur.<\/p>\n\n\n\n<p>EL TEMPS, n\u00fam. 693, p\u00e0g. 70, 29\/09\/1997 <\/p>\n\n\n\n<p>Descarrega&#8217;t l&#8217;original:&nbsp;<img decoding=\"async\" src=\"http:\/\/calafat.cat\/modules\/file\/icons\/application-pdf.png\" alt=\"PDF icon\"><a href=\"http:\/\/calafat.cat\/sites\/default\/files\/cinc-segles-de-poesia-catalana.pdf\">cinc-segles-de-poesia-catalana.pdf<\/a><\/p>\n\n\n\n<p><a rel=\"noreferrer noopener\" href=\"http:\/\/calafat.cat\/#facebook\" target=\"_blank\">Facebook<\/a>&nbsp;<a rel=\"noreferrer noopener\" href=\"http:\/\/calafat.cat\/#twitter\" target=\"_blank\">Twitter<\/a>&nbsp;<a href=\"https:\/\/www.addtoany.com\/share#url=http%3A%2F%2Fcalafat.cat%2Farticles%2Fcinc-segles-de-poesia-catalana&amp;title=Cinc%20segles%20de%20poesia%20catalana\">&nbsp;Comparteix a<\/a><\/p>\n\n\n\n<p>Articles recents:&nbsp;<\/p>\n\n\n\n<p><a href=\"http:\/\/calafat.cat\/index.php\/la-bellesa-de-la-convulsio-2\/\" data-type=\"page\" data-id=\"2004\">La bellesa de la convulsi\u00f3<\/a><\/p>\n\n\n\n<p><a href=\"http:\/\/calafat.cat\/index.php\/una-balena-al-cor-de-la-ciutat-2\/\" data-type=\"page\" data-id=\"1659\">Una balena al cor de la ciutat<\/a><\/p>\n\n\n\n<p><a href=\"http:\/\/calafat.cat\/index.php\/dietari-dues-vides-que-sautoalimenten\/\" data-type=\"page\" data-id=\"1611\">Dietari: dues vides que s\u2019autoalimenten<\/a><\/p>\n<\/div>\n\n\n\n<div class=\"wp-block-column is-layout-flow wp-block-column-is-layout-flow\" style=\"flex-basis:50%\">\n<figure class=\"wp-block-image size-full\"><img loading=\"lazy\" decoding=\"async\" width=\"379\" height=\"379\" src=\"http:\/\/calafat.cat\/wp-content\/uploads\/2022\/05\/cinc-segles-de-poesia-catalana-1-1.jpeg\" alt=\"\" class=\"wp-image-4272\" srcset=\"https:\/\/calafat.cat\/wp-content\/uploads\/2022\/05\/cinc-segles-de-poesia-catalana-1-1.jpeg 379w, https:\/\/calafat.cat\/wp-content\/uploads\/2022\/05\/cinc-segles-de-poesia-catalana-1-1-300x300.jpeg 300w, https:\/\/calafat.cat\/wp-content\/uploads\/2022\/05\/cinc-segles-de-poesia-catalana-1-1-150x150.jpeg 150w\" sizes=\"auto, (max-width: 379px) 100vw, 379px\" \/><figcaption>Portada del llibre<br><br>Antologia de poetes catalans I. \u00c8poca medieval. Mart\u00ed de Riquer. Gal\u00e0xia Gutemberg\/Cercle de lectors. Barcelona, 1997. 476 p\u00e0gs<br><br>Etiquetes:\u00a0<a href=\"http:\/\/calafat.cat\/index.php\/1997-2\/\" data-type=\"page\" data-id=\"3980\">1997<\/a> <a href=\"http:\/\/calafat.cat\/index.php\/publicat-a\/el-temps\/\" data-type=\"page\" data-id=\"110\">El Temps<\/a> <a href=\"http:\/\/calafat.cat\/index.php\/per-generes\/poesia\/\" data-type=\"page\" data-id=\"98\">Poesia<\/a><\/figcaption><\/figure>\n<\/div>\n<\/div>\n","protected":false},"excerpt":{"rendered":"<p>EI primer volum d&#8217;aquesta antologia fa pensar que quan l&#8217;obra estiga tota al carrer el lector tindr\u00e0 a les mans l&#8217;antologia general m\u00e9s completa del moment, tant per l&#8217;amplitud de mires i la pres\u00e8ncia generosa de poetes i poemes, com pel fet de posar l&#8217;abast un material de dif\u00edcil acc\u00e9s. El nom de Mart\u00ed de &#8230; <a title=\"Cinc segles de poesia catalana\" class=\"read-more\" href=\"https:\/\/calafat.cat\/index.php\/cinc-segles-de-poesia-catalana\/\" aria-label=\"M\u00e1s en Cinc segles de poesia catalana\">Leer m\u00e1s<\/a><\/p>\n","protected":false},"author":1,"featured_media":0,"parent":0,"menu_order":0,"comment_status":"closed","ping_status":"closed","template":"","meta":{"footnotes":""},"class_list":["post-1962","page","type-page","status-publish"],"_links":{"self":[{"href":"https:\/\/calafat.cat\/index.php\/wp-json\/wp\/v2\/pages\/1962","targetHints":{"allow":["GET"]}}],"collection":[{"href":"https:\/\/calafat.cat\/index.php\/wp-json\/wp\/v2\/pages"}],"about":[{"href":"https:\/\/calafat.cat\/index.php\/wp-json\/wp\/v2\/types\/page"}],"author":[{"embeddable":true,"href":"https:\/\/calafat.cat\/index.php\/wp-json\/wp\/v2\/users\/1"}],"replies":[{"embeddable":true,"href":"https:\/\/calafat.cat\/index.php\/wp-json\/wp\/v2\/comments?post=1962"}],"version-history":[{"count":3,"href":"https:\/\/calafat.cat\/index.php\/wp-json\/wp\/v2\/pages\/1962\/revisions"}],"predecessor-version":[{"id":4276,"href":"https:\/\/calafat.cat\/index.php\/wp-json\/wp\/v2\/pages\/1962\/revisions\/4276"}],"wp:attachment":[{"href":"https:\/\/calafat.cat\/index.php\/wp-json\/wp\/v2\/media?parent=1962"}],"curies":[{"name":"wp","href":"https:\/\/api.w.org\/{rel}","templated":true}]}}

<div class="wp-block-columns alignwide is-layout-flex wp-container-core-columns-is-layout-9d6595d7 wp-block-columns-is-layout-flex">
<div class="wp-block-column is-layout-flow wp-block-column-is-layout-flow" style="flex-basis:50%">
<p>EI primer volum d&#8217;aquesta antologia fa pensar que quan l&#8217;obra estiga tota al carrer el lector tindrà a les mans l&#8217;antologia general més completa del moment, tant per l&#8217;amplitud de mires i la presència generosa de poetes i poemes, com pel fet de posar l&#8217;abast un material de difícil accés.</p>



<p>El nom de Martí de Riquer com a responsable d&#8217;aquest volum és per la sòlida erudició que ha demostrat sempre, una garantia, cosa que es pot confIrmar amb la lectura dels 90 autors seleccionats. L&#8217;encert de Martí de Riquer resideix en la inclusió no solament de poemes escrits en català, sinó també en la recol·lecció d&#8217;una àmplia mostra de poesia escrita per poetes catalans en occità, llatí, hebreu, francès, castellà i italià, amb la corresponent traducció al català.</p>



<p>L&#8217;obra s&#8217;obre al voltant de l&#8217;any 1000, amb un poema de l&#8217;abat Oliva, i es tanca a les acaballes del segle XV, amb un poema en italià de Narcís Vinyoles. Enmig inclou una panoràmica de la millor poesia escrita en aquestes terres. Hi ha els grans noms: Guillem de Berguedà, Cerverí de Girona, Ramon Llull, Anselm Turmeda, Jordi de Sant Jordi, Roís de Corella i Ausiàs Marc. També podem destacar uns delicats versos escrits per unes dames desconegudes, passatges de la traducció de la Comèdia de Dante feta per Andreu Febrer, i, sobretot, els deliciosos versos llatins de l&#8217;Anònim Enamorat de Ripoll i alguns esplèndids poemes hebreus. En unes altres ocasions, el criteri de selecció ha estat la significació històrica, com és el cas, per exemple, del primer sonet en català, escrit per Pere Torroella, o l&#8217;atac de Pero Martines contra un militar castellà en l&#8217;època de la guerra civil del XV. Tot plegat, una variada gamma de temes i estils, de tons i densitats, que mostren la qualitat i l&#8217;evolució de la nostra poesia.</p>



<p>Al marge dels mèrits del llibre, a un lector de València o de les Illes difícilment se li poden escapar les contradiccions que es troben en el criteri de selecció adoptat. S&#8217;hi inclouen autors d&#8217;obra en català, siguen d&#8217;on siguen, però de poemes escrits en altres idiomes només s&#8217;accepten d&#8217;escriptors de Catalunya. Si aquest criteri se seguira en els volums futurs, deixaria fora molts autors valencians i mallorquins. En aquest sentit, la present antologia ha fet un pas endavant, per bé que es queda a mig camí. Un tema pendent que caldria resoldre en un futur.</p>



<p>EL TEMPS, núm. 693, pàg. 70, 29/09/1997 </p>



<p>Descarrega&#8217;t l&#8217;original:&nbsp;<img decoding="async" src="http://calafat.cat/modules/file/icons/application-pdf.png" alt="PDF icon"><a href="http://calafat.cat/sites/default/files/cinc-segles-de-poesia-catalana.pdf">cinc-segles-de-poesia-catalana.pdf</a></p>



<p><a rel="noreferrer noopener" href="http://calafat.cat/#facebook" target="_blank">Facebook</a>&nbsp;<a rel="noreferrer noopener" href="http://calafat.cat/#twitter" target="_blank">Twitter</a>&nbsp;<a href="https://www.addtoany.com/share#url=http%3A%2F%2Fcalafat.cat%2Farticles%2Fcinc-segles-de-poesia-catalana&amp;title=Cinc%20segles%20de%20poesia%20catalana">&nbsp;Comparteix a</a></p>



<p>Articles recents:&nbsp;</p>



<p><a href="http://calafat.cat/index.php/la-bellesa-de-la-convulsio-2/" data-type="page" data-id="2004">La bellesa de la convulsió</a></p>



<p><a href="http://calafat.cat/index.php/una-balena-al-cor-de-la-ciutat-2/" data-type="page" data-id="1659">Una balena al cor de la ciutat</a></p>



<p><a href="http://calafat.cat/index.php/dietari-dues-vides-que-sautoalimenten/" data-type="page" data-id="1611">Dietari: dues vides que s’autoalimenten</a></p>
</div>



<div class="wp-block-column is-layout-flow wp-block-column-is-layout-flow" style="flex-basis:50%">
<figure class="wp-block-image size-full"><img loading="lazy" decoding="async" width="379" height="379" src="http://calafat.cat/wp-content/uploads/2022/05/cinc-segles-de-poesia-catalana-1-1.jpeg" alt="" class="wp-image-4272" srcset="https://calafat.cat/wp-content/uploads/2022/05/cinc-segles-de-poesia-catalana-1-1.jpeg 379w, https://calafat.cat/wp-content/uploads/2022/05/cinc-segles-de-poesia-catalana-1-1-300x300.jpeg 300w, https://calafat.cat/wp-content/uploads/2022/05/cinc-segles-de-poesia-catalana-1-1-150x150.jpeg 150w" sizes="auto, (max-width: 379px) 100vw, 379px" /><figcaption>Portada del llibre<br><br>Antologia de poetes catalans I. Època medieval. Martí de Riquer. Galàxia Gutemberg/Cercle de lectors. Barcelona, 1997. 476 pàgs<br><br>Etiquetes: <a href="http://calafat.cat/index.php/1997-2/" data-type="page" data-id="3980">1997</a> <a href="http://calafat.cat/index.php/publicat-a/el-temps/" data-type="page" data-id="110">El Temps</a> <a href="http://calafat.cat/index.php/per-generes/poesia/" data-type="page" data-id="98">Poesia</a></figcaption></figure>
</div>
</div>

<p>EI primer volum d&#8217;aquesta antologia fa pensar que quan l&#8217;obra estiga tota al carrer el lector tindrà a les mans l&#8217;antologia general més completa del moment, tant per l&#8217;amplitud de mires i la presència generosa de poetes i poemes, com pel fet de posar l&#8217;abast un material de difícil accés. El nom de Martí de &#8230; <a title="Cinc segles de poesia catalana" class="read-more" href="https://calafat.cat/index.php/cinc-segles-de-poesia-catalana/" aria-label="Más en Cinc segles de poesia catalana">Leer más</a></p>
