{"id":1978,"date":"2022-04-30T16:50:56","date_gmt":"2022-04-30T16:50:56","guid":{"rendered":"http:\/\/calafat.cat\/?page_id=1978"},"modified":"2022-05-11T15:59:44","modified_gmt":"2022-05-11T15:59:44","slug":"el-tremolor-del-record-i-la-caricia-2","status":"publish","type":"page","link":"https:\/\/calafat.cat\/index.php\/el-tremolor-del-record-i-la-caricia-2\/","title":{"rendered":"El tremolor del record i la car\u00edcia"},"content":{"rendered":"\n<div class=\"wp-block-columns alignwide is-layout-flex wp-container-core-columns-is-layout-9d6595d7 wp-block-columns-is-layout-flex\">\n<div class=\"wp-block-column is-layout-flow wp-block-column-is-layout-flow\" style=\"flex-basis:50%\">\n<p>El poeta Gaspar Ja\u00e9n, amb senzillesa i sorprenent claredat, parla del temps, de l\u2019amor i de la p\u00e8rdua de les coses estimades en el seu darrer llibre, <em>Del temps present<\/em>, una s\u00edntesi i una ampliaci\u00f3 alhora de les preocupacions ja expressades en llibres anteriors per aquest poeta d\u2019Elx.<\/p>\n\n\n\n<p>En <em>Del temps present<\/em> Gaspar Ja\u00e9n es presenta com un poeta del temps, del temps que fuig, per\u00f2 tamb\u00e9 com un cantor de l&#8217; entusiasme de viure, de la plenitud del m\u00f3n, dels prodigis del m\u00f3n que el poeta contempla com s&#8217;han esva\u00eft o corren el risc de fer-ho. Entre els moments que paga la pena recordar, inevitablement per a l&#8217;autor tenen un lloc especial les viv\u00e8ncies amoroses, perqu\u00e8 la fugacitat del temps hi t\u00e9 expressi\u00f3 privilegiada.<\/p>\n\n\n\n<p><em>Del temps present<\/em> \u00e9s alhora una s\u00edntesi i una ampliaci\u00f3 de les preocupacions anteriors del poeta. Aix\u00ed, trobem poemes amb un aire m\u00edtic que recorden els primers poemes de <em>Cambra de mapes<\/em>, o poemes que parlen de relacions amoroses, de passejos concrets en ciutats concretes. Per\u00f2 ara el sentit de la p\u00e8rdua \u00e9s m\u00e9s profund, m\u00e9s reflexiu, ja siga a trav\u00e9s de la desaparici\u00f3 d&#8217;algun amic, del m\u00f3n familiar o dels efectes del pas del temps en la persona mateixa. Encara que el llibre no siga tan rod\u00f3 com <em>Fragments<\/em>, la maduresa po\u00e8tica de Gaspar Ja\u00e9n \u00e9s molt apreciable, i cal remarcar la pres\u00e8ncia d&#8217;alguns poemes memorables, com ara \u00abA l&#8217;amor d&#8217;ara\u00bb i \u00abPaisatge\u00bb. El goig, l&#8217;enyor, la recan\u00e7a de no haver estimat d&#8217;una altra manera, \u00abla destrucci\u00f3 viva que \u00e9s despr\u00e8n del desig\u201d, la ingratitud d&#8217;algun amant s\u00f3n les diverses cares que donen vida a les situacions amoroses que omplen el llibre. Com altres escriptors -i pense ara en Francisco Brines- que tracten l&#8217;amor amb altres homes, els versos parlen amb una profunda emotivitat de la solitud del poeta, ja que per a ell l\u2019amor nom\u00e9s es pot aconseguir amb la consumaci\u00f3 d&#8217;amors ocasionals, successius.<\/p>\n\n\n\n<p>EL TEMPS, n\u00fam. 734, p\u00e0g. 69, 13\/07\/1998<\/p>\n\n\n\n<p><a rel=\"noreferrer noopener\" href=\"http:\/\/calafat.cat\/#facebook\" target=\"_blank\">Facebook<\/a>\u00a0<a rel=\"noreferrer noopener\" href=\"http:\/\/calafat.cat\/#twitter\" target=\"_blank\">Twitter<\/a>\u00a0<a href=\"https:\/\/www.addtoany.com\/share#url=http%3A%2F%2Fcalafat.cat%2Farticles%2Fel-tremolor-del-record-i-la-caricia&amp;title=El%20tremolor%20del%20record%20i%20la%20car%C3%ADcia\">\u00a0Comparteix a<\/a><\/p>\n\n\n\n<p>Articles recents:\u00a0<\/p>\n\n\n\n<p><a href=\"http:\/\/calafat.cat\/index.php\/el-cami-de-la-poesia-valenciana-dels-setanta-fins-ara\/\" data-type=\"page\" data-id=\"1052\">El cam\u00ed de la poesia valenciana dels setanta fins ara<\/a><\/p>\n\n\n\n<p><a href=\"http:\/\/calafat.cat\/index.php\/pulsions-en-un-moviment-permament\/\" data-type=\"page\" data-id=\"1061\">Pulsions en un moviment permament<\/a><\/p>\n\n\n\n<p><a href=\"http:\/\/calafat.cat\/index.php\/renaixer-de-les-cendres\/\" data-type=\"page\" data-id=\"1067\">Ren\u00e0ixer de les cendres<\/a><\/p>\n<\/div>\n\n\n\n<div class=\"wp-block-column is-layout-flow wp-block-column-is-layout-flow\" style=\"flex-basis:50%\">\n<figure class=\"wp-block-image size-full\"><img loading=\"lazy\" decoding=\"async\" width=\"379\" height=\"284\" src=\"http:\/\/calafat.cat\/wp-content\/uploads\/2022\/05\/el-tremolor-del-record-i-la-cari\u0301cia1.redimensionada-1.jpg\" alt=\"\" class=\"wp-image-2997\" srcset=\"https:\/\/calafat.cat\/wp-content\/uploads\/2022\/05\/el-tremolor-del-record-i-la-cari\u0301cia1.redimensionada-1.jpg 379w, https:\/\/calafat.cat\/wp-content\/uploads\/2022\/05\/el-tremolor-del-record-i-la-cari\u0301cia1.redimensionada-1-300x225.jpg 300w\" sizes=\"auto, (max-width: 379px) 100vw, 379px\" \/><figcaption>Gaspar Ja\u00e9n i Urban. Font: art-things.es<br><br>Del temps present. Gaspar Ja\u00e9n i Urban. Edicions Bromera, Alzira, 1998. 51 p\u00e0gs.<br><br>Etiquetes:\u00a0<a href=\"http:\/\/calafat.cat\/index.php\/1998-2\/\" data-type=\"page\" data-id=\"2609\">1998<\/a> <a href=\"http:\/\/calafat.cat\/index.php\/publicat-a\/el-temps\/\" data-type=\"page\" data-id=\"110\">El Temps<\/a> <a href=\"http:\/\/calafat.cat\/index.php\/per-generes\/poesia\/\" data-type=\"page\" data-id=\"98\">Poesia<\/a><\/figcaption><\/figure>\n<\/div>\n<\/div>\n","protected":false},"excerpt":{"rendered":"<p>El poeta Gaspar Ja\u00e9n, amb senzillesa i sorprenent claredat, parla del temps, de l\u2019amor i de la p\u00e8rdua de les coses estimades en el seu darrer llibre, Del temps present, una s\u00edntesi i una ampliaci\u00f3 alhora de les preocupacions ja expressades en llibres anteriors per aquest poeta d\u2019Elx. En Del temps present Gaspar Ja\u00e9n es &#8230; <a title=\"El tremolor del record i la car\u00edcia\" class=\"read-more\" href=\"https:\/\/calafat.cat\/index.php\/el-tremolor-del-record-i-la-caricia-2\/\" aria-label=\"M\u00e1s en El tremolor del record i la car\u00edcia\">Leer m\u00e1s<\/a><\/p>\n","protected":false},"author":1,"featured_media":0,"parent":0,"menu_order":0,"comment_status":"closed","ping_status":"closed","template":"","meta":{"footnotes":""},"class_list":["post-1978","page","type-page","status-publish"],"_links":{"self":[{"href":"https:\/\/calafat.cat\/index.php\/wp-json\/wp\/v2\/pages\/1978","targetHints":{"allow":["GET"]}}],"collection":[{"href":"https:\/\/calafat.cat\/index.php\/wp-json\/wp\/v2\/pages"}],"about":[{"href":"https:\/\/calafat.cat\/index.php\/wp-json\/wp\/v2\/types\/page"}],"author":[{"embeddable":true,"href":"https:\/\/calafat.cat\/index.php\/wp-json\/wp\/v2\/users\/1"}],"replies":[{"embeddable":true,"href":"https:\/\/calafat.cat\/index.php\/wp-json\/wp\/v2\/comments?post=1978"}],"version-history":[{"count":2,"href":"https:\/\/calafat.cat\/index.php\/wp-json\/wp\/v2\/pages\/1978\/revisions"}],"predecessor-version":[{"id":2999,"href":"https:\/\/calafat.cat\/index.php\/wp-json\/wp\/v2\/pages\/1978\/revisions\/2999"}],"wp:attachment":[{"href":"https:\/\/calafat.cat\/index.php\/wp-json\/wp\/v2\/media?parent=1978"}],"curies":[{"name":"wp","href":"https:\/\/api.w.org\/{rel}","templated":true}]}}