{"id":2112,"date":"2022-05-02T09:01:47","date_gmt":"2022-05-02T09:01:47","guid":{"rendered":"http:\/\/calafat.cat\/?page_id=2112"},"modified":"2022-05-23T09:05:36","modified_gmt":"2022-05-23T09:05:36","slug":"1994-2","status":"publish","type":"page","link":"https:\/\/calafat.cat\/index.php\/1994-2\/","title":{"rendered":"1994"},"content":{"rendered":"\n<p><a href=\"http:\/\/calafat.cat\/index.php\/el-rostre-del-fracas\/\" data-type=\"page\" data-id=\"1132\">El rostre del frac\u00e0s<\/a><\/p>\n\n\n\n<figure class=\"wp-block-image size-full\"><img loading=\"lazy\" decoding=\"async\" width=\"50\" height=\"50\" src=\"http:\/\/calafat.cat\/wp-content\/uploads\/2022\/05\/i.jpeg\" alt=\"\" class=\"wp-image-2113\"\/><\/figure>\n\n\n\n<p>Baltasar Porcel parodia en una novel\u00b7la desbordant,&nbsp;<em>Lola i els peixos morts<\/em>, la vida pol\u00edtica i social des dels anys seixanta en\u00e7\u00e0.<\/p>\n\n\n\n<p><a href=\"http:\/\/calafat.cat\/index.php\/lexaltacio-meditada-dun-artista-2\/\" data-type=\"page\" data-id=\"1136\">L&#8217;exaltaci\u00f3 meditada d&#8217;un artista<\/a><\/p>\n\n\n\n<figure class=\"wp-block-image size-full\"><img loading=\"lazy\" decoding=\"async\" width=\"50\" height=\"28\" src=\"http:\/\/calafat.cat\/wp-content\/uploads\/2022\/05\/ii.jpeg\" alt=\"\" class=\"wp-image-2114\"\/><\/figure>\n\n\n\n<p>Del vendaval que va significar l&#8217;informalisme en els anys de la postguerra, que va obrir nous camins en la pintura, potser en queda poca cosa. En tot cas, pertany a la hist\u00f2ria de la pintura.<\/p>\n\n\n\n<p><a href=\"http:\/\/calafat.cat\/index.php\/lletres-de-batalla-2\/\" data-type=\"page\" data-id=\"1722\">Lletres de batalla<\/a><\/p>\n\n\n\n<figure class=\"wp-block-image size-full\"><img loading=\"lazy\" decoding=\"async\" width=\"50\" height=\"18\" src=\"http:\/\/calafat.cat\/wp-content\/uploads\/2022\/05\/iii.jpeg\" alt=\"\" class=\"wp-image-2115\"\/><\/figure>\n\n\n\n<p>Dos nous llibres que pretenen de desemmascarar els intel\u00b7lectuals integristes en un cas, i les capelletes liter\u00e0ries en I&#8217;altre, de la cultura catalana actual.<\/p>\n\n\n\n<p><a href=\"http:\/\/calafat.cat\/index.php\/memoria-personal-dels-quaranta-2\/\" data-type=\"page\" data-id=\"1870\">Mem\u00f2ria personal dels quaranta<\/a><\/p>\n\n\n\n<figure class=\"wp-block-image size-full\"><img loading=\"lazy\" decoding=\"async\" width=\"50\" height=\"50\" src=\"http:\/\/calafat.cat\/wp-content\/uploads\/2022\/05\/iiii.jpeg\" alt=\"\" class=\"wp-image-2116\"\/><\/figure>\n\n\n\n<p>N\u00e8stor Luj\u00e1n \u00e9s un periodista d&#8217;una curiositat immensa i lectures vastes que ha ficat el nas i la ploma en tots els terrenys possibles, estimulat per la vivesa i ironia que ha caracteritzat tota la seua vida d&#8217;escriptor, i que li ha perm\u00e8s de comprendre qualsevol manifestaci\u00f3 humana.<\/p>\n\n\n\n<p><a href=\"http:\/\/calafat.cat\/index.php\/noves-veus-velles-paraules-2\/\" data-type=\"page\" data-id=\"2012\">Noves veus, velles paraules<\/a><\/p>\n\n\n\n<figure class=\"wp-block-image size-full\"><img loading=\"lazy\" decoding=\"async\" width=\"50\" height=\"39\" src=\"http:\/\/calafat.cat\/wp-content\/uploads\/2022\/05\/iiiii.jpeg\" alt=\"\" class=\"wp-image-2117\"\/><\/figure>\n\n\n\n<p>Des de fa uns anys, la l\u00edrica a Val\u00e8ncia viu uns moments relativament bons, tant pel que fa al to sostingut dels llibres com pel nombre de llibres editats. Hi ha hagut alts i baixos, per\u00f2 a poc a poc, s&#8217;hi ha anat creant un mercat relativament estable.<\/p>\n\n\n\n<p><a href=\"http:\/\/calafat.cat\/index.php\/parlament-de-paper\/\" data-type=\"page\" data-id=\"1210\">Parlament de paper<\/a><\/p>\n\n\n\n<figure class=\"wp-block-image size-full\"><img loading=\"lazy\" decoding=\"async\" width=\"50\" height=\"33\" src=\"http:\/\/calafat.cat\/wp-content\/uploads\/2022\/05\/iiiiii.jpeg\" alt=\"\" class=\"wp-image-2119\"\/><\/figure>\n\n\n\n<p>No \u00e9s gaire freq\u00fcent l&#8217;aparici\u00f3 de col\u00b7leccions de llibres dedicades a barallar-se amb els reptes de cada dia o amb les idees.<\/p>\n\n\n\n<p><a href=\"http:\/\/calafat.cat\/index.php\/poetica-de-la-desolacio-2\/\" data-type=\"page\" data-id=\"1880\">Po\u00e8tica de la desolaci\u00f3<\/a><\/p>\n\n\n\n<figure class=\"wp-block-image size-full\"><img loading=\"lazy\" decoding=\"async\" width=\"50\" height=\"50\" src=\"http:\/\/calafat.cat\/wp-content\/uploads\/2022\/05\/iiiiiii-1.jpeg\" alt=\"\" class=\"wp-image-2120\"\/><\/figure>\n\n\n\n<p>Stephen Crane (1871-1901) hauria aconseguit la fama de Hemingway si haguera viscut m\u00e9s. Mor\u00ed molt jove, despr\u00e9s d&#8217;una agitada carrera com a periodista. Com a narrador va deixar una espl\u00e8ndida novel\u00b7la,&nbsp;<em>El roig emblema del coratge<\/em>, i uns bons contes, entre ells&nbsp;<em>El monstre<\/em>.<\/p>\n\n\n\n<p><a href=\"http:\/\/calafat.cat\/index.php\/velles-paraules-noves-emocions\/\" data-type=\"page\" data-id=\"1214\">Velles paraules, noves emocions<\/a><\/p>\n\n\n\n<figure class=\"wp-block-image size-full\"><img loading=\"lazy\" decoding=\"async\" width=\"50\" height=\"37\" src=\"http:\/\/calafat.cat\/wp-content\/uploads\/2022\/05\/iiiiiiii.jpeg\" alt=\"\" class=\"wp-image-2121\"\/><\/figure>\n\n\n\n<p>Llegir Shakespeare \u00e9s iniciar un viatge que sabem que altres han freq\u00fcentat abans que nosaltres, per\u00f2 que t\u00e9 molt d&#8217;aventura personal, at\u00e8s que \u00e9s invitaci\u00f3 i repte; cada nova visita a les seues obres \u00e9s un nou descobriment, perqu\u00e8 mai no acabem de copsar-ne tota la riquesa.<\/p>\n\n\n\n<p><a href=\"http:\/\/calafat.cat\/index.php\/vida-convulsa-2\/\" data-type=\"page\" data-id=\"1936\">Vida convulsa<\/a><\/p>\n\n\n\n<figure class=\"wp-block-image size-full\"><img loading=\"lazy\" decoding=\"async\" width=\"50\" height=\"50\" src=\"http:\/\/calafat.cat\/wp-content\/uploads\/2022\/05\/iiiiiiiiii.jpeg\" alt=\"\" class=\"wp-image-2122\"\/><\/figure>\n\n\n\n<p>A les acaballes dels anys vint, i de la m\u00e0 de Burnett, va sorgir, dins la novel\u00b7la negra nord-americana, el subg\u00e8nere&nbsp;<em>crook story<\/em>, un corrent novel\u00b7l\u00edstic que prescindia del protagonisme del detectiu i oferia la perspectiva del delinq\u00fcent professional.<\/p>\n","protected":false},"excerpt":{"rendered":"<p>El rostre del frac\u00e0s Baltasar Porcel parodia en una novel\u00b7la desbordant,&nbsp;Lola i els peixos morts, la vida pol\u00edtica i social des dels anys seixanta en\u00e7\u00e0. L&#8217;exaltaci\u00f3 meditada d&#8217;un artista Del vendaval que va significar l&#8217;informalisme en els anys de la postguerra, que va obrir nous camins en la pintura, potser en queda poca cosa. En &#8230; <a title=\"1994\" class=\"read-more\" href=\"https:\/\/calafat.cat\/index.php\/1994-2\/\" aria-label=\"M\u00e1s en 1994\">Leer m\u00e1s<\/a><\/p>\n","protected":false},"author":1,"featured_media":0,"parent":0,"menu_order":0,"comment_status":"closed","ping_status":"closed","template":"","meta":{"footnotes":""},"class_list":["post-2112","page","type-page","status-publish"],"_links":{"self":[{"href":"https:\/\/calafat.cat\/index.php\/wp-json\/wp\/v2\/pages\/2112","targetHints":{"allow":["GET"]}}],"collection":[{"href":"https:\/\/calafat.cat\/index.php\/wp-json\/wp\/v2\/pages"}],"about":[{"href":"https:\/\/calafat.cat\/index.php\/wp-json\/wp\/v2\/types\/page"}],"author":[{"embeddable":true,"href":"https:\/\/calafat.cat\/index.php\/wp-json\/wp\/v2\/users\/1"}],"replies":[{"embeddable":true,"href":"https:\/\/calafat.cat\/index.php\/wp-json\/wp\/v2\/comments?post=2112"}],"version-history":[{"count":5,"href":"https:\/\/calafat.cat\/index.php\/wp-json\/wp\/v2\/pages\/2112\/revisions"}],"predecessor-version":[{"id":4343,"href":"https:\/\/calafat.cat\/index.php\/wp-json\/wp\/v2\/pages\/2112\/revisions\/4343"}],"wp:attachment":[{"href":"https:\/\/calafat.cat\/index.php\/wp-json\/wp\/v2\/media?parent=2112"}],"curies":[{"name":"wp","href":"https:\/\/api.w.org\/{rel}","templated":true}]}}