{"id":3892,"date":"2022-05-18T15:17:00","date_gmt":"2022-05-18T15:17:00","guid":{"rendered":"http:\/\/calafat.cat\/?page_id=3892"},"modified":"2022-05-18T15:26:26","modified_gmt":"2022-05-18T15:26:26","slug":"ferran-torrent","status":"publish","type":"page","link":"https:\/\/calafat.cat\/index.php\/ferran-torrent\/","title":{"rendered":"Ferran Torrent"},"content":{"rendered":"\n<p><a href=\"http:\/\/calafat.cat\/index.php\/entrevista-a-ferran-torrent-necessite-un-argument-necessite-uns-personatges-em-cal-que-els-personatges-estiguen-connectats-a-la-vida-em-cal-que-el-lector-senta-la-mateixa-passio-al-llegir\/\" data-type=\"page\" data-id=\"1500\">Entrevista a Ferran Torrent: \u201cNecessite un argument, necessite uns personatges, em cal que els personatges estiguen connectats a la vida, em cal que el lector senta la mateixa passi\u00f3 al llegir que jo tinc a escriure\u201d<\/a><\/p>\n\n\n\n<figure class=\"wp-block-image size-full\"><img loading=\"lazy\" decoding=\"async\" width=\"50\" height=\"50\" src=\"http:\/\/calafat.cat\/wp-content\/uploads\/2022\/05\/entrevista-a-ferran-torrent-2-1.jpeg\" alt=\"\" class=\"wp-image-3896\" title=\"Francesc Calafat i Ferran Torrent. Fotografia: Jes\u00fas Ciscar\"\/><\/figure>\n\n\n\n<p>A prop\u00f2sit de la jornada sobre l\u2019obra de Ferran Torrent, entrevistem l\u2019autor amb la finalitat que ens parle directament sobre el seu univers narratiu, sobre l\u2019evoluci\u00f3 de la seua obra i els neguits i afanys literaris que li preocupen en el present.<\/p>\n\n\n\n<p><a href=\"http:\/\/calafat.cat\/index.php\/espies-a-la-valencia-de-postguerra\/\" data-type=\"page\" data-id=\"1528\">Espies a la Val\u00e8ncia de postguerra<\/a><\/p>\n\n\n\n<figure class=\"wp-block-image size-full\"><img loading=\"lazy\" decoding=\"async\" width=\"50\" height=\"50\" src=\"http:\/\/calafat.cat\/wp-content\/uploads\/2022\/05\/espies-a-la-valencia-de-postguerra1.jpeg\" alt=\"\" class=\"wp-image-3897\" title=\"Portada del llibre\"\/><\/figure>\n\n\n\n<p>Des de fa uns anys a Ferran Torrent el tempta la trama internacional. La va iniciar per mitj\u00e0 d\u2019un excombatent de l\u2019IRA i d\u2019un comando del Mossad que aterraren a Val\u00e8ncia.<\/p>\n\n\n\n<p><a href=\"http:\/\/calafat.cat\/index.php\/propostes-didactiques-per-a-ombres-en-la-nit\/\" data-type=\"page\" data-id=\"1596\">Propostes did\u00e0ctiques per a \u00abOmbres en la nit\u00bb<\/a><\/p>\n\n\n\n<figure class=\"wp-block-image size-full\"><img loading=\"lazy\" decoding=\"async\" width=\"50\" height=\"50\" src=\"http:\/\/calafat.cat\/wp-content\/uploads\/2022\/05\/espies-a-la-valencia-de-postguerra1-1.jpeg\" alt=\"\" class=\"wp-image-3898\" title=\"Portada del llibre\"\/><\/figure>\n\n\n\n<p>INTRODUCCI\u00d3<br>Per a aprofundir en l\u2019obra i que la lectura resulte m\u00e9s suggeridora et plantegem tot un seguit de propostes obertes, canviables i modificables segons els nivells educatius, els<br><\/p>\n\n\n\n<p><a href=\"http:\/\/calafat.cat\/index.php\/quan-el-somni-era-la-vida-2\/\" data-type=\"page\" data-id=\"1890\">Quan el somni era la vida<\/a><\/p>\n\n\n\n<figure class=\"wp-block-image size-full\"><img loading=\"lazy\" decoding=\"async\" width=\"50\" height=\"50\" src=\"http:\/\/calafat.cat\/wp-content\/uploads\/2022\/05\/quan-el-somni-era-la-vida-1.jpeg\" alt=\"\" class=\"wp-image-3899\" title=\"Portada del llibre\"\/><\/figure>\n\n\n\n<p>En els darrers temps la hist\u00f2ria s\u2019ha accelerat tant que ha trastocat profundament la vida dels homes, ja que abans \u2014si m\u00e9s no, ho pensem\u2014 entre mort i vida podia passar un per\u00edode d\u2019hist\u00f2ria; ara, vivim transportats per dos o m\u00e9s. Aquest \u00e9s el repte de Ferran Torrent en Bulevard dels Francesos.<\/p>\n\n\n\n<p><a href=\"http:\/\/calafat.cat\/index.php\/una-valencia-oberta-en-canal-2\/\" data-type=\"page\" data-id=\"1661\">Una Val\u00e8ncia oberta en canal<\/a><\/p>\n\n\n\n<figure class=\"wp-block-image size-full\"><img loading=\"lazy\" decoding=\"async\" width=\"50\" height=\"33\" src=\"http:\/\/calafat.cat\/wp-content\/uploads\/2022\/05\/una-valencia-oberta-en-canal.jpeg\" alt=\"\" class=\"wp-image-3900\" title=\"Ferran Torrent. Fotografia: Daniel Garcia-Sala. Font: lavanguardia.com\"\/><\/figure>\n\n\n\n<p>Ferran Torrent l\u2019any 2011 f\u00e9u una parada en la l\u00ednia narrativa encetada amb la trilogia que obria\u00a0<em>Societat limitada<\/em>\u00a0(2002), alguns aspectes de la qual s\u2019eixamplaven en\u00a0<em>Bulevard dels francesos<\/em>\u00a0(2010).<\/p>\n\n\n\n<p><a href=\"http:\/\/calafat.cat\/index.php\/viure-en-direccio-contraria-2\/\" data-type=\"page\" data-id=\"1944\">Viure en direcci\u00f3 contr\u00e0ria<\/a><\/p>\n\n\n\n<figure class=\"wp-block-image size-full\"><img loading=\"lazy\" decoding=\"async\" width=\"50\" height=\"50\" src=\"http:\/\/calafat.cat\/wp-content\/uploads\/2022\/05\/viure-en-direccio-contraria-1-1.jpeg\" alt=\"\" class=\"wp-image-3901\" title=\"Portada del llibre\"\/><\/figure>\n\n\n\n<p>Ferran Torrent \u00e9s avui, sense cap mena de dubte, l\u2019escriptor m\u00e9s popular de la literatura en llengua catalana i ha convertit la Val\u00e8ncia contempor\u00e0nia, o si m\u00e9s no una determinada visi\u00f3, en un dels imaginaris literaris m\u00e9s actuals i coneguts pels lectors, especialment del Principat, on el novel\u00b7l<\/p>\n","protected":false},"excerpt":{"rendered":"<p>Entrevista a Ferran Torrent: \u201cNecessite un argument, necessite uns personatges, em cal que els personatges estiguen connectats a la vida, em cal que el lector senta la mateixa passi\u00f3 al llegir que jo tinc a escriure\u201d A prop\u00f2sit de la jornada sobre l\u2019obra de Ferran Torrent, entrevistem l\u2019autor amb la finalitat que ens parle directament &#8230; <a title=\"Ferran Torrent\" class=\"read-more\" href=\"https:\/\/calafat.cat\/index.php\/ferran-torrent\/\" aria-label=\"M\u00e1s en Ferran Torrent\">Leer m\u00e1s<\/a><\/p>\n","protected":false},"author":1,"featured_media":0,"parent":0,"menu_order":0,"comment_status":"closed","ping_status":"closed","template":"","meta":{"footnotes":""},"class_list":["post-3892","page","type-page","status-publish"],"_links":{"self":[{"href":"https:\/\/calafat.cat\/index.php\/wp-json\/wp\/v2\/pages\/3892","targetHints":{"allow":["GET"]}}],"collection":[{"href":"https:\/\/calafat.cat\/index.php\/wp-json\/wp\/v2\/pages"}],"about":[{"href":"https:\/\/calafat.cat\/index.php\/wp-json\/wp\/v2\/types\/page"}],"author":[{"embeddable":true,"href":"https:\/\/calafat.cat\/index.php\/wp-json\/wp\/v2\/users\/1"}],"replies":[{"embeddable":true,"href":"https:\/\/calafat.cat\/index.php\/wp-json\/wp\/v2\/comments?post=3892"}],"version-history":[{"count":2,"href":"https:\/\/calafat.cat\/index.php\/wp-json\/wp\/v2\/pages\/3892\/revisions"}],"predecessor-version":[{"id":3902,"href":"https:\/\/calafat.cat\/index.php\/wp-json\/wp\/v2\/pages\/3892\/revisions\/3902"}],"wp:attachment":[{"href":"https:\/\/calafat.cat\/index.php\/wp-json\/wp\/v2\/media?parent=3892"}],"curies":[{"name":"wp","href":"https:\/\/api.w.org\/{rel}","templated":true}]}}