{"id":4249,"date":"2022-05-19T15:40:44","date_gmt":"2022-05-19T15:40:44","guid":{"rendered":"http:\/\/calafat.cat\/?page_id=4249"},"modified":"2022-05-19T15:42:01","modified_gmt":"2022-05-19T15:42:01","slug":"ruben-luzon","status":"publish","type":"page","link":"https:\/\/calafat.cat\/index.php\/ruben-luzon\/","title":{"rendered":"Rub\u00e9n Luzon"},"content":{"rendered":"\n<p><a href=\"http:\/\/calafat.cat\/index.php\/rabia-en-la-poesia-mes-jove\/\" data-type=\"page\" data-id=\"1455\">R\u00e0bia en la poesia m\u00e9s jove<\/a><\/p>\n\n\n\n<figure class=\"wp-block-image size-full\"><img loading=\"lazy\" decoding=\"async\" width=\"50\" height=\"35\" src=\"http:\/\/calafat.cat\/wp-content\/uploads\/2022\/05\/rabia-en-la-poesia-mes-jove-1.jpeg\" alt=\"\" class=\"wp-image-4252\" title=\"Portades dels llibres\"\/><\/figure>\n\n\n\n<p>Rub\u00e9n Luz\u00f3n (Val\u00e8ncia, 1982) proposa amb fermesa fer-se un espai en l\u2019\u00e0mbit de la poesia en catal\u00e0. La seua escriptura \u00e9s arriscada i demana al lector que s\u2019implique a fons per entendre i no perdre\u2019s en el laberint del seu univers.<\/p>\n\n\n\n<p><a href=\"http:\/\/calafat.cat\/index.php\/ruben-luzon-les-raons-duna-poetica-2\/\" data-type=\"page\" data-id=\"2020\">Rub\u00e9n Luz\u00f3n: les raons d\u2019una po\u00e8tica<\/a><\/p>\n\n\n\n<figure class=\"wp-block-image size-full\"><img loading=\"lazy\" decoding=\"async\" width=\"50\" height=\"35\" src=\"http:\/\/calafat.cat\/wp-content\/uploads\/2022\/05\/ruben-luzon-les-raons-d-una-poetica_0.jpeg\" alt=\"\" class=\"wp-image-4253\" title=\"Rub\u00e9n Luz\u00f3n. Font: bromera.com\"\/><\/figure>\n\n\n\n<p>Rub\u00e9n Luz\u00f3n, nascut a Val\u00e8ncia el 1982, amb nom\u00e9s dos llibres \u00e9s una de les veus m\u00e9s singulars de la darrera fornada de poetes dels Pa\u00eds Valenci\u00e0 (Eduard Marco, Isabel Garcia Canet, \u00c0ngels Gregori, entre d\u2019altres).<\/p>\n","protected":false},"excerpt":{"rendered":"<p>R\u00e0bia en la poesia m\u00e9s jove Rub\u00e9n Luz\u00f3n (Val\u00e8ncia, 1982) proposa amb fermesa fer-se un espai en l\u2019\u00e0mbit de la poesia en catal\u00e0. La seua escriptura \u00e9s arriscada i demana al lector que s\u2019implique a fons per entendre i no perdre\u2019s en el laberint del seu univers. Rub\u00e9n Luz\u00f3n: les raons d\u2019una po\u00e8tica Rub\u00e9n Luz\u00f3n, &#8230; <a title=\"Rub\u00e9n Luzon\" class=\"read-more\" href=\"https:\/\/calafat.cat\/index.php\/ruben-luzon\/\" aria-label=\"M\u00e1s en Rub\u00e9n Luzon\">Leer m\u00e1s<\/a><\/p>\n","protected":false},"author":1,"featured_media":0,"parent":0,"menu_order":0,"comment_status":"closed","ping_status":"closed","template":"","meta":{"footnotes":""},"class_list":["post-4249","page","type-page","status-publish"],"_links":{"self":[{"href":"https:\/\/calafat.cat\/index.php\/wp-json\/wp\/v2\/pages\/4249","targetHints":{"allow":["GET"]}}],"collection":[{"href":"https:\/\/calafat.cat\/index.php\/wp-json\/wp\/v2\/pages"}],"about":[{"href":"https:\/\/calafat.cat\/index.php\/wp-json\/wp\/v2\/types\/page"}],"author":[{"embeddable":true,"href":"https:\/\/calafat.cat\/index.php\/wp-json\/wp\/v2\/users\/1"}],"replies":[{"embeddable":true,"href":"https:\/\/calafat.cat\/index.php\/wp-json\/wp\/v2\/comments?post=4249"}],"version-history":[{"count":2,"href":"https:\/\/calafat.cat\/index.php\/wp-json\/wp\/v2\/pages\/4249\/revisions"}],"predecessor-version":[{"id":4254,"href":"https:\/\/calafat.cat\/index.php\/wp-json\/wp\/v2\/pages\/4249\/revisions\/4254"}],"wp:attachment":[{"href":"https:\/\/calafat.cat\/index.php\/wp-json\/wp\/v2\/media?parent=4249"}],"curies":[{"name":"wp","href":"https:\/\/api.w.org\/{rel}","templated":true}]}}