{"id":4284,"date":"2022-05-19T16:01:35","date_gmt":"2022-05-19T16:01:35","guid":{"rendered":"http:\/\/calafat.cat\/?page_id=4284"},"modified":"2022-05-19T16:02:28","modified_gmt":"2022-05-19T16:02:28","slug":"antonio-tabucchi","status":"publish","type":"page","link":"https:\/\/calafat.cat\/index.php\/antonio-tabucchi\/","title":{"rendered":"Antonio Tabucchi"},"content":{"rendered":"\n<p><a href=\"http:\/\/calafat.cat\/index.php\/el-rostre-ocult-de-lestat\/\" data-type=\"page\" data-id=\"1021\">El rostre ocult de l&#8217;Estat<\/a><\/p>\n\n\n\n<figure class=\"wp-block-image size-full\"><img loading=\"lazy\" decoding=\"async\" width=\"50\" height=\"28\" src=\"http:\/\/calafat.cat\/wp-content\/uploads\/2022\/05\/el-rostre-ocult-de-l-estat-2-1.jpeg\" alt=\"\" class=\"wp-image-4288\" title=\"Antonio Tabucchi. Fotografia: In\u00e9s Baucells. Font: abc.es\"\/><\/figure>\n\n\n\n<p>Un cap tallat als afores de Porto. Un gitano vell que el troba. Un periodista jove que treballa per a un peri\u00f2dic popular malgrat tenir inquietuds liter\u00e0ries. Un advocat defensor dels pobres.<\/p>\n\n\n\n<p><a href=\"http:\/\/calafat.cat\/index.php\/les-travessies-nocturnes\/\" data-type=\"page\" data-id=\"1240\">Les travessies nocturnes<\/a><\/p>\n\n\n\n<figure class=\"wp-block-image size-full\"><img loading=\"lazy\" decoding=\"async\" width=\"50\" height=\"28\" src=\"http:\/\/calafat.cat\/wp-content\/uploads\/2022\/05\/el-rostre-ocult-de-l-estat-2-2.jpeg\" alt=\"\" class=\"wp-image-4289\" title=\"Antonio Tabucchi. Fotografia: In\u00e9s Baucells. Font: abc.es\"\/><\/figure>\n\n\n\n<p>Tabucchi presenta en el seu \u00faltim llibre&nbsp;<em>Somnis de somnis. Els tres \u00faltims dies de Fernando Pessoa<\/em>, uns relats plens de m\u00e0gia i passi\u00f3 per la literatura.<\/p>\n","protected":false},"excerpt":{"rendered":"<p>El rostre ocult de l&#8217;Estat Un cap tallat als afores de Porto. Un gitano vell que el troba. Un periodista jove que treballa per a un peri\u00f2dic popular malgrat tenir inquietuds liter\u00e0ries. Un advocat defensor dels pobres. Les travessies nocturnes Tabucchi presenta en el seu \u00faltim llibre&nbsp;Somnis de somnis. Els tres \u00faltims dies de Fernando &#8230; <a title=\"Antonio Tabucchi\" class=\"read-more\" href=\"https:\/\/calafat.cat\/index.php\/antonio-tabucchi\/\" aria-label=\"M\u00e1s en Antonio Tabucchi\">Leer m\u00e1s<\/a><\/p>\n","protected":false},"author":1,"featured_media":0,"parent":0,"menu_order":0,"comment_status":"closed","ping_status":"closed","template":"","meta":{"footnotes":""},"class_list":["post-4284","page","type-page","status-publish"],"_links":{"self":[{"href":"https:\/\/calafat.cat\/index.php\/wp-json\/wp\/v2\/pages\/4284","targetHints":{"allow":["GET"]}}],"collection":[{"href":"https:\/\/calafat.cat\/index.php\/wp-json\/wp\/v2\/pages"}],"about":[{"href":"https:\/\/calafat.cat\/index.php\/wp-json\/wp\/v2\/types\/page"}],"author":[{"embeddable":true,"href":"https:\/\/calafat.cat\/index.php\/wp-json\/wp\/v2\/users\/1"}],"replies":[{"embeddable":true,"href":"https:\/\/calafat.cat\/index.php\/wp-json\/wp\/v2\/comments?post=4284"}],"version-history":[{"count":3,"href":"https:\/\/calafat.cat\/index.php\/wp-json\/wp\/v2\/pages\/4284\/revisions"}],"predecessor-version":[{"id":4290,"href":"https:\/\/calafat.cat\/index.php\/wp-json\/wp\/v2\/pages\/4284\/revisions\/4290"}],"wp:attachment":[{"href":"https:\/\/calafat.cat\/index.php\/wp-json\/wp\/v2\/media?parent=4284"}],"curies":[{"name":"wp","href":"https:\/\/api.w.org\/{rel}","templated":true}]}}