{"id":73,"date":"2022-03-23T09:29:09","date_gmt":"2022-03-23T09:29:09","guid":{"rendered":"http:\/\/calafat.cat\/?page_id=73"},"modified":"2022-05-11T09:56:10","modified_gmt":"2022-05-11T09:56:10","slug":"camp-de-mines","status":"publish","type":"page","link":"https:\/\/calafat.cat\/index.php\/l-autor\/ressenyes\/camp-de-mines\/","title":{"rendered":"Camp de mines"},"content":{"rendered":"\n<p><a href=\"http:\/\/calafat.cat\/index.php\/francesc-calafat-els-critics-de-catalunya-no-han-valorat-prou-be-la-poesia-del-pais-valencia\/\" data-type=\"URL\" data-id=\"http:\/\/calafat.cat\/index.php\/francesc-calafat-els-critics-de-catalunya-no-han-valorat-prou-be-la-poesia-del-pais-valencia\/\">Francesc Calafat: \u00abEls cr\u00edtics de Catalunya no han valorat prou b\u00e9 la poesia del Pa\u00eds Valenci\u00e0\u00bb<\/a><\/p>\n\n\n\n<figure class=\"wp-block-image size-full\"><img loading=\"lazy\" decoding=\"async\" width=\"46\" height=\"50\" src=\"http:\/\/calafat.cat\/wp-content\/uploads\/2022\/03\/els-cri\u0301tics-de-catalunya-no-han-valorat-prou-be-la-poesia-del-pais-valencia.jpeg\" alt=\"\" class=\"wp-image-117\"\/><\/figure>\n\n\n\n<p>Francesc Calafat, professor de catal\u00e0 a l&#8217;institut de batxillerat Benlliure, de Val\u00e8ncia, ha publicat a Edicions de la Guerra, l&#8217;editorial de Vicent Berenguer, l&#8217;antologia <em>Camp de mines. Poesia catalana del Pa\u00eds Valenci\u00e0, 1980-1990<\/em>.<\/p>\n\n\n\n<p><a href=\"http:\/\/calafat.cat\/index.php\/poesia-dels-80-al-pais-valencia\/\" data-type=\"URL\" data-id=\"http:\/\/calafat.cat\/index.php\/poesia-dels-80-al-pais-valencia\/\">Poesia dels 80 al Pa\u00eds Valenci\u00e0<\/a><\/p>\n\n\n\n<figure class=\"wp-block-image size-full\"><img loading=\"lazy\" decoding=\"async\" width=\"47\" height=\"50\" src=\"http:\/\/calafat.cat\/wp-content\/uploads\/2022\/03\/camp-de-mines-portada.redimensionada_0-1.png\" alt=\"\" class=\"wp-image-118\"\/><\/figure>\n\n\n\n<p>A principis dels vuitanta les antologies d&#8217;Altai\u00f3\/Sala-Valldaura i de Marco\/Pont van intentar explicar el fenomen en ple apogeu de la darrera poesia catalana i sistematitzar-ne els principals corrents en un moment d&#8217;euf\u00f2ria que es manifestava en l&#8217;eclecticisme de les propostes i l&#8217;abund\u00e0ncia de n<\/p>\n\n\n\n<p><a href=\"http:\/\/calafat.cat\/index.php\/una-antologia-sobre-poesia-valenciana-de-los-ochenta-desata-la-polemica-entre-escritores\/\" data-type=\"URL\" data-id=\"http:\/\/calafat.cat\/index.php\/una-antologia-sobre-poesia-valenciana-de-los-ochenta-desata-la-polemica-entre-escritores\/\">Una antologia sobre poesia valenciana de los ochenta desata la pol\u00e9mica entre escritores<\/a><\/p>\n\n\n\n<figure class=\"wp-block-image size-full\"><img loading=\"lazy\" decoding=\"async\" width=\"50\" height=\"38\" src=\"http:\/\/calafat.cat\/wp-content\/uploads\/2022\/03\/mateo-gamon-camp-de-mines.redimensionada-1.png\" alt=\"\" class=\"wp-image-119\"\/><\/figure>\n\n\n\n<p>Cr\u00edticas y descalificaciones durante la presentaci\u00f3n del libro \u00abCamp de mines\u00bb de Calafat<\/p>\n","protected":false},"excerpt":{"rendered":"<p>Francesc Calafat: \u00abEls cr\u00edtics de Catalunya no han valorat prou b\u00e9 la poesia del Pa\u00eds Valenci\u00e0\u00bb Francesc Calafat, professor de catal\u00e0 a l&#8217;institut de batxillerat Benlliure, de Val\u00e8ncia, ha publicat a Edicions de la Guerra, l&#8217;editorial de Vicent Berenguer, l&#8217;antologia Camp de mines. Poesia catalana del Pa\u00eds Valenci\u00e0, 1980-1990. Poesia dels 80 al Pa\u00eds Valenci\u00e0 &#8230; <a title=\"Camp de mines\" class=\"read-more\" href=\"https:\/\/calafat.cat\/index.php\/l-autor\/ressenyes\/camp-de-mines\/\" aria-label=\"M\u00e1s en Camp de mines\">Leer m\u00e1s<\/a><\/p>\n","protected":false},"author":1,"featured_media":0,"parent":69,"menu_order":0,"comment_status":"closed","ping_status":"closed","template":"","meta":{"footnotes":""},"class_list":["post-73","page","type-page","status-publish"],"_links":{"self":[{"href":"https:\/\/calafat.cat\/index.php\/wp-json\/wp\/v2\/pages\/73","targetHints":{"allow":["GET"]}}],"collection":[{"href":"https:\/\/calafat.cat\/index.php\/wp-json\/wp\/v2\/pages"}],"about":[{"href":"https:\/\/calafat.cat\/index.php\/wp-json\/wp\/v2\/types\/page"}],"author":[{"embeddable":true,"href":"https:\/\/calafat.cat\/index.php\/wp-json\/wp\/v2\/users\/1"}],"replies":[{"embeddable":true,"href":"https:\/\/calafat.cat\/index.php\/wp-json\/wp\/v2\/comments?post=73"}],"version-history":[{"count":5,"href":"https:\/\/calafat.cat\/index.php\/wp-json\/wp\/v2\/pages\/73\/revisions"}],"predecessor-version":[{"id":2755,"href":"https:\/\/calafat.cat\/index.php\/wp-json\/wp\/v2\/pages\/73\/revisions\/2755"}],"up":[{"embeddable":true,"href":"https:\/\/calafat.cat\/index.php\/wp-json\/wp\/v2\/pages\/69"}],"wp:attachment":[{"href":"https:\/\/calafat.cat\/index.php\/wp-json\/wp\/v2\/media?parent=73"}],"curies":[{"name":"wp","href":"https:\/\/api.w.org\/{rel}","templated":true}]}}